{"id":10,"date":"2017-07-18T16:45:24","date_gmt":"2017-07-18T14:45:24","guid":{"rendered":"http:\/\/ses-lfz.ch\/sesnet\/?page_id=10"},"modified":"2019-05-14T09:51:22","modified_gmt":"2019-05-14T07:51:22","slug":"seconde-1-ses","status":"publish","type":"page","link":"http:\/\/ses-lfz.ch\/sesnet\/seconde-1-ses\/","title":{"rendered":"Seconde SES"},"content":{"rendered":"<p><a href=\"http:\/\/ses-lfz.ch\/sesnet\/wp-content\/uploads\/2017\/07\/Le-programme-de-SES-en-classe-de-seconde.pdf\">Le programme de SES en classe de seconde<\/a><\/p>\n<p><strong>Th\u00e8me I\u00a0 : M\u00e9nages et consommation<\/strong><\/p>\n<p><a href=\"http:\/\/ses-lfz.ch\/sesnet\/seconde-1-ses\/chapitre-1-comment-les-revenus-et-les-prix-influencent-ils-les-choix-des-consommateurs\/\">Chapitre 1 : Comment les revenus et les prix influencent-ils les choix des consommateurs ?<\/a><\/p>\n<p><a href=\"http:\/\/ses-lfz.ch\/sesnet\/seconde-1-ses\/chapitre-2-la-consommation-un-marqueur-social\/\">Chapitre 2 : La consommation : un marqueur social ?<\/a><\/p>\n<p><strong>Th\u00e8me II\u00a0 : Entreprises et production<\/strong><\/p>\n<p><a href=\"http:\/\/ses-lfz.ch\/sesnet\/seconde-1-ses\/chapitre-3-qui-produit-des-richesses\/\">Chapitre 3 : Qui produit des richesses ?<\/a><\/p>\n<p><a href=\"http:\/\/ses-lfz.ch\/sesnet\/seconde-1-ses\/chapitre-4-produire-combien-produire\/\">Chapitre 4 : Comment produire et combien produire ?<\/a><\/p>\n<p><strong>Th\u00e8me III. March\u00e9s et prix<\/strong><\/p>\n<p><a href=\"http:\/\/ses-lfz.ch\/sesnet\/chapitre-4-comment-se-forment-les-prix-sur-un-marche\/\">Chapitre 4 : Comment se forment les prix sur un march\u00e9 ?<\/a><\/p>\n<p><a href=\"http:\/\/ses-lfz.ch\/sesnet\/chapitre-5-la-pollution-comment-remedier-aux-limites-du-marche\/\">Chapitre 5 : La pollution : comment rem\u00e9dier aux limites du march\u00e9 ?<\/a><\/p>\n<p><strong>Th\u00e8me IV. Formation et emploi<\/strong><\/p>\n<p><a href=\"http:\/\/ses-lfz.ch\/sesnet\/seconde-1-ses\/chapitre-6-le-diplome-un-passeport-pour-lemploi\/\">Chapitre 6 : Le dipl\u00f4me : un passeport pour l\u2019emploi ?<\/a><\/p>\n<p>Chapitre 7 :Le ch\u00f4mage : des co\u00fbts salariaux trop \u00e9lev\u00e9s ou une insuffisance de la demande ?<\/p>\n<p><strong>Th\u00e8me V. Individus et cultures<\/strong><\/p>\n<p><a href=\"http:\/\/ses-lfz.ch\/sesnet\/chapitre-8-comment-devenons-nous-des-acteurs-sociaux\/\">Chapitre 8 : Comment devenons-nous des acteurs sociaux ?<\/a><\/p>\n<p>Chapitre 9 : Comment expliquer les diff\u00e9rences de pratiques culturelles ?<\/p>\n","protected":false},"excerpt":{"rendered":"<p>Le programme de SES en classe de seconde Th\u00e8me I\u00a0 : M\u00e9nages et consommation Chapitre 1 : Comment les revenus et les prix influencent-ils les choix des consommateurs ? Chapitre 2 : La consommation : un marqueur social ? Th\u00e8me II\u00a0 : Entreprises et production Chapitre 3 : Qui produit des richesses ? Chapitre 4 [&hellip;]<\/p>\n","protected":false},"author":1,"featured_media":0,"parent":0,"menu_order":0,"comment_status":"closed","ping_status":"closed","template":"","meta":{"footnotes":""},"_links":{"self":[{"href":"http:\/\/ses-lfz.ch\/sesnet\/wp-json\/wp\/v2\/pages\/10"}],"collection":[{"href":"http:\/\/ses-lfz.ch\/sesnet\/wp-json\/wp\/v2\/pages"}],"about":[{"href":"http:\/\/ses-lfz.ch\/sesnet\/wp-json\/wp\/v2\/types\/page"}],"author":[{"embeddable":true,"href":"http:\/\/ses-lfz.ch\/sesnet\/wp-json\/wp\/v2\/users\/1"}],"replies":[{"embeddable":true,"href":"http:\/\/ses-lfz.ch\/sesnet\/wp-json\/wp\/v2\/comments?post=10"}],"version-history":[{"count":15,"href":"http:\/\/ses-lfz.ch\/sesnet\/wp-json\/wp\/v2\/pages\/10\/revisions"}],"predecessor-version":[{"id":1368,"href":"http:\/\/ses-lfz.ch\/sesnet\/wp-json\/wp\/v2\/pages\/10\/revisions\/1368"}],"wp:attachment":[{"href":"http:\/\/ses-lfz.ch\/sesnet\/wp-json\/wp\/v2\/media?parent=10"}],"curies":[{"name":"wp","href":"https:\/\/api.w.org\/{rel}","templated":true}]}}

<p><a href="http://ses-lfz.ch/sesnet/wp-content/uploads/2017/07/Le-programme-de-SES-en-classe-de-seconde.pdf">Le programme de SES en classe de seconde</a></p>
<p><strong>Thème I  : Ménages et consommation</strong></p>
<p><a href="http://ses-lfz.ch/sesnet/seconde-1-ses/chapitre-1-comment-les-revenus-et-les-prix-influencent-ils-les-choix-des-consommateurs/">Chapitre 1 : Comment les revenus et les prix influencent-ils les choix des consommateurs ?</a></p>
<p><a href="http://ses-lfz.ch/sesnet/seconde-1-ses/chapitre-2-la-consommation-un-marqueur-social/">Chapitre 2 : La consommation : un marqueur social ?</a></p>
<p><strong>Thème II  : Entreprises et production</strong></p>
<p><a href="http://ses-lfz.ch/sesnet/seconde-1-ses/chapitre-3-qui-produit-des-richesses/">Chapitre 3 : Qui produit des richesses ?</a></p>
<p><a href="http://ses-lfz.ch/sesnet/seconde-1-ses/chapitre-4-produire-combien-produire/">Chapitre 4 : Comment produire et combien produire ?</a></p>
<p><strong>Thème III. Marchés et prix</strong></p>
<p><a href="http://ses-lfz.ch/sesnet/chapitre-4-comment-se-forment-les-prix-sur-un-marche/">Chapitre 4 : Comment se forment les prix sur un marché ?</a></p>
<p><a href="http://ses-lfz.ch/sesnet/chapitre-5-la-pollution-comment-remedier-aux-limites-du-marche/">Chapitre 5 : La pollution : comment remédier aux limites du marché ?</a></p>
<p><strong>Thème IV. Formation et emploi</strong></p>
<p><a href="http://ses-lfz.ch/sesnet/seconde-1-ses/chapitre-6-le-diplome-un-passeport-pour-lemploi/">Chapitre 6 : Le diplôme : un passeport pour l’emploi ?</a></p>
<p>Chapitre 7 :Le chômage : des coûts salariaux trop élevés ou une insuffisance de la demande ?</p>
<p><strong>Thème V. Individus et cultures</strong></p>
<p><a href="http://ses-lfz.ch/sesnet/chapitre-8-comment-devenons-nous-des-acteurs-sociaux/">Chapitre 8 : Comment devenons-nous des acteurs sociaux ?</a></p>
<p>Chapitre 9 : Comment expliquer les différences de pratiques culturelles ?</p>

<p>Le programme de SES en classe de seconde Thème I  : Ménages et consommation Chapitre 1 : Comment les revenus et les prix influencent-ils les choix des consommateurs ? Chapitre 2 : La consommation : un marqueur social ? Thème II  : Entreprises et production Chapitre 3 : Qui produit des richesses ? Chapitre 4 [&hellip;]</p>
