{"id":113,"date":"2017-07-18T20:54:09","date_gmt":"2017-07-18T18:54:09","guid":{"rendered":"http:\/\/ses-lfz.ch\/sesnet\/?page_id=113"},"modified":"2018-05-14T22:11:49","modified_gmt":"2018-05-14T20:11:49","slug":"chapitre-9-controle-social-et-deviance","status":"publish","type":"page","link":"http:\/\/ses-lfz.ch\/sesnet\/premiere-es\/chapitre-9-controle-social-et-deviance\/","title":{"rendered":"Chapitre 9 : Contr\u00f4le social et d\u00e9viance"},"content":{"rendered":"<p><a href=\"http:\/\/ses-lfz.ch\/sesnet\/premiere-es\/chapitre-9-controle-social-et-deviance\/ce-que-dit-le-programme\/\">Ce que dit le programme<\/a><\/p>\n<p><strong>Ressources vid\u00e9os :<br \/>\n<\/strong><\/p>\n<p>Vid\u00e9o 1 : Comment le contr\u00f4le social s&rsquo;exerce-t-il ?<\/p>\n<p><iframe loading=\"lazy\" src=\"https:\/\/www.youtube.com\/embed\/7itCO-uniCA\" width=\"560\" height=\"315\" frameborder=\"0\" allowfullscreen=\"allowfullscreen\"><\/iframe><\/p>\n<p>Vid\u00e9o 2 : Quels sont les processus qui conduisent \u00e0 la d\u00e9viance ?<\/p>\n<p><iframe loading=\"lazy\" src=\"https:\/\/www.youtube.com\/embed\/qfVrQDb2Rv4\" width=\"560\" height=\"315\" frameborder=\"0\" allowfullscreen=\"allowfullscreen\"><\/iframe><\/p>\n<p>Vid\u00e9o 3 : Comment mesurer le niveau de la d\u00e9linquance ?<\/p>\n<p><iframe loading=\"lazy\" src=\"https:\/\/www.youtube.com\/embed\/JKOLmT5xQzQ\" width=\"560\" height=\"315\" frameborder=\"0\" allowfullscreen=\"allowfullscreen\"><\/iframe><\/p>\n<p>Vid\u00e9o 4 : Comment le contr\u00f4le social s&rsquo;exerce-t-il aujourd&rsquo;hui? (1)<br \/>\n<iframe loading=\"lazy\" src=\"\/\/www.dailymotion.com\/embed\/video\/x2xk4aq\" width=\"560\" height=\"315\" frameborder=\"0\" allowfullscreen=\"allowfullscreen\"><\/iframe><\/p>\n<p>Vid\u00e9o 5 : Comment le contr\u00f4le social s&rsquo;exerce-t-il aujourd&rsquo;hui? (2)<br \/>\n<iframe loading=\"lazy\" src=\"\/\/www.dailymotion.com\/embed\/video\/x2xk4am\" width=\"560\" height=\"315\" frameborder=\"0\" allowfullscreen=\"allowfullscreen\"><\/iframe><\/p>\n","protected":false},"excerpt":{"rendered":"<p>Ce que dit le programme Ressources vid\u00e9os : Vid\u00e9o 1 : Comment le contr\u00f4le social s&rsquo;exerce-t-il ? Vid\u00e9o 2 : Quels sont les processus qui conduisent \u00e0 la d\u00e9viance ? Vid\u00e9o 3 : Comment mesurer le niveau de la d\u00e9linquance ? Vid\u00e9o 4 : Comment le contr\u00f4le social s&rsquo;exerce-t-il aujourd&rsquo;hui? (1) Vid\u00e9o 5 : Comment [&hellip;]<\/p>\n","protected":false},"author":1,"featured_media":0,"parent":9,"menu_order":0,"comment_status":"closed","ping_status":"closed","template":"","meta":{"footnotes":""},"_links":{"self":[{"href":"http:\/\/ses-lfz.ch\/sesnet\/wp-json\/wp\/v2\/pages\/113"}],"collection":[{"href":"http:\/\/ses-lfz.ch\/sesnet\/wp-json\/wp\/v2\/pages"}],"about":[{"href":"http:\/\/ses-lfz.ch\/sesnet\/wp-json\/wp\/v2\/types\/page"}],"author":[{"embeddable":true,"href":"http:\/\/ses-lfz.ch\/sesnet\/wp-json\/wp\/v2\/users\/1"}],"replies":[{"embeddable":true,"href":"http:\/\/ses-lfz.ch\/sesnet\/wp-json\/wp\/v2\/comments?post=113"}],"version-history":[{"count":9,"href":"http:\/\/ses-lfz.ch\/sesnet\/wp-json\/wp\/v2\/pages\/113\/revisions"}],"predecessor-version":[{"id":1126,"href":"http:\/\/ses-lfz.ch\/sesnet\/wp-json\/wp\/v2\/pages\/113\/revisions\/1126"}],"up":[{"embeddable":true,"href":"http:\/\/ses-lfz.ch\/sesnet\/wp-json\/wp\/v2\/pages\/9"}],"wp:attachment":[{"href":"http:\/\/ses-lfz.ch\/sesnet\/wp-json\/wp\/v2\/media?parent=113"}],"curies":[{"name":"wp","href":"https:\/\/api.w.org\/{rel}","templated":true}]}}