{"id":115,"date":"2017-07-18T20:55:00","date_gmt":"2017-07-18T18:55:00","guid":{"rendered":"http:\/\/ses-lfz.ch\/sesnet\/?page_id=115"},"modified":"2018-05-14T22:31:58","modified_gmt":"2018-05-14T20:31:58","slug":"chapitre-10-ordre-politique-et-legitimation","status":"publish","type":"page","link":"http:\/\/ses-lfz.ch\/sesnet\/premiere-es\/chapitre-10-ordre-politique-et-legitimation\/","title":{"rendered":"Chapitre 10 : Ordre politique et l\u00e9gitimation"},"content":{"rendered":"<p><a href=\"http:\/\/ses-lfz.ch\/sesnet\/premiere-es\/chapitre-10-ordre-politique-et-legitimation\/ce-que-dit-le-programme\/\">Ce que dit le programme<\/a><\/p>\n<p>Ressources vid\u00e9os<\/p>\n<p>Vid\u00e9o 1 : Pourquoi un ordre politique? (1)<br \/>\n<iframe loading=\"lazy\" src=\"\/\/www.dailymotion.com\/embed\/video\/x2xk42x\" width=\"560\" height=\"315\" frameborder=\"0\" allowfullscreen=\"allowfullscreen\"><\/iframe><\/p>\n<p>Vid\u00e9o 2 : Pourquoi un ordre politique? (2)<br \/>\n<iframe loading=\"lazy\" src=\"\/\/www.dailymotion.com\/embed\/video\/x2xk439\" width=\"560\" height=\"315\" frameborder=\"0\" allowfullscreen=\"allowfullscreen\"><\/iframe><\/p>\n<p>Vid\u00e9o 3 : Quelles sont les formes institutionnelles de l\u2019ordre politique ? (1)<br \/>\n<iframe loading=\"lazy\" src=\"\/\/www.dailymotion.com\/embed\/video\/x2xk43o\" width=\"560\" height=\"315\" frameborder=\"0\" allowfullscreen=\"allowfullscreen\"><\/iframe><\/p>\n<p>Vid\u00e9o 4 : Quelles sont les formes institutionnelles de l\u2019ordre politique ? (2)<br \/>\n<iframe loading=\"lazy\" src=\"\/\/www.dailymotion.com\/embed\/video\/x2xk42l\" width=\"560\" height=\"315\" frameborder=\"0\" allowfullscreen=\"allowfullscreen\"><\/iframe><\/p>\n<p>&nbsp;<\/p>\n","protected":false},"excerpt":{"rendered":"<p>Ce que dit le programme Ressources vid\u00e9os Vid\u00e9o 1 : Pourquoi un ordre politique? (1) Vid\u00e9o 2 : Pourquoi un ordre politique? (2) Vid\u00e9o 3 : Quelles sont les formes institutionnelles de l\u2019ordre politique ? (1) Vid\u00e9o 4 : Quelles sont les formes institutionnelles de l\u2019ordre politique ? (2) &nbsp;<\/p>\n","protected":false},"author":1,"featured_media":0,"parent":9,"menu_order":0,"comment_status":"closed","ping_status":"closed","template":"","meta":{"footnotes":""},"_links":{"self":[{"href":"http:\/\/ses-lfz.ch\/sesnet\/wp-json\/wp\/v2\/pages\/115"}],"collection":[{"href":"http:\/\/ses-lfz.ch\/sesnet\/wp-json\/wp\/v2\/pages"}],"about":[{"href":"http:\/\/ses-lfz.ch\/sesnet\/wp-json\/wp\/v2\/types\/page"}],"author":[{"embeddable":true,"href":"http:\/\/ses-lfz.ch\/sesnet\/wp-json\/wp\/v2\/users\/1"}],"replies":[{"embeddable":true,"href":"http:\/\/ses-lfz.ch\/sesnet\/wp-json\/wp\/v2\/comments?post=115"}],"version-history":[{"count":12,"href":"http:\/\/ses-lfz.ch\/sesnet\/wp-json\/wp\/v2\/pages\/115\/revisions"}],"predecessor-version":[{"id":1134,"href":"http:\/\/ses-lfz.ch\/sesnet\/wp-json\/wp\/v2\/pages\/115\/revisions\/1134"}],"up":[{"embeddable":true,"href":"http:\/\/ses-lfz.ch\/sesnet\/wp-json\/wp\/v2\/pages\/9"}],"wp:attachment":[{"href":"http:\/\/ses-lfz.ch\/sesnet\/wp-json\/wp\/v2\/media?parent=115"}],"curies":[{"name":"wp","href":"https:\/\/api.w.org\/{rel}","templated":true}]}}

Chapitre 10 : Ordre politique et légitimation

<p><a href="http://ses-lfz.ch/sesnet/premiere-es/chapitre-10-ordre-politique-et-legitimation/ce-que-dit-le-programme/">Ce que dit le programme</a></p>
<p>Ressources vidéos</p>
<p>Vidéo 1 : Pourquoi un ordre politique? (1)<br />
<iframe loading="lazy" src="//www.dailymotion.com/embed/video/x2xk42x" width="560" height="315" frameborder="0" allowfullscreen="allowfullscreen"></iframe></p>
<p>Vidéo 2 : Pourquoi un ordre politique? (2)<br />
<iframe loading="lazy" src="//www.dailymotion.com/embed/video/x2xk439" width="560" height="315" frameborder="0" allowfullscreen="allowfullscreen"></iframe></p>
<p>Vidéo 3 : Quelles sont les formes institutionnelles de l’ordre politique ? (1)<br />
<iframe loading="lazy" src="//www.dailymotion.com/embed/video/x2xk43o" width="560" height="315" frameborder="0" allowfullscreen="allowfullscreen"></iframe></p>
<p>Vidéo 4 : Quelles sont les formes institutionnelles de l’ordre politique ? (2)<br />
<iframe loading="lazy" src="//www.dailymotion.com/embed/video/x2xk42l" width="560" height="315" frameborder="0" allowfullscreen="allowfullscreen"></iframe></p>
<p>&nbsp;</p>

<p>Ce que dit le programme Ressources vidéos Vidéo 1 : Pourquoi un ordre politique? (1) Vidéo 2 : Pourquoi un ordre politique? (2) Vidéo 3 : Quelles sont les formes institutionnelles de l’ordre politique ? (1) Vidéo 4 : Quelles sont les formes institutionnelles de l’ordre politique ? (2) &nbsp;</p>
