{"id":1153,"date":"2018-05-22T12:52:00","date_gmt":"2018-05-22T10:52:00","guid":{"rendered":"http:\/\/ses-lfz.ch\/sesnet\/?page_id=1153"},"modified":"2018-06-08T08:49:29","modified_gmt":"2018-06-08T06:49:29","slug":"chapitre-4-comment-se-forment-les-prix-sur-un-marche","status":"publish","type":"page","link":"http:\/\/ses-lfz.ch\/sesnet\/chapitre-4-comment-se-forment-les-prix-sur-un-marche\/","title":{"rendered":"Chapitre 4 : Comment se forment les prix sur un march\u00e9 ?"},"content":{"rendered":"<p>&nbsp;<\/p>\n<p>Ressources vid\u00e9os<\/p>\n<p>Vid\u00e9o 1 : Qu\u2019est-ce qu\u2019un march\u00e9 ?<br \/>\n<iframe loading=\"lazy\" src=\"https:\/\/www.youtube.com\/embed\/4peOLiP6pkw\" width=\"560\" height=\"315\" frameborder=\"0\" allowfullscreen=\"allowfullscreen\"><\/iframe><\/p>\n<p>Vid\u00e9o 2 : La loi de la demande<br \/>\n<iframe loading=\"lazy\" src=\"https:\/\/www.youtube.com\/embed\/13_WNjrHM4g\" width=\"560\" height=\"315\" frameborder=\"0\" allowfullscreen=\"allowfullscreen\"><\/iframe><\/p>\n<p>Vid\u00e9o 3 : La loi de l&rsquo;offre<br \/>\n<iframe loading=\"lazy\" src=\"https:\/\/www.youtube.com\/embed\/wwEQ4onQJB4\" width=\"560\" height=\"315\" frameborder=\"0\" allowfullscreen=\"allowfullscreen\"><\/iframe><\/p>\n<p>Vid\u00e9o 4 : L&rsquo;\u00e9quilibre du march\u00e9<br \/>\n<iframe loading=\"lazy\" src=\"https:\/\/www.youtube.com\/embed\/PaHEhqrSxLo\" width=\"560\" height=\"315\" frameborder=\"0\" allowfullscreen=\"allowfullscreen\"><\/iframe><\/p>\n<p>Vid\u00e9o 5 :<br \/>\n<a href=\"https:\/\/vimeopro.com\/user36345481\/ses-2de-2017-ateliers\/video\/213197156\">Le march\u00e9 du logement en France<\/a><\/p>\n","protected":false},"excerpt":{"rendered":"<p>&nbsp; Ressources vid\u00e9os Vid\u00e9o 1 : Qu\u2019est-ce qu\u2019un march\u00e9 ? Vid\u00e9o 2 : La loi de la demande Vid\u00e9o 3 : La loi de l&rsquo;offre Vid\u00e9o 4 : L&rsquo;\u00e9quilibre du march\u00e9 Vid\u00e9o 5 : Le march\u00e9 du logement en France<\/p>\n","protected":false},"author":1,"featured_media":0,"parent":0,"menu_order":0,"comment_status":"closed","ping_status":"closed","template":"","meta":{"footnotes":""},"_links":{"self":[{"href":"http:\/\/ses-lfz.ch\/sesnet\/wp-json\/wp\/v2\/pages\/1153"}],"collection":[{"href":"http:\/\/ses-lfz.ch\/sesnet\/wp-json\/wp\/v2\/pages"}],"about":[{"href":"http:\/\/ses-lfz.ch\/sesnet\/wp-json\/wp\/v2\/types\/page"}],"author":[{"embeddable":true,"href":"http:\/\/ses-lfz.ch\/sesnet\/wp-json\/wp\/v2\/users\/1"}],"replies":[{"embeddable":true,"href":"http:\/\/ses-lfz.ch\/sesnet\/wp-json\/wp\/v2\/comments?post=1153"}],"version-history":[{"count":6,"href":"http:\/\/ses-lfz.ch\/sesnet\/wp-json\/wp\/v2\/pages\/1153\/revisions"}],"predecessor-version":[{"id":1219,"href":"http:\/\/ses-lfz.ch\/sesnet\/wp-json\/wp\/v2\/pages\/1153\/revisions\/1219"}],"wp:attachment":[{"href":"http:\/\/ses-lfz.ch\/sesnet\/wp-json\/wp\/v2\/media?parent=1153"}],"curies":[{"name":"wp","href":"https:\/\/api.w.org\/{rel}","templated":true}]}}

Chapitre 4 : Comment se forment les prix sur un marché ?

<p>&nbsp;</p>
<p>Ressources vidéos</p>
<p>Vidéo 1 : Qu’est-ce qu’un marché ?<br />
<iframe loading="lazy" src="https://www.youtube.com/embed/4peOLiP6pkw" width="560" height="315" frameborder="0" allowfullscreen="allowfullscreen"></iframe></p>
<p>Vidéo 2 : La loi de la demande<br />
<iframe loading="lazy" src="https://www.youtube.com/embed/13_WNjrHM4g" width="560" height="315" frameborder="0" allowfullscreen="allowfullscreen"></iframe></p>
<p>Vidéo 3 : La loi de l&rsquo;offre<br />
<iframe loading="lazy" src="https://www.youtube.com/embed/wwEQ4onQJB4" width="560" height="315" frameborder="0" allowfullscreen="allowfullscreen"></iframe></p>
<p>Vidéo 4 : L&rsquo;équilibre du marché<br />
<iframe loading="lazy" src="https://www.youtube.com/embed/PaHEhqrSxLo" width="560" height="315" frameborder="0" allowfullscreen="allowfullscreen"></iframe></p>
<p>Vidéo 5 :<br />
<a href="https://vimeopro.com/user36345481/ses-2de-2017-ateliers/video/213197156">Le marché du logement en France</a></p>

<p>&nbsp; Ressources vidéos Vidéo 1 : Qu’est-ce qu’un marché ? Vidéo 2 : La loi de la demande Vidéo 3 : La loi de l&rsquo;offre Vidéo 4 : L&rsquo;équilibre du marché Vidéo 5 : Le marché du logement en France</p>
