{"id":1169,"date":"2018-05-31T23:11:56","date_gmt":"2018-05-31T21:11:56","guid":{"rendered":"http:\/\/ses-lfz.ch\/sesnet\/?page_id=1169"},"modified":"2018-06-01T07:03:33","modified_gmt":"2018-06-01T05:03:33","slug":"lengagement-politique","status":"publish","type":"page","link":"http:\/\/ses-lfz.ch\/sesnet\/lengagement-politique\/","title":{"rendered":"L&rsquo;engagement politique"},"content":{"rendered":"<p><iframe loading=\"lazy\" src=\"\/\/tp.srgssr.ch\/p\/srf\/embed?urn=urn:rts:audio:9371703&amp;start=\" name=\"Concilier vie professionnelle et convictions personnelles\" width=\"392\" height=\"58\" frameborder=\"0\" allowfullscreen=\"allowfullscreen\"><\/iframe><\/p>\n<p><strong>On en parle, RTS<\/strong> 14.03.2018, 09h15<br \/>\nConcilier vie professionnelle et convictions personnelles<br \/>\nPeut-on rester fid\u00e8le \u00e0 ses convictions tout en restant \u00ab\u00a0employable\u00a0\u00bb? Une entreprise peut-elle exiger que j\u2019efface mes engagements qu\u2019ils soient politiques ou religieux? Etre engag\u00e9 pour une cause en toute discr\u00e9tion pour obtenir ou garder son travail, oxymore ou solution r\u00e9elle? Les explications de Jean Tschopp, juriste au syndicat Unia Vaud, au micro de Sophie Proust.<\/p>\n<p>&nbsp;<\/p>\n<p><iframe loading=\"lazy\" src=\"\/\/tp.srgssr.ch\/p\/srf\/embed?urn=urn:rts:video:9608522&amp;start=\" name=\"Dans la t\u00eate... d\" width=\"624\" height=\"351\" frameborder=\"0\" allowfullscreen=\"allowfullscreen\"><\/iframe><\/p>\n<p><strong>Dans la t\u00eate&#8230; d&rsquo;un rebelle<\/strong><\/p>\n<div class=\"description\">On est tous convaincus d\u2019\u00eatre un peu rebelle, juste quand il le faut. Pourtant peu de gens imaginent \u00e0 quel point il est difficile d\u2019affronter seul l\u2019ordre \u00e9tabli. Gr\u00e2ce \u00e0 des t\u00e9moignages, des exp\u00e9riences et des avis scientifiques, nous d\u00e9cortiquerons les m\u00e9canismes psychologiques pour mieux comprendre ce qu\u2019il se passe dans la t\u00eate d\u2019un rebelle !<\/div>\n<p><iframe src='\/\/tp.srgssr.ch\/p\/srf\/embed?urn=urn:rts:video:479622&#038;start=' allowfullscreen width='624' height='351' frameborder='0' name='H\u00e9ros d'un Jour'><\/iframe><\/p>\n<p>H\u00e9ros d&rsquo;un jour<br \/>\nL&rsquo;\u00e9mission du 26 d\u00e9cembre 2002<\/p>\n<p>Lotti, Cosette, Dominique, Willy, et tous les autres: Temps Pr\u00e9sent a braqu\u00e9 un jour ses cam\u00e9ras sur eux pour faire mieux conna\u00eetre leurs destins ou leurs id\u00e9es. Ils sont apprentis qui cherchent leur voie, vignerons en col\u00e8re, policiers face aux drames de la grande ville, d\u00e9fenseurs de leur poste de quartier, victimes de p\u00e9dophiles&#8230; Pendant un soir et parfois beaucoup plus, toute la Suisse romande s&rsquo;est int\u00e9ress\u00e9e \u00e0 eux. Cela fait quel effet, d&rsquo;\u00eatre le h\u00e9ros d&rsquo;un jour ?<\/p>\n","protected":false},"excerpt":{"rendered":"<p>On en parle, RTS 14.03.2018, 09h15 Concilier vie professionnelle et convictions personnelles Peut-on rester fid\u00e8le \u00e0 ses convictions tout en restant \u00ab\u00a0employable\u00a0\u00bb? Une entreprise peut-elle exiger que j\u2019efface mes engagements qu\u2019ils soient politiques ou religieux? Etre engag\u00e9 pour une cause en toute discr\u00e9tion pour obtenir ou garder son travail, oxymore ou solution r\u00e9elle? Les explications [&hellip;]<\/p>\n","protected":false},"author":1,"featured_media":0,"parent":0,"menu_order":0,"comment_status":"closed","ping_status":"closed","template":"","meta":{"footnotes":""},"_links":{"self":[{"href":"http:\/\/ses-lfz.ch\/sesnet\/wp-json\/wp\/v2\/pages\/1169"}],"collection":[{"href":"http:\/\/ses-lfz.ch\/sesnet\/wp-json\/wp\/v2\/pages"}],"about":[{"href":"http:\/\/ses-lfz.ch\/sesnet\/wp-json\/wp\/v2\/types\/page"}],"author":[{"embeddable":true,"href":"http:\/\/ses-lfz.ch\/sesnet\/wp-json\/wp\/v2\/users\/1"}],"replies":[{"embeddable":true,"href":"http:\/\/ses-lfz.ch\/sesnet\/wp-json\/wp\/v2\/comments?post=1169"}],"version-history":[{"count":6,"href":"http:\/\/ses-lfz.ch\/sesnet\/wp-json\/wp\/v2\/pages\/1169\/revisions"}],"predecessor-version":[{"id":1176,"href":"http:\/\/ses-lfz.ch\/sesnet\/wp-json\/wp\/v2\/pages\/1169\/revisions\/1176"}],"wp:attachment":[{"href":"http:\/\/ses-lfz.ch\/sesnet\/wp-json\/wp\/v2\/media?parent=1169"}],"curies":[{"name":"wp","href":"https:\/\/api.w.org\/{rel}","templated":true}]}}

<p><iframe loading="lazy" src="//tp.srgssr.ch/p/srf/embed?urn=urn:rts:audio:9371703&amp;start=" name="Concilier vie professionnelle et convictions personnelles" width="392" height="58" frameborder="0" allowfullscreen="allowfullscreen"></iframe></p>
<p><strong>On en parle, RTS</strong> 14.03.2018, 09h15<br />
Concilier vie professionnelle et convictions personnelles<br />
Peut-on rester fidèle à ses convictions tout en restant « employable »? Une entreprise peut-elle exiger que j’efface mes engagements qu’ils soient politiques ou religieux? Etre engagé pour une cause en toute discrétion pour obtenir ou garder son travail, oxymore ou solution réelle? Les explications de Jean Tschopp, juriste au syndicat Unia Vaud, au micro de Sophie Proust.</p>
<p>&nbsp;</p>
<p><iframe loading="lazy" src="//tp.srgssr.ch/p/srf/embed?urn=urn:rts:video:9608522&amp;start=" name="Dans la tête... d" width="624" height="351" frameborder="0" allowfullscreen="allowfullscreen"></iframe></p>
<p><strong>Dans la tête&#8230; d&rsquo;un rebelle</strong></p>
<div class="description">On est tous convaincus d’être un peu rebelle, juste quand il le faut. Pourtant peu de gens imaginent à quel point il est difficile d’affronter seul l’ordre établi. Grâce à des témoignages, des expériences et des avis scientifiques, nous décortiquerons les mécanismes psychologiques pour mieux comprendre ce qu’il se passe dans la tête d’un rebelle !</div>
<p><iframe src='//tp.srgssr.ch/p/srf/embed?urn=urn:rts:video:479622&#038;start=' allowfullscreen width='624' height='351' frameborder='0' name='Héros d'un Jour'></iframe></p>
<p>Héros d&rsquo;un jour<br />
L&rsquo;émission du 26 décembre 2002</p>
<p>Lotti, Cosette, Dominique, Willy, et tous les autres: Temps Présent a braqué un jour ses caméras sur eux pour faire mieux connaître leurs destins ou leurs idées. Ils sont apprentis qui cherchent leur voie, vignerons en colère, policiers face aux drames de la grande ville, défenseurs de leur poste de quartier, victimes de pédophiles&#8230; Pendant un soir et parfois beaucoup plus, toute la Suisse romande s&rsquo;est intéressée à eux. Cela fait quel effet, d&rsquo;être le héros d&rsquo;un jour ?</p>

<p>On en parle, RTS 14.03.2018, 09h15 Concilier vie professionnelle et convictions personnelles Peut-on rester fidèle à ses convictions tout en restant « employable »? Une entreprise peut-elle exiger que j’efface mes engagements qu’ils soient politiques ou religieux? Etre engagé pour une cause en toute discrétion pour obtenir ou garder son travail, oxymore ou solution réelle? Les explications [&hellip;]</p>
