{"id":1203,"date":"2018-06-06T08:29:05","date_gmt":"2018-06-06T06:29:05","guid":{"rendered":"http:\/\/ses-lfz.ch\/sesnet\/?page_id=1203"},"modified":"2019-11-05T12:28:44","modified_gmt":"2019-11-05T11:28:44","slug":"ii-ressources-videos","status":"publish","type":"page","link":"http:\/\/ses-lfz.ch\/sesnet\/terminale-es\/chapitre-2-linstabilite-de-la-croissance\/ii-ressources-videos\/","title":{"rendered":"II : Ressources vid\u00e9os"},"content":{"rendered":"<p>Vid\u00e9o 1 : Dessine-moi l&rsquo;\u00e9co : Pourquoi la d\u00e9flation peut-elle \u00eatre dangereuse ?<br><iframe loading=\"lazy\" src=\"https:\/\/www.youtube.com\/embed\/U0oti-8Wc6E\" width=\"560\" height=\"315\" frameborder=\"0\" allowfullscreen=\"allowfullscreen\"><\/iframe><\/p>\n<p>Vid\u00e9o 2 : Dessine-moi l&rsquo;\u00e9co : Un krach boursier en 2019, science-fiction ou pr\u00e9monition ?<br><iframe loading=\"lazy\" src=\"https:\/\/www.youtube.com\/embed\/ITVOa01RFxQ\" width=\"560\" height=\"315\" frameborder=\"0\" allowfullscreen=\"allowfullscreen\"><\/iframe><\/p>\n\n\n<h5 class=\"wp-block-heading\">Vid\u00e9o 3 : Comment caract\u00e9riser l&rsquo;instabilit\u00e9 de la croissance ?<\/h5>\n\n\n<p><iframe loading=\"lazy\" width=\"560\" height=\"315\" src=\"https:\/\/www.youtube.com\/embed\/sGUNKqcdy3I\" frameborder=\"0\" allow=\"accelerometer; autoplay; encrypted-media; gyroscope; picture-in-picture\" allowfullscreen><\/iframe><\/p>\n\n\n\n<h5 class=\"wp-block-heading\">Vid\u00e9o 4 : Comment les chocs offre et demande affectent-ils la croissance ?<\/h5>\n\n\n<p><iframe loading=\"lazy\" width=\"560\" height=\"315\" src=\"https:\/\/www.youtube.com\/embed\/3SRBh-7IOEQ\" frameborder=\"0\" allow=\"accelerometer; autoplay; encrypted-media; gyroscope; picture-in-picture\" allowfullscreen=\"\"><\/iframe><\/p>\n\n\n\n<h5 class=\"wp-block-heading\">Vid\u00e9o 5 : Comment le cycle du cr\u00e9dit affecte-t-il la croissance ?<\/h5>\n\n\n<p><iframe loading=\"lazy\" width=\"560\" height=\"315\" src=\"https:\/\/www.youtube.com\/embed\/yStP68Svy3Y\" frameborder=\"0\" allow=\"accelerometer; autoplay; encrypted-media; gyroscope; picture-in-picture\" allowfullscreen=\"\"><\/iframe><\/p>\n","protected":false},"excerpt":{"rendered":"<p>Vid\u00e9o 1 : Dessine-moi l&rsquo;\u00e9co : Pourquoi la d\u00e9flation peut-elle \u00eatre dangereuse ? Vid\u00e9o 2 : Dessine-moi l&rsquo;\u00e9co : Un krach boursier en 2019, science-fiction ou pr\u00e9monition ? Vid\u00e9o 3 : Comment caract\u00e9riser l&rsquo;instabilit\u00e9 de la croissance ? Vid\u00e9o 4 : Comment les chocs offre et demande affectent-ils la croissance ? Vid\u00e9o 5 : Comment [&hellip;]<\/p>\n","protected":false},"author":1,"featured_media":0,"parent":59,"menu_order":0,"comment_status":"closed","ping_status":"closed","template":"","meta":{"footnotes":""},"_links":{"self":[{"href":"http:\/\/ses-lfz.ch\/sesnet\/wp-json\/wp\/v2\/pages\/1203"}],"collection":[{"href":"http:\/\/ses-lfz.ch\/sesnet\/wp-json\/wp\/v2\/pages"}],"about":[{"href":"http:\/\/ses-lfz.ch\/sesnet\/wp-json\/wp\/v2\/types\/page"}],"author":[{"embeddable":true,"href":"http:\/\/ses-lfz.ch\/sesnet\/wp-json\/wp\/v2\/users\/1"}],"replies":[{"embeddable":true,"href":"http:\/\/ses-lfz.ch\/sesnet\/wp-json\/wp\/v2\/comments?post=1203"}],"version-history":[{"count":7,"href":"http:\/\/ses-lfz.ch\/sesnet\/wp-json\/wp\/v2\/pages\/1203\/revisions"}],"predecessor-version":[{"id":1385,"href":"http:\/\/ses-lfz.ch\/sesnet\/wp-json\/wp\/v2\/pages\/1203\/revisions\/1385"}],"up":[{"embeddable":true,"href":"http:\/\/ses-lfz.ch\/sesnet\/wp-json\/wp\/v2\/pages\/59"}],"wp:attachment":[{"href":"http:\/\/ses-lfz.ch\/sesnet\/wp-json\/wp\/v2\/media?parent=1203"}],"curies":[{"name":"wp","href":"https:\/\/api.w.org\/{rel}","templated":true}]}}

II : Ressources vidéos

<p>Vidéo 1 : Dessine-moi l&rsquo;éco : Pourquoi la déflation peut-elle être dangereuse ?<br><iframe loading="lazy" src="https://www.youtube.com/embed/U0oti-8Wc6E" width="560" height="315" frameborder="0" allowfullscreen="allowfullscreen"></iframe></p>
<p>Vidéo 2 : Dessine-moi l&rsquo;éco : Un krach boursier en 2019, science-fiction ou prémonition ?<br><iframe loading="lazy" src="https://www.youtube.com/embed/ITVOa01RFxQ" width="560" height="315" frameborder="0" allowfullscreen="allowfullscreen"></iframe></p>


<h5 class="wp-block-heading">Vidéo 3 : Comment caractériser l&rsquo;instabilité de la croissance ?</h5>


<p><iframe loading="lazy" width="560" height="315" src="https://www.youtube.com/embed/sGUNKqcdy3I" frameborder="0" allow="accelerometer; autoplay; encrypted-media; gyroscope; picture-in-picture" allowfullscreen></iframe></p>



<h5 class="wp-block-heading">Vidéo 4 : Comment les chocs offre et demande affectent-ils la croissance ?</h5>


<p><iframe loading="lazy" width="560" height="315" src="https://www.youtube.com/embed/3SRBh-7IOEQ" frameborder="0" allow="accelerometer; autoplay; encrypted-media; gyroscope; picture-in-picture" allowfullscreen=""></iframe></p>



<h5 class="wp-block-heading">Vidéo 5 : Comment le cycle du crédit affecte-t-il la croissance ?</h5>


<p><iframe loading="lazy" width="560" height="315" src="https://www.youtube.com/embed/yStP68Svy3Y" frameborder="0" allow="accelerometer; autoplay; encrypted-media; gyroscope; picture-in-picture" allowfullscreen=""></iframe></p>

<p>Vidéo 1 : Dessine-moi l&rsquo;éco : Pourquoi la déflation peut-elle être dangereuse ? Vidéo 2 : Dessine-moi l&rsquo;éco : Un krach boursier en 2019, science-fiction ou prémonition ? Vidéo 3 : Comment caractériser l&rsquo;instabilité de la croissance ? Vidéo 4 : Comment les chocs offre et demande affectent-ils la croissance ? Vidéo 5 : Comment [&hellip;]</p>
