{"id":1269,"date":"2018-10-17T14:44:59","date_gmt":"2018-10-17T12:44:59","guid":{"rendered":"http:\/\/ses-lfz.ch\/sesnet\/?page_id=1269"},"modified":"2018-10-17T14:48:16","modified_gmt":"2018-10-17T12:48:16","slug":"theme-5-la-lutte-contre-les-inegalites","status":"publish","type":"page","link":"http:\/\/ses-lfz.ch\/sesnet\/emc\/emc-seconde\/ressources-par-theme\/theme-5-la-lutte-contre-les-inegalites\/","title":{"rendered":"Th\u00e8me 5 : la lutte contre les in\u00e9galit\u00e9s"},"content":{"rendered":"<p>&nbsp;<\/p>\n<p>&nbsp;<\/p>\n<h3 class=\"tv-episode-infos-subtitle\">Handicap : une place pour tous ?<\/h3>\n<p><span class=\"text-muted\">Diffus\u00e9e le 01\/01\/2012<\/span><\/p>\n<p>LCP braque ses cam\u00e9ras sur les modalit\u00e9s d\u2019application d\u2019un texte de loi.<\/p>\n<p>Pour ce nouveau num\u00e9ro, \u201cl\u2019\u00c9cho des lois\u201d s\u2019int\u00e9resse \u00e0 la loi \u00ab Handicap \u00bb du 11 f\u00e9vrier 2005 pour l\u2019\u00e9galit\u00e9 des droits et des chances, la participation et la citoyennet\u00e9 des personnes handicap\u00e9es.<\/p>\n<p>Facilit\u00e9 d\u2019acc\u00e8s aux lieux publics, am\u00e9nagement des espaces de travail, obligation l\u00e9gale pour les entreprises d\u2019embaucher des personnes souffrant de handicap\u2026 les mesures \u00e9tablies s\u2019\u00e9tendent jusqu\u2019en 2015.<\/p>\n<p>Aujourd\u2019hui \u00e0 mi-chemin, o\u00f9 en sommes-nous ?<\/p>\n<p>\u00c0 Paris et en province, Yohann Relat, journaliste de LCP a recueilli de nombreux t\u00e9moignages pour constater ce qui, depuis la promulgation de cette loi, a vraiment chang\u00e9.<\/p>\n<p><a href=\"http:\/\/lcp.fr\/emissions\/lecho-des-lois\/1772-handicap-une-place-pour-tous\">Vid\u00e9o :\u00a0la loi \u00ab Handicap \u00bb du 11 f\u00e9vrier 2005<\/a><\/p>\n","protected":false},"excerpt":{"rendered":"<p>&nbsp; &nbsp; Handicap : une place pour tous ? Diffus\u00e9e le 01\/01\/2012 LCP braque ses cam\u00e9ras sur les modalit\u00e9s d\u2019application d\u2019un texte de loi. Pour ce nouveau num\u00e9ro, \u201cl\u2019\u00c9cho des lois\u201d s\u2019int\u00e9resse \u00e0 la loi \u00ab Handicap \u00bb du 11 f\u00e9vrier 2005 pour l\u2019\u00e9galit\u00e9 des droits et des chances, la participation et la citoyennet\u00e9 des [&hellip;]<\/p>\n","protected":false},"author":1,"featured_media":0,"parent":416,"menu_order":0,"comment_status":"closed","ping_status":"closed","template":"","meta":{"footnotes":""},"_links":{"self":[{"href":"http:\/\/ses-lfz.ch\/sesnet\/wp-json\/wp\/v2\/pages\/1269"}],"collection":[{"href":"http:\/\/ses-lfz.ch\/sesnet\/wp-json\/wp\/v2\/pages"}],"about":[{"href":"http:\/\/ses-lfz.ch\/sesnet\/wp-json\/wp\/v2\/types\/page"}],"author":[{"embeddable":true,"href":"http:\/\/ses-lfz.ch\/sesnet\/wp-json\/wp\/v2\/users\/1"}],"replies":[{"embeddable":true,"href":"http:\/\/ses-lfz.ch\/sesnet\/wp-json\/wp\/v2\/comments?post=1269"}],"version-history":[{"count":3,"href":"http:\/\/ses-lfz.ch\/sesnet\/wp-json\/wp\/v2\/pages\/1269\/revisions"}],"predecessor-version":[{"id":1273,"href":"http:\/\/ses-lfz.ch\/sesnet\/wp-json\/wp\/v2\/pages\/1269\/revisions\/1273"}],"up":[{"embeddable":true,"href":"http:\/\/ses-lfz.ch\/sesnet\/wp-json\/wp\/v2\/pages\/416"}],"wp:attachment":[{"href":"http:\/\/ses-lfz.ch\/sesnet\/wp-json\/wp\/v2\/media?parent=1269"}],"curies":[{"name":"wp","href":"https:\/\/api.w.org\/{rel}","templated":true}]}}

Thème 5 : la lutte contre les inégalités

<p>&nbsp;</p>
<p>&nbsp;</p>
<h3 class="tv-episode-infos-subtitle">Handicap : une place pour tous ?</h3>
<p><span class="text-muted">Diffusée le 01/01/2012</span></p>
<p>LCP braque ses caméras sur les modalités d’application d’un texte de loi.</p>
<p>Pour ce nouveau numéro, “l’Écho des lois” s’intéresse à la loi « Handicap » du 11 février 2005 pour l’égalité des droits et des chances, la participation et la citoyenneté des personnes handicapées.</p>
<p>Facilité d’accès aux lieux publics, aménagement des espaces de travail, obligation légale pour les entreprises d’embaucher des personnes souffrant de handicap… les mesures établies s’étendent jusqu’en 2015.</p>
<p>Aujourd’hui à mi-chemin, où en sommes-nous ?</p>
<p>À Paris et en province, Yohann Relat, journaliste de LCP a recueilli de nombreux témoignages pour constater ce qui, depuis la promulgation de cette loi, a vraiment changé.</p>
<p><a href="http://lcp.fr/emissions/lecho-des-lois/1772-handicap-une-place-pour-tous">Vidéo : la loi « Handicap » du 11 février 2005</a></p>

<p>&nbsp; &nbsp; Handicap : une place pour tous ? Diffusée le 01/01/2012 LCP braque ses caméras sur les modalités d’application d’un texte de loi. Pour ce nouveau numéro, “l’Écho des lois” s’intéresse à la loi « Handicap » du 11 février 2005 pour l’égalité des droits et des chances, la participation et la citoyenneté des [&hellip;]</p>
