{"id":136,"date":"2017-07-19T15:20:57","date_gmt":"2017-07-19T13:20:57","guid":{"rendered":"http:\/\/ses-lfz.ch\/sesnet\/?page_id=136"},"modified":"2018-04-22T09:33:32","modified_gmt":"2018-04-22T07:33:32","slug":"chapitre-1-les-composantes-institutionnelles-des-regimes-politiques-democratiques","status":"publish","type":"page","link":"http:\/\/ses-lfz.ch\/sesnet\/seconde-2-ses\/chapitre-1-les-composantes-institutionnelles-des-regimes-politiques-democratiques\/","title":{"rendered":"Chapitre 1 : Les composantes institutionnelles des r\u00e9gimes politiques d\u00e9mocratiques"},"content":{"rendered":"<h4><strong>Ce que dit le programme :<\/strong><\/h4>\n<p style=\"text-align: left;\"><strong>Quelles sont les composantes institutionnelles des r\u00e9gimes politiques d\u00e9mocratiques ?<\/strong><\/p>\n<p><strong>Notions :<\/strong> R\u00e9gime parlementaire, r\u00e9gime semi-pr\u00e9sidentiel, r\u00e9gime pr\u00e9sidentiel.<\/p>\n<p><strong>Indications compl\u00e9mentaires :<\/strong> Largement ouvert \u00e0 des illustrations historiques et<br \/>\ncompar\u00e9es, ce th\u00e8me sensibilisera les \u00e9l\u00e8ves \u00e0 la diversit\u00e9 des solutions constitutionnelles mises en \u0153uvre dans les d\u00e9mocraties occidentales pour s\u00e9parer le pouvoir ex\u00e9cutif du pouvoir l\u00e9gislatif.<\/p>\n<p><strong>Acquis de premi\u00e8re :<\/strong> \u00c9tat de droit.<\/p>\n<p>&nbsp;<\/p>\n<h4><strong>Ressources vid\u00e9os<\/strong><\/h4>\n<p>Vid\u00e9o 1 : Le r\u00e9gime pr\u00e9sidentiel<\/p>\n<p><iframe loading=\"lazy\" src=\"https:\/\/www.youtube.com\/embed\/ePAQuFH9SgU\" width=\"560\" height=\"315\" frameborder=\"0\" allowfullscreen=\"allowfullscreen\"><\/iframe><\/p>\n<p>Vid\u00e9o 2 : Le r\u00e9gime parlementaire<\/p>\n<p><iframe loading=\"lazy\" src=\"https:\/\/www.youtube.com\/embed\/SisZ1dO4-kA\" width=\"560\" height=\"315\" frameborder=\"0\" allowfullscreen=\"allowfullscreen\"><\/iframe><\/p>\n<p>Vid\u00e9o 3 : les r\u00e9gimes semi-pr\u00e9sidentiels<\/p>\n<p><iframe loading=\"lazy\" width=\"560\" height=\"315\" src=\"https:\/\/www.youtube.com\/embed\/GURjrz_W2IM\" frameborder=\"0\" allow=\"autoplay; encrypted-media\" allowfullscreen><\/iframe><\/p>\n<p><iframe loading=\"lazy\" width=\"560\" height=\"315\" src=\"https:\/\/www.youtube.com\/embed\/yZWNbWwdD8U\" frameborder=\"0\" allow=\"autoplay; encrypted-media\" allowfullscreen><\/iframe><\/p>\n<p><iframe loading=\"lazy\" width=\"560\" height=\"315\" src=\"https:\/\/www.youtube.com\/embed\/nQ88_EOmlJU\" frameborder=\"0\" allow=\"autoplay; encrypted-media\" allowfullscreen><\/iframe><br \/>\n&nbsp;<\/p>\n","protected":false},"excerpt":{"rendered":"<p>Ce que dit le programme : Quelles sont les composantes institutionnelles des r\u00e9gimes politiques d\u00e9mocratiques ? Notions : R\u00e9gime parlementaire, r\u00e9gime semi-pr\u00e9sidentiel, r\u00e9gime pr\u00e9sidentiel. Indications compl\u00e9mentaires : Largement ouvert \u00e0 des illustrations historiques et compar\u00e9es, ce th\u00e8me sensibilisera les \u00e9l\u00e8ves \u00e0 la diversit\u00e9 des solutions constitutionnelles mises en \u0153uvre dans les d\u00e9mocraties occidentales pour s\u00e9parer [&hellip;]<\/p>\n","protected":false},"author":1,"featured_media":0,"parent":11,"menu_order":0,"comment_status":"closed","ping_status":"closed","template":"","meta":{"footnotes":""},"_links":{"self":[{"href":"http:\/\/ses-lfz.ch\/sesnet\/wp-json\/wp\/v2\/pages\/136"}],"collection":[{"href":"http:\/\/ses-lfz.ch\/sesnet\/wp-json\/wp\/v2\/pages"}],"about":[{"href":"http:\/\/ses-lfz.ch\/sesnet\/wp-json\/wp\/v2\/types\/page"}],"author":[{"embeddable":true,"href":"http:\/\/ses-lfz.ch\/sesnet\/wp-json\/wp\/v2\/users\/1"}],"replies":[{"embeddable":true,"href":"http:\/\/ses-lfz.ch\/sesnet\/wp-json\/wp\/v2\/comments?post=136"}],"version-history":[{"count":11,"href":"http:\/\/ses-lfz.ch\/sesnet\/wp-json\/wp\/v2\/pages\/136\/revisions"}],"predecessor-version":[{"id":1106,"href":"http:\/\/ses-lfz.ch\/sesnet\/wp-json\/wp\/v2\/pages\/136\/revisions\/1106"}],"up":[{"embeddable":true,"href":"http:\/\/ses-lfz.ch\/sesnet\/wp-json\/wp\/v2\/pages\/11"}],"wp:attachment":[{"href":"http:\/\/ses-lfz.ch\/sesnet\/wp-json\/wp\/v2\/media?parent=136"}],"curies":[{"name":"wp","href":"https:\/\/api.w.org\/{rel}","templated":true}]}}

Chapitre 1 : Les composantes institutionnelles des régimes politiques démocratiques

<h4><strong>Ce que dit le programme :</strong></h4>
<p style="text-align: left;"><strong>Quelles sont les composantes institutionnelles des régimes politiques démocratiques ?</strong></p>
<p><strong>Notions :</strong> Régime parlementaire, régime semi-présidentiel, régime présidentiel.</p>
<p><strong>Indications complémentaires :</strong> Largement ouvert à des illustrations historiques et<br />
comparées, ce thème sensibilisera les élèves à la diversité des solutions constitutionnelles mises en œuvre dans les démocraties occidentales pour séparer le pouvoir exécutif du pouvoir législatif.</p>
<p><strong>Acquis de première :</strong> État de droit.</p>
<p>&nbsp;</p>
<h4><strong>Ressources vidéos</strong></h4>
<p>Vidéo 1 : Le régime présidentiel</p>
<p><iframe loading="lazy" src="https://www.youtube.com/embed/ePAQuFH9SgU" width="560" height="315" frameborder="0" allowfullscreen="allowfullscreen"></iframe></p>
<p>Vidéo 2 : Le régime parlementaire</p>
<p><iframe loading="lazy" src="https://www.youtube.com/embed/SisZ1dO4-kA" width="560" height="315" frameborder="0" allowfullscreen="allowfullscreen"></iframe></p>
<p>Vidéo 3 : les régimes semi-présidentiels</p>
<p><iframe loading="lazy" width="560" height="315" src="https://www.youtube.com/embed/GURjrz_W2IM" frameborder="0" allow="autoplay; encrypted-media" allowfullscreen></iframe></p>
<p><iframe loading="lazy" width="560" height="315" src="https://www.youtube.com/embed/yZWNbWwdD8U" frameborder="0" allow="autoplay; encrypted-media" allowfullscreen></iframe></p>
<p><iframe loading="lazy" width="560" height="315" src="https://www.youtube.com/embed/nQ88_EOmlJU" frameborder="0" allow="autoplay; encrypted-media" allowfullscreen></iframe><br />
&nbsp;</p>

<p>Ce que dit le programme : Quelles sont les composantes institutionnelles des régimes politiques démocratiques ? Notions : Régime parlementaire, régime semi-présidentiel, régime présidentiel. Indications complémentaires : Largement ouvert à des illustrations historiques et comparées, ce thème sensibilisera les élèves à la diversité des solutions constitutionnelles mises en œuvre dans les démocraties occidentales pour séparer [&hellip;]</p>
