{"id":148,"date":"2017-07-19T15:29:47","date_gmt":"2017-07-19T13:29:47","guid":{"rendered":"http:\/\/ses-lfz.ch\/sesnet\/?page_id=148"},"modified":"2018-04-22T09:29:42","modified_gmt":"2018-04-22T07:29:42","slug":"chapitre-7-construction-europeenne-et-action-publique","status":"publish","type":"page","link":"http:\/\/ses-lfz.ch\/sesnet\/seconde-2-ses\/chapitre-7-construction-europeenne-et-action-publique\/","title":{"rendered":"Chapitre 7 : Construction europ\u00e9enne et action publique"},"content":{"rendered":"<h4>Ce que dit le programme :<\/h4>\n<p><strong>Th\u00e8mes et questionnements : <\/strong>Quel est l&rsquo;impact de<br \/>\nla construction europ\u00e9enne sur l&rsquo;action publique ?<strong><br \/>\n<\/strong><\/p>\n<p><strong>Notions :<\/strong> Principe de subsidiarit\u00e9, gouvernance multi-niveaux.<strong><br \/>\n<\/strong><\/p>\n<p><strong>Indications compl\u00e9mentaires : <\/strong>On pr\u00e9sentera les caract\u00e9ristiques institutionnelles<br \/>\n(Parlement europ\u00e9en, Commission europ\u00e9enne, Conseil europ\u00e9en) et politiques de l&rsquo;Union europ\u00e9enne. \u00c0 partir de quelques exemples, on pr\u00e9sentera les effets de la construction europ\u00e9enne sur la conduite de l&rsquo;action publique.<strong><br \/>\n<\/strong><\/p>\n<p><strong>Acquis de premi\u00e8re :<\/strong> action publique.<\/p>\n<h4>Ressources vid\u00e9os :<\/h4>\n<p><iframe loading=\"lazy\" width=\"560\" height=\"315\" src=\"https:\/\/www.youtube.com\/embed\/wEScrKBbmxk\" frameborder=\"0\" allow=\"autoplay; encrypted-media\" allowfullscreen><\/iframe><\/p>\n<p><iframe loading=\"lazy\" width=\"560\" height=\"315\" src=\"https:\/\/www.youtube.com\/embed\/wEScrKBbmxk\" frameborder=\"0\" allow=\"autoplay; encrypted-media\" allowfullscreen><\/iframe><br \/>\n&nbsp;<\/p>\n","protected":false},"excerpt":{"rendered":"<p>Ce que dit le programme : Th\u00e8mes et questionnements : Quel est l&rsquo;impact de la construction europ\u00e9enne sur l&rsquo;action publique ? Notions : Principe de subsidiarit\u00e9, gouvernance multi-niveaux. Indications compl\u00e9mentaires : On pr\u00e9sentera les caract\u00e9ristiques institutionnelles (Parlement europ\u00e9en, Commission europ\u00e9enne, Conseil europ\u00e9en) et politiques de l&rsquo;Union europ\u00e9enne. \u00c0 partir de quelques exemples, on pr\u00e9sentera les [&hellip;]<\/p>\n","protected":false},"author":1,"featured_media":0,"parent":11,"menu_order":0,"comment_status":"closed","ping_status":"closed","template":"","meta":{"footnotes":""},"_links":{"self":[{"href":"http:\/\/ses-lfz.ch\/sesnet\/wp-json\/wp\/v2\/pages\/148"}],"collection":[{"href":"http:\/\/ses-lfz.ch\/sesnet\/wp-json\/wp\/v2\/pages"}],"about":[{"href":"http:\/\/ses-lfz.ch\/sesnet\/wp-json\/wp\/v2\/types\/page"}],"author":[{"embeddable":true,"href":"http:\/\/ses-lfz.ch\/sesnet\/wp-json\/wp\/v2\/users\/1"}],"replies":[{"embeddable":true,"href":"http:\/\/ses-lfz.ch\/sesnet\/wp-json\/wp\/v2\/comments?post=148"}],"version-history":[{"count":5,"href":"http:\/\/ses-lfz.ch\/sesnet\/wp-json\/wp\/v2\/pages\/148\/revisions"}],"predecessor-version":[{"id":1104,"href":"http:\/\/ses-lfz.ch\/sesnet\/wp-json\/wp\/v2\/pages\/148\/revisions\/1104"}],"up":[{"embeddable":true,"href":"http:\/\/ses-lfz.ch\/sesnet\/wp-json\/wp\/v2\/pages\/11"}],"wp:attachment":[{"href":"http:\/\/ses-lfz.ch\/sesnet\/wp-json\/wp\/v2\/media?parent=148"}],"curies":[{"name":"wp","href":"https:\/\/api.w.org\/{rel}","templated":true}]}}

Chapitre 7 : Construction européenne et action publique

<h4>Ce que dit le programme :</h4>
<p><strong>Thèmes et questionnements : </strong>Quel est l&rsquo;impact de<br />
la construction européenne sur l&rsquo;action publique ?<strong><br />
</strong></p>
<p><strong>Notions :</strong> Principe de subsidiarité, gouvernance multi-niveaux.<strong><br />
</strong></p>
<p><strong>Indications complémentaires : </strong>On présentera les caractéristiques institutionnelles<br />
(Parlement européen, Commission européenne, Conseil européen) et politiques de l&rsquo;Union européenne. À partir de quelques exemples, on présentera les effets de la construction européenne sur la conduite de l&rsquo;action publique.<strong><br />
</strong></p>
<p><strong>Acquis de première :</strong> action publique.</p>
<h4>Ressources vidéos :</h4>
<p><iframe loading="lazy" width="560" height="315" src="https://www.youtube.com/embed/wEScrKBbmxk" frameborder="0" allow="autoplay; encrypted-media" allowfullscreen></iframe></p>
<p><iframe loading="lazy" width="560" height="315" src="https://www.youtube.com/embed/wEScrKBbmxk" frameborder="0" allow="autoplay; encrypted-media" allowfullscreen></iframe><br />
&nbsp;</p>

<p>Ce que dit le programme : Thèmes et questionnements : Quel est l&rsquo;impact de la construction européenne sur l&rsquo;action publique ? Notions : Principe de subsidiarité, gouvernance multi-niveaux. Indications complémentaires : On présentera les caractéristiques institutionnelles (Parlement européen, Commission européenne, Conseil européen) et politiques de l&rsquo;Union européenne. À partir de quelques exemples, on présentera les [&hellip;]</p>
