{"id":243,"date":"2017-09-05T23:33:18","date_gmt":"2017-09-05T21:33:18","guid":{"rendered":"http:\/\/ses-lfz.ch\/sesnet\/?page_id=243"},"modified":"2017-09-05T23:45:53","modified_gmt":"2017-09-05T21:45:53","slug":"programme-emc-terminale","status":"publish","type":"page","link":"http:\/\/ses-lfz.ch\/sesnet\/emc\/emc-terminale\/programme-emc-terminale\/","title":{"rendered":"Programme EMC Terminale"},"content":{"rendered":"<p><strong>L&rsquo;enseignement moral et civique<\/strong><\/p>\n<p>Inscrit dans la continuit\u00e9 de l&rsquo;enseignement dispens\u00e9 \u00e0 l&rsquo;\u00e9cole primaire et au coll\u00e8ge, l&rsquo;enseignement moral et civique embrasse les quatre dimensions de ce que doit \u00eatre une culture morale et civique :<br \/>\n&#8211; la formation d&rsquo;une conscience morale,<br \/>\n&#8211; la compr\u00e9hension du r\u00f4le de la r\u00e8gle et du droit,<br \/>\n&#8211; l&rsquo;exercice du jugement critique,<br \/>\n&#8211; le sens de l&rsquo;engagement.<\/p>\n<p>Les valeurs et les concepts appr\u00e9hend\u00e9s dans les ann\u00e9es pass\u00e9es doivent \u00eatre approfondis au lyc\u00e9e.<br \/>\nAu lyc\u00e9e, les \u00e9l\u00e8ves deviennent r\u00e9ellement capables de peser leurs responsabilit\u00e9s personnelles et collectives. L&rsquo;enseignement moral et civique prend en compte cette r\u00e9alit\u00e9 en veillant \u00e0 articuler constamment les valeurs, les savoirs et les pratiques. Les jeunes au lyc\u00e9e sont conduits \u00e0 ma\u00eetriser les conditions de l&rsquo;autonomie de jugement et \u00e0 acqu\u00e9rir une claire conscience de leur responsabilit\u00e9 morale individuelle et collective. Ils s&rsquo;inscrivent \u00e9galement dans deux registres de citoyennet\u00e9 : l&rsquo;un qui vise \u00e0 cultiver le sentiment d&rsquo;appartenance \u00e0 la communaut\u00e9 des citoyens, l&rsquo;autre qui d\u00e9veloppe la volont\u00e9 de participer \u00e0 la vie d\u00e9mocratique et peut d\u00e9j\u00e0 trouver \u00e0 s&rsquo;exercer en milieu scolaire.<\/p>\n<p>Nombre d&rsquo;\u00e9l\u00e8ves atteignent l&rsquo;\u00e2ge de la majorit\u00e9 au lyc\u00e9e et acqui\u00e8rent le droit de vote. Il ne faut pas oublier \u00e9galement que le l\u00e9gislateur donne deux missions pr\u00e9cises \u00e0 cet enseignement. La loi du 27 octobre 1997, portant r\u00e9forme du service national, fait obligation \u00e0 l&rsquo;\u00e9ducation nationale d&rsquo;assurer une \u00e9ducation \u00e0 la d\u00e9fense (c&rsquo;est au cours de la scolarit\u00e9 au lyc\u00e9e qu&rsquo;a lieu la Journ\u00e9e d\u00e9fense et citoyennet\u00e9). Ensuite, en application de la loi du 16 mars 1998, relative \u00e0 la nationalit\u00e9, celle-ci doit \u00e9galement assumer la pr\u00e9sentation des principes fondamentaux qui r\u00e9gissent la nationalit\u00e9 fran\u00e7aise.<\/p>\n<p>Le programme propose une progression p\u00e9dagogique offrant \u00e0 chaque niveau une logique directrice : \u00ab La personne et l&rsquo;\u00c9tat de droit \u00bb et \u00ab \u00c9galit\u00e9 et discrimination \u00bb en classe de seconde, \u00ab Exercer sa citoyennet\u00e9 dans la R\u00e9publique fran\u00e7aise et l&rsquo;Union europ\u00e9enne \u00bb et \u00ab Les enjeux moraux et civiques de la soci\u00e9t\u00e9 de l&rsquo;information \u00bb en classe de premi\u00e8re, \u00ab Pluralisme des croyances et la\u00efcit\u00e9 \u00bb et \u00ab Biologie, \u00e9thique, soci\u00e9t\u00e9 et environnement \u00bb en classe terminale.<\/p>\n<p>Quatre types de comp\u00e9tences sont \u00e9valu\u00e9s : identifier et expliciter les valeurs \u00e9thiques et les principes civiques en jeu ; mobiliser les connaissances exigibles ; d\u00e9velopper l&rsquo;expression personnelle, l&rsquo;argumentation et le sens critique ; s&rsquo;impliquer dans le travail en \u00e9quipe.<\/p>\n<p>Les m\u00e9thodes p\u00e9dagogiques utilis\u00e9es dans l&rsquo;ECJS, principalement les d\u00e9bats argument\u00e9s, se pr\u00eatent particuli\u00e8rement aux objectifs et \u00e0 l&rsquo;esprit du programme. Il faut en respecter les r\u00e8gles pour leur efficacit\u00e9. La pr\u00e9paration demande le recours \u00e0 des sources documentaires vari\u00e9es, qui rel\u00e8vent de diverses disciplines, et qui peuvent \u00eatre exploit\u00e9es au mieux avec les ressources du CDI. L&rsquo;organisation du travail pr\u00e9paratoire au d\u00e9bat peut mobiliser des techniques diverses selon le sujet abord\u00e9 : dossiers de presse, recherches en collaboration avec le professeur documentaliste, expos\u00e9s pr\u00e9paratoires, etc. Il s&rsquo;agit de contribuer \u00e0 former l&rsquo;esprit critique des \u00e9l\u00e8ves et de les conduire \u00e0 \u00e9laborer des argumentaires construits et pertinents favorisant la confrontation de points de vue singuliers. Enfin tout d\u00e9bat argument\u00e9 doit donner lieu \u00e0 une r\u00e9flexion r\u00e9trospective en classe.<\/p>\n<p><a href=\"http:\/\/ses-lfz.ch\/sesnet\/wp-content\/uploads\/2017\/09\/Les-th\u00e8mes-du-programme-dEMC-en-classe-de-terminale.pdf\">Les th\u00e8mes du programme d&rsquo;EMC en classe de terminale<\/a><\/p>\n","protected":false},"excerpt":{"rendered":"<p>L&rsquo;enseignement moral et civique Inscrit dans la continuit\u00e9 de l&rsquo;enseignement dispens\u00e9 \u00e0 l&rsquo;\u00e9cole primaire et au coll\u00e8ge, l&rsquo;enseignement moral et civique embrasse les quatre dimensions de ce que doit \u00eatre une culture morale et civique : &#8211; la formation d&rsquo;une conscience morale, &#8211; la compr\u00e9hension du r\u00f4le de la r\u00e8gle et du droit, &#8211; l&rsquo;exercice [&hellip;]<\/p>\n","protected":false},"author":1,"featured_media":0,"parent":13,"menu_order":0,"comment_status":"closed","ping_status":"closed","template":"","meta":{"footnotes":""},"_links":{"self":[{"href":"http:\/\/ses-lfz.ch\/sesnet\/wp-json\/wp\/v2\/pages\/243"}],"collection":[{"href":"http:\/\/ses-lfz.ch\/sesnet\/wp-json\/wp\/v2\/pages"}],"about":[{"href":"http:\/\/ses-lfz.ch\/sesnet\/wp-json\/wp\/v2\/types\/page"}],"author":[{"embeddable":true,"href":"http:\/\/ses-lfz.ch\/sesnet\/wp-json\/wp\/v2\/users\/1"}],"replies":[{"embeddable":true,"href":"http:\/\/ses-lfz.ch\/sesnet\/wp-json\/wp\/v2\/comments?post=243"}],"version-history":[{"count":4,"href":"http:\/\/ses-lfz.ch\/sesnet\/wp-json\/wp\/v2\/pages\/243\/revisions"}],"predecessor-version":[{"id":252,"href":"http:\/\/ses-lfz.ch\/sesnet\/wp-json\/wp\/v2\/pages\/243\/revisions\/252"}],"up":[{"embeddable":true,"href":"http:\/\/ses-lfz.ch\/sesnet\/wp-json\/wp\/v2\/pages\/13"}],"wp:attachment":[{"href":"http:\/\/ses-lfz.ch\/sesnet\/wp-json\/wp\/v2\/media?parent=243"}],"curies":[{"name":"wp","href":"https:\/\/api.w.org\/{rel}","templated":true}]}}

<p><strong>L&rsquo;enseignement moral et civique</strong></p>
<p>Inscrit dans la continuité de l&rsquo;enseignement dispensé à l&rsquo;école primaire et au collège, l&rsquo;enseignement moral et civique embrasse les quatre dimensions de ce que doit être une culture morale et civique :<br />
&#8211; la formation d&rsquo;une conscience morale,<br />
&#8211; la compréhension du rôle de la règle et du droit,<br />
&#8211; l&rsquo;exercice du jugement critique,<br />
&#8211; le sens de l&rsquo;engagement.</p>
<p>Les valeurs et les concepts appréhendés dans les années passées doivent être approfondis au lycée.<br />
Au lycée, les élèves deviennent réellement capables de peser leurs responsabilités personnelles et collectives. L&rsquo;enseignement moral et civique prend en compte cette réalité en veillant à articuler constamment les valeurs, les savoirs et les pratiques. Les jeunes au lycée sont conduits à maîtriser les conditions de l&rsquo;autonomie de jugement et à acquérir une claire conscience de leur responsabilité morale individuelle et collective. Ils s&rsquo;inscrivent également dans deux registres de citoyenneté : l&rsquo;un qui vise à cultiver le sentiment d&rsquo;appartenance à la communauté des citoyens, l&rsquo;autre qui développe la volonté de participer à la vie démocratique et peut déjà trouver à s&rsquo;exercer en milieu scolaire.</p>
<p>Nombre d&rsquo;élèves atteignent l&rsquo;âge de la majorité au lycée et acquièrent le droit de vote. Il ne faut pas oublier également que le législateur donne deux missions précises à cet enseignement. La loi du 27 octobre 1997, portant réforme du service national, fait obligation à l&rsquo;éducation nationale d&rsquo;assurer une éducation à la défense (c&rsquo;est au cours de la scolarité au lycée qu&rsquo;a lieu la Journée défense et citoyenneté). Ensuite, en application de la loi du 16 mars 1998, relative à la nationalité, celle-ci doit également assumer la présentation des principes fondamentaux qui régissent la nationalité française.</p>
<p>Le programme propose une progression pédagogique offrant à chaque niveau une logique directrice : « La personne et l&rsquo;État de droit » et « Égalité et discrimination » en classe de seconde, « Exercer sa citoyenneté dans la République française et l&rsquo;Union européenne » et « Les enjeux moraux et civiques de la société de l&rsquo;information » en classe de première, « Pluralisme des croyances et laïcité » et « Biologie, éthique, société et environnement » en classe terminale.</p>
<p>Quatre types de compétences sont évalués : identifier et expliciter les valeurs éthiques et les principes civiques en jeu ; mobiliser les connaissances exigibles ; développer l&rsquo;expression personnelle, l&rsquo;argumentation et le sens critique ; s&rsquo;impliquer dans le travail en équipe.</p>
<p>Les méthodes pédagogiques utilisées dans l&rsquo;ECJS, principalement les débats argumentés, se prêtent particulièrement aux objectifs et à l&rsquo;esprit du programme. Il faut en respecter les règles pour leur efficacité. La préparation demande le recours à des sources documentaires variées, qui relèvent de diverses disciplines, et qui peuvent être exploitées au mieux avec les ressources du CDI. L&rsquo;organisation du travail préparatoire au débat peut mobiliser des techniques diverses selon le sujet abordé : dossiers de presse, recherches en collaboration avec le professeur documentaliste, exposés préparatoires, etc. Il s&rsquo;agit de contribuer à former l&rsquo;esprit critique des élèves et de les conduire à élaborer des argumentaires construits et pertinents favorisant la confrontation de points de vue singuliers. Enfin tout débat argumenté doit donner lieu à une réflexion rétrospective en classe.</p>
<p><a href="http://ses-lfz.ch/sesnet/wp-content/uploads/2017/09/Les-thèmes-du-programme-dEMC-en-classe-de-terminale.pdf">Les thèmes du programme d&rsquo;EMC en classe de terminale</a></p>

<p>L&rsquo;enseignement moral et civique Inscrit dans la continuité de l&rsquo;enseignement dispensé à l&rsquo;école primaire et au collège, l&rsquo;enseignement moral et civique embrasse les quatre dimensions de ce que doit être une culture morale et civique : &#8211; la formation d&rsquo;une conscience morale, &#8211; la compréhension du rôle de la règle et du droit, &#8211; l&rsquo;exercice [&hellip;]</p>
