{"id":271,"date":"2017-09-08T08:04:41","date_gmt":"2017-09-08T06:04:41","guid":{"rendered":"http:\/\/ses-lfz.ch\/sesnet\/?page_id=271"},"modified":"2018-10-07T15:11:54","modified_gmt":"2018-10-07T13:11:54","slug":"ce-que-dit-le-programme","status":"publish","type":"page","link":"http:\/\/ses-lfz.ch\/sesnet\/premiere-es\/chapitre-1-les-grandes-questions-des-economistes\/ce-que-dit-le-programme\/","title":{"rendered":"Ce que dit le programme"},"content":{"rendered":"<p><strong>Chapitre 1\u00a0: Les grandes questions des \u00e9conomistes<\/strong><\/p>\n<p><strong>I\u00a0: Dans un monde aux ressources limit\u00e9es, comment faire des choix ?<\/strong><\/p>\n<p><strong><em><u>Notions\u00a0:<\/u><\/em><em> Utilit\u00e9, contrainte budg\u00e9taire, prix relatif<\/em><\/strong><\/p>\n<p><strong><em><u>Indications compl\u00e9mentaires\u00a0:<\/u><\/em><\/strong><em> \u00c0 partir d&rsquo;exemples simples (choix de forfaits t\u00e9l\u00e9phoniques, formule \u00ab \u00e0 volont\u00e9 \u00bb dans la restauration, utilit\u00e9 de l&rsquo;eau dans divers environnements, etc.), on introduira les notions de raret\u00e9 et d&rsquo;utilit\u00e9 marginale, en insistant sur la subjectivit\u00e9 des go\u00fbts. On s&rsquo;appuiera sur une repr\u00e9sentation graphique simple de la contrainte budg\u00e9taire pour caract\u00e9riser les principaux d\u00e9terminants des choix, sans \u00e9voquer les courbes d&rsquo;indiff\u00e9rence. Il s&rsquo;agit d&rsquo;illustrer la d\u00e9marche de l&rsquo;\u00e9conomiste qui mod\u00e9lise des situations dans lesquelles les individus sont confront\u00e9s \u00e0 la n\u00e9cessit\u00e9 de faire des choix de consommation ou d&rsquo;usage de leur temps (par exemple).<\/em><\/p>\n<p><strong>II\u00a0: Que produit-on et comment le mesure-t-on ?<\/strong><\/p>\n<p><strong><em><u>Notions\u00a0:<\/u><\/em><em> Production marchande et non marchande, valeur ajout\u00e9e<\/em><\/strong><\/p>\n<p><strong><em><u>Indications compl\u00e9mentaires\u00a0:<\/u><\/em><\/strong><em> On sensibilisera les \u00e9l\u00e8ves \u00e0 la diversit\u00e9 des modes de production des biens et services et de leur mise \u00e0 la disposition des consommateurs. On s&rsquo;int\u00e9ressera aux probl\u00e8mes pos\u00e9s par la mesure de la valeur ajout\u00e9e.<\/em><\/p>\n<p><strong>III : Comment r\u00e9partir les revenus et la richesse ?<\/strong><\/p>\n<p><strong><em><u>Notions\u00a0:<\/u><\/em><\/strong><em> Salaire, profit, revenus de transfert<\/em><\/p>\n<p><strong><em><u>Indications compl\u00e9mentaires\u00a0:<\/u><\/em><\/strong><em> La production engendre des revenus qui sont r\u00e9partis entre les agents qui y contribuent par leur travail ou leur apport en capital. On introduira la distinction entre cette r\u00e9partition primaire des revenus et la r\u00e9partition<\/em><\/p>\n<p><strong>IV : Quels sont les grands \u00e9quilibres macro\u00e9conomiques ?<\/strong><\/p>\n<p><strong><em><u>Notions\u00a0: <\/u><\/em><em>\u00c9quilibre emplois\/ressources<\/em><\/strong><\/p>\n<p><em><u><strong>Indications compl\u00e9mentaires\u00a0:<\/strong> <\/u><\/em><em>La mesure et l&rsquo;analyse de l&rsquo;activit\u00e9 d&rsquo;une \u00e9conomie nationale et de ses principales composantes seront pr\u00e9sent\u00e9es simplement. On pr\u00e9sentera l&rsquo;\u00e9quilibre<\/em><\/p>\n<p><em>emplois-ressources, en \u00e9conomie ouverte, et on pourra \u00e9voquer les sources de possibles d\u00e9s\u00e9quilibres.<\/em><\/p>\n","protected":false},"excerpt":{"rendered":"<p>Chapitre 1\u00a0: Les grandes questions des \u00e9conomistes I\u00a0: Dans un monde aux ressources limit\u00e9es, comment faire des choix ? Notions\u00a0: Utilit\u00e9, contrainte budg\u00e9taire, prix relatif Indications compl\u00e9mentaires\u00a0: \u00c0 partir d&rsquo;exemples simples (choix de forfaits t\u00e9l\u00e9phoniques, formule \u00ab \u00e0 volont\u00e9 \u00bb dans la restauration, utilit\u00e9 de l&rsquo;eau dans divers environnements, etc.), on introduira les notions de [&hellip;]<\/p>\n","protected":false},"author":1,"featured_media":0,"parent":90,"menu_order":0,"comment_status":"closed","ping_status":"closed","template":"","meta":{"footnotes":""},"_links":{"self":[{"href":"http:\/\/ses-lfz.ch\/sesnet\/wp-json\/wp\/v2\/pages\/271"}],"collection":[{"href":"http:\/\/ses-lfz.ch\/sesnet\/wp-json\/wp\/v2\/pages"}],"about":[{"href":"http:\/\/ses-lfz.ch\/sesnet\/wp-json\/wp\/v2\/types\/page"}],"author":[{"embeddable":true,"href":"http:\/\/ses-lfz.ch\/sesnet\/wp-json\/wp\/v2\/users\/1"}],"replies":[{"embeddable":true,"href":"http:\/\/ses-lfz.ch\/sesnet\/wp-json\/wp\/v2\/comments?post=271"}],"version-history":[{"count":2,"href":"http:\/\/ses-lfz.ch\/sesnet\/wp-json\/wp\/v2\/pages\/271\/revisions"}],"predecessor-version":[{"id":1258,"href":"http:\/\/ses-lfz.ch\/sesnet\/wp-json\/wp\/v2\/pages\/271\/revisions\/1258"}],"up":[{"embeddable":true,"href":"http:\/\/ses-lfz.ch\/sesnet\/wp-json\/wp\/v2\/pages\/90"}],"wp:attachment":[{"href":"http:\/\/ses-lfz.ch\/sesnet\/wp-json\/wp\/v2\/media?parent=271"}],"curies":[{"name":"wp","href":"https:\/\/api.w.org\/{rel}","templated":true}]}}

<p><strong>Chapitre 1 : Les grandes questions des économistes</strong></p>
<p><strong>I : Dans un monde aux ressources limitées, comment faire des choix ?</strong></p>
<p><strong><em><u>Notions :</u></em><em> Utilité, contrainte budgétaire, prix relatif</em></strong></p>
<p><strong><em><u>Indications complémentaires :</u></em></strong><em> À partir d&rsquo;exemples simples (choix de forfaits téléphoniques, formule « à volonté » dans la restauration, utilité de l&rsquo;eau dans divers environnements, etc.), on introduira les notions de rareté et d&rsquo;utilité marginale, en insistant sur la subjectivité des goûts. On s&rsquo;appuiera sur une représentation graphique simple de la contrainte budgétaire pour caractériser les principaux déterminants des choix, sans évoquer les courbes d&rsquo;indifférence. Il s&rsquo;agit d&rsquo;illustrer la démarche de l&rsquo;économiste qui modélise des situations dans lesquelles les individus sont confrontés à la nécessité de faire des choix de consommation ou d&rsquo;usage de leur temps (par exemple).</em></p>
<p><strong>II : Que produit-on et comment le mesure-t-on ?</strong></p>
<p><strong><em><u>Notions :</u></em><em> Production marchande et non marchande, valeur ajoutée</em></strong></p>
<p><strong><em><u>Indications complémentaires :</u></em></strong><em> On sensibilisera les élèves à la diversité des modes de production des biens et services et de leur mise à la disposition des consommateurs. On s&rsquo;intéressera aux problèmes posés par la mesure de la valeur ajoutée.</em></p>
<p><strong>III : Comment répartir les revenus et la richesse ?</strong></p>
<p><strong><em><u>Notions :</u></em></strong><em> Salaire, profit, revenus de transfert</em></p>
<p><strong><em><u>Indications complémentaires :</u></em></strong><em> La production engendre des revenus qui sont répartis entre les agents qui y contribuent par leur travail ou leur apport en capital. On introduira la distinction entre cette répartition primaire des revenus et la répartition</em></p>
<p><strong>IV : Quels sont les grands équilibres macroéconomiques ?</strong></p>
<p><strong><em><u>Notions : </u></em><em>Équilibre emplois/ressources</em></strong></p>
<p><em><u><strong>Indications complémentaires :</strong> </u></em><em>La mesure et l&rsquo;analyse de l&rsquo;activité d&rsquo;une économie nationale et de ses principales composantes seront présentées simplement. On présentera l&rsquo;équilibre</em></p>
<p><em>emplois-ressources, en économie ouverte, et on pourra évoquer les sources de possibles déséquilibres.</em></p>

<p>Chapitre 1 : Les grandes questions des économistes I : Dans un monde aux ressources limitées, comment faire des choix ? Notions : Utilité, contrainte budgétaire, prix relatif Indications complémentaires : À partir d&rsquo;exemples simples (choix de forfaits téléphoniques, formule « à volonté » dans la restauration, utilité de l&rsquo;eau dans divers environnements, etc.), on introduira les notions de [&hellip;]</p>
