{"id":278,"date":"2017-09-08T08:08:21","date_gmt":"2017-09-08T06:08:21","guid":{"rendered":"http:\/\/ses-lfz.ch\/sesnet\/?page_id=278"},"modified":"2018-10-07T15:19:42","modified_gmt":"2018-10-07T13:19:42","slug":"videos","status":"publish","type":"page","link":"http:\/\/ses-lfz.ch\/sesnet\/premiere-es\/chapitre-1-les-grandes-questions-des-economistes\/videos\/","title":{"rendered":"vid\u00e9os"},"content":{"rendered":"<p><strong>Vid\u00e9o 1 : la notion de besoin. Produire un bien ou un service doit avant tout r\u00e9pondre \u00e0 un besoin<\/strong><\/p>\n<p><iframe loading=\"lazy\" width=\"656\" height=\"369\" src=\"https:\/\/www.youtube.com\/embed\/P86Wq79E3pU?feature=oembed\" frameborder=\"0\" allow=\"autoplay; encrypted-media\" allowfullscreen><\/iframe><\/p>\n<p><strong>Vid\u00e9o 2 : <\/strong><strong>Dans un monde aux ressources limit\u00e9es, comment faire des choix ?<\/strong><\/p>\n<p><iframe loading=\"lazy\" src=\"https:\/\/www.youtube.com\/embed\/pRpRGj3rE-s\" width=\"560\" height=\"315\" frameborder=\"0\" allowfullscreen=\"allowfullscreen\"><\/iframe><\/p>\n<p><strong>Vid\u00e9o 3 : <\/strong><strong>Que produit on et comment le mesure-t-on ?<\/strong><\/p>\n<p><iframe loading=\"lazy\" src=\"https:\/\/www.youtube.com\/embed\/WvgmNsTTKLA\" width=\"560\" height=\"315\" frameborder=\"0\" allowfullscreen=\"allowfullscreen\"><\/iframe><br \/>\n<strong>\u00a0<\/strong><\/p>\n<p><strong>Vid\u00e9o 4 : <\/strong><strong>Comment r\u00e9partir les revenus et la richesse<\/strong><\/p>\n<p><iframe loading=\"lazy\" width=\"560\" height=\"315\" src=\"https:\/\/www.youtube.com\/embed\/xYkhPVOmz7M\" frameborder=\"0\" allow=\"autoplay; encrypted-media\" allowfullscreen><\/iframe><br \/>\n&nbsp;<\/p>\n<p><strong>\u00a0<\/strong><\/p>\n<h3 class=\"title-and-badge style-scope ytd-video-renderer\"><\/h3>\n<p><strong>Vid\u00e9o 5 : Le calcul de la valeur ajout\u00e9e<\/strong><\/p>\n<p><iframe loading=\"lazy\" width=\"656\" height=\"492\" src=\"https:\/\/www.youtube.com\/embed\/Tv9FNmMQbw8?feature=oembed\" frameborder=\"0\" allow=\"autoplay; encrypted-media\" allowfullscreen><\/iframe><\/p>\n<p><strong>Vid\u00e9o 6 : Le partage de la valeur ajout\u00e9e<\/strong><\/p>\n<p><iframe loading=\"lazy\" src=\"https:\/\/www.youtube.com\/embed\/woe00HX833M\" width=\"560\" height=\"315\" frameborder=\"0\" allowfullscreen=\"allowfullscreen\"><\/iframe><\/p>\n<p><strong>Vid\u00e9o 7 : Le circuit \u00e9conomique<\/strong><\/p>\n<p><iframe loading=\"lazy\" src=\"https:\/\/www.youtube.com\/embed\/06DnEsZJt9M\" width=\"560\" height=\"315\" frameborder=\"0\" allowfullscreen=\"allowfullscreen\"><\/iframe><\/p>\n<p><strong>Vid\u00e9o 8 : L&rsquo;\u00e9quilibre emplois-ressources<\/strong><\/p>\n<p><iframe loading=\"lazy\" src=\"https:\/\/www.youtube.com\/embed\/lfqaZeXW5Zk\" width=\"560\" height=\"315\" frameborder=\"0\" allowfullscreen=\"allowfullscreen\"><\/iframe><\/p>\n<p><strong>Vid\u00e9o 9 : l&rsquo;\u00e9quilibre emplois-ressources (version plus longue et plus pr\u00e9cise)<\/strong><\/p>\n<p><iframe loading=\"lazy\" src=\"https:\/\/www.youtube.com\/embed\/0UpRwMKzbH8\" width=\"560\" height=\"315\" frameborder=\"0\" allowfullscreen=\"allowfullscreen\"><\/iframe><\/p>\n<p>&nbsp;<\/p>\n<p>&nbsp;<\/p>\n","protected":false},"excerpt":{"rendered":"<p>Vid\u00e9o 1 : la notion de besoin. Produire un bien ou un service doit avant tout r\u00e9pondre \u00e0 un besoin Vid\u00e9o 2 : Dans un monde aux ressources limit\u00e9es, comment faire des choix ? Vid\u00e9o 3 : Que produit on et comment le mesure-t-on ? \u00a0 Vid\u00e9o 4 : Comment r\u00e9partir les revenus et la [&hellip;]<\/p>\n","protected":false},"author":1,"featured_media":0,"parent":90,"menu_order":0,"comment_status":"closed","ping_status":"closed","template":"","meta":{"footnotes":""},"_links":{"self":[{"href":"http:\/\/ses-lfz.ch\/sesnet\/wp-json\/wp\/v2\/pages\/278"}],"collection":[{"href":"http:\/\/ses-lfz.ch\/sesnet\/wp-json\/wp\/v2\/pages"}],"about":[{"href":"http:\/\/ses-lfz.ch\/sesnet\/wp-json\/wp\/v2\/types\/page"}],"author":[{"embeddable":true,"href":"http:\/\/ses-lfz.ch\/sesnet\/wp-json\/wp\/v2\/users\/1"}],"replies":[{"embeddable":true,"href":"http:\/\/ses-lfz.ch\/sesnet\/wp-json\/wp\/v2\/comments?post=278"}],"version-history":[{"count":20,"href":"http:\/\/ses-lfz.ch\/sesnet\/wp-json\/wp\/v2\/pages\/278\/revisions"}],"predecessor-version":[{"id":1260,"href":"http:\/\/ses-lfz.ch\/sesnet\/wp-json\/wp\/v2\/pages\/278\/revisions\/1260"}],"up":[{"embeddable":true,"href":"http:\/\/ses-lfz.ch\/sesnet\/wp-json\/wp\/v2\/pages\/90"}],"wp:attachment":[{"href":"http:\/\/ses-lfz.ch\/sesnet\/wp-json\/wp\/v2\/media?parent=278"}],"curies":[{"name":"wp","href":"https:\/\/api.w.org\/{rel}","templated":true}]}}

vidéos

<p><strong>Vidéo 1 : la notion de besoin. Produire un bien ou un service doit avant tout répondre à un besoin</strong></p>
<p><iframe loading="lazy" width="656" height="369" src="https://www.youtube.com/embed/P86Wq79E3pU?feature=oembed" frameborder="0" allow="autoplay; encrypted-media" allowfullscreen></iframe></p>
<p><strong>Vidéo 2 : </strong><strong>Dans un monde aux ressources limitées, comment faire des choix ?</strong></p>
<p><iframe loading="lazy" src="https://www.youtube.com/embed/pRpRGj3rE-s" width="560" height="315" frameborder="0" allowfullscreen="allowfullscreen"></iframe></p>
<p><strong>Vidéo 3 : </strong><strong>Que produit on et comment le mesure-t-on ?</strong></p>
<p><iframe loading="lazy" src="https://www.youtube.com/embed/WvgmNsTTKLA" width="560" height="315" frameborder="0" allowfullscreen="allowfullscreen"></iframe><br />
<strong> </strong></p>
<p><strong>Vidéo 4 : </strong><strong>Comment répartir les revenus et la richesse</strong></p>
<p><iframe loading="lazy" width="560" height="315" src="https://www.youtube.com/embed/xYkhPVOmz7M" frameborder="0" allow="autoplay; encrypted-media" allowfullscreen></iframe><br />
&nbsp;</p>
<p><strong> </strong></p>
<h3 class="title-and-badge style-scope ytd-video-renderer"></h3>
<p><strong>Vidéo 5 : Le calcul de la valeur ajoutée</strong></p>
<p><iframe loading="lazy" width="656" height="492" src="https://www.youtube.com/embed/Tv9FNmMQbw8?feature=oembed" frameborder="0" allow="autoplay; encrypted-media" allowfullscreen></iframe></p>
<p><strong>Vidéo 6 : Le partage de la valeur ajoutée</strong></p>
<p><iframe loading="lazy" src="https://www.youtube.com/embed/woe00HX833M" width="560" height="315" frameborder="0" allowfullscreen="allowfullscreen"></iframe></p>
<p><strong>Vidéo 7 : Le circuit économique</strong></p>
<p><iframe loading="lazy" src="https://www.youtube.com/embed/06DnEsZJt9M" width="560" height="315" frameborder="0" allowfullscreen="allowfullscreen"></iframe></p>
<p><strong>Vidéo 8 : L&rsquo;équilibre emplois-ressources</strong></p>
<p><iframe loading="lazy" src="https://www.youtube.com/embed/lfqaZeXW5Zk" width="560" height="315" frameborder="0" allowfullscreen="allowfullscreen"></iframe></p>
<p><strong>Vidéo 9 : l&rsquo;équilibre emplois-ressources (version plus longue et plus précise)</strong></p>
<p><iframe loading="lazy" src="https://www.youtube.com/embed/0UpRwMKzbH8" width="560" height="315" frameborder="0" allowfullscreen="allowfullscreen"></iframe></p>
<p>&nbsp;</p>
<p>&nbsp;</p>

<p>Vidéo 1 : la notion de besoin. Produire un bien ou un service doit avant tout répondre à un besoin Vidéo 2 : Dans un monde aux ressources limitées, comment faire des choix ? Vidéo 3 : Que produit on et comment le mesure-t-on ?   Vidéo 4 : Comment répartir les revenus et la [&hellip;]</p>
