{"id":317,"date":"2017-09-11T21:45:55","date_gmt":"2017-09-11T19:45:55","guid":{"rendered":"http:\/\/ses-lfz.ch\/sesnet\/?page_id=317"},"modified":"2017-09-11T22:20:36","modified_gmt":"2017-09-11T20:20:36","slug":"ce-que-dit-le-programme","status":"publish","type":"page","link":"http:\/\/ses-lfz.ch\/sesnet\/premiere-es\/chapitre-9-controle-social-et-deviance\/ce-que-dit-le-programme\/","title":{"rendered":"Ce que dit le programme"},"content":{"rendered":"<p><strong>I\u00a0: Comment le contr\u00f4le social s&rsquo;exerce-t-il aujourd&rsquo;hui ?<\/strong><\/p>\n<p><em><u>Notions\u00a0:<\/u><\/em> Contr\u00f4le social formel\/ informel, stigmatisation<\/p>\n<p><em><u>Indications compl\u00e9mentaires\u00a0: <\/u><\/em>On s&rsquo;interrogera sur l&rsquo;\u00e9volution des formes du contr\u00f4le social dans les soci\u00e9t\u00e9s modernes et sur leurs effets. On montrera qu&rsquo;au fur et \u00e0 mesure que les relations sociales deviennent plus impersonnelles, le contr\u00f4le social par des instances sp\u00e9cialis\u00e9es tend \u00e0 pr\u00e9dominer sur le contr\u00f4le informel exerc\u00e9 par les groupes primaires. On pourra s&rsquo;interroger \u00e9galement sur les effets produits par le recours \u00e0 des formes de contr\u00f4le social prenant appui sur les ressources des nouvelles technologies.<\/p>\n<p>&nbsp;<\/p>\n<p><strong>II\u00a0: Quels sont les processus qui conduisent \u00e0 la d\u00e9viance ?<\/strong><\/p>\n<p><em><u>Notions\u00a0:<\/u> <\/em>D\u00e9viance, anomie<\/p>\n<p><em><u>Indications compl\u00e9mentaires\u00a0:<\/u><\/em> On d\u00e9finira la d\u00e9viance comme une transgression des normes et on montrera qu&rsquo;elle peut rev\u00eatir des formes vari\u00e9es selon les soci\u00e9t\u00e9s et, en leur sein, selon les groupes sociaux. On analysera la d\u00e9viance comme le produit d&rsquo;une suite d&rsquo;interactions sociales qui aboutissent \u00e0 \u00ab \u00e9tiqueter \u00bb certains comportements comme d\u00e9viants et, en tant que tels, \u00e0 les sanctionner. On montrera que les comportements d\u00e9viants peuvent aussi s&rsquo;expliquer par des situations d&rsquo;anomie.<\/p>\n<p>&nbsp;<\/p>\n<p><strong>III\u00a0: Comment mesurer le niveau de la d\u00e9linquance ?<\/strong><\/p>\n<p><em><u>Notions\u00a0:<\/u> <\/em>Chiffre noir de la d\u00e9linquance, enqu\u00eate de victimation<\/p>\n<p><em><u>Indications compl\u00e9mentaires\u00a0:<\/u><\/em> On pr\u00e9cisera que la d\u00e9linquance n&rsquo;est qu&rsquo;une forme particuli\u00e8re de d\u00e9viance : celle qui fait l&rsquo;objet d&rsquo;une sanction p\u00e9nale. On s&rsquo;int\u00e9ressera aux modes de construction des statistiques produites par la police et la justice. On confrontera ces donn\u00e9es avec celles que r\u00e9v\u00e8lent les enqu\u00eates de victimation.<\/p>\n<p>&nbsp;<\/p>\n","protected":false},"excerpt":{"rendered":"<p>I\u00a0: Comment le contr\u00f4le social s&rsquo;exerce-t-il aujourd&rsquo;hui ? Notions\u00a0: Contr\u00f4le social formel\/ informel, stigmatisation Indications compl\u00e9mentaires\u00a0: On s&rsquo;interrogera sur l&rsquo;\u00e9volution des formes du contr\u00f4le social dans les soci\u00e9t\u00e9s modernes et sur leurs effets. On montrera qu&rsquo;au fur et \u00e0 mesure que les relations sociales deviennent plus impersonnelles, le contr\u00f4le social par des instances sp\u00e9cialis\u00e9es tend [&hellip;]<\/p>\n","protected":false},"author":1,"featured_media":0,"parent":113,"menu_order":0,"comment_status":"closed","ping_status":"closed","template":"","meta":{"footnotes":""},"_links":{"self":[{"href":"http:\/\/ses-lfz.ch\/sesnet\/wp-json\/wp\/v2\/pages\/317"}],"collection":[{"href":"http:\/\/ses-lfz.ch\/sesnet\/wp-json\/wp\/v2\/pages"}],"about":[{"href":"http:\/\/ses-lfz.ch\/sesnet\/wp-json\/wp\/v2\/types\/page"}],"author":[{"embeddable":true,"href":"http:\/\/ses-lfz.ch\/sesnet\/wp-json\/wp\/v2\/users\/1"}],"replies":[{"embeddable":true,"href":"http:\/\/ses-lfz.ch\/sesnet\/wp-json\/wp\/v2\/comments?post=317"}],"version-history":[{"count":2,"href":"http:\/\/ses-lfz.ch\/sesnet\/wp-json\/wp\/v2\/pages\/317\/revisions"}],"predecessor-version":[{"id":335,"href":"http:\/\/ses-lfz.ch\/sesnet\/wp-json\/wp\/v2\/pages\/317\/revisions\/335"}],"up":[{"embeddable":true,"href":"http:\/\/ses-lfz.ch\/sesnet\/wp-json\/wp\/v2\/pages\/113"}],"wp:attachment":[{"href":"http:\/\/ses-lfz.ch\/sesnet\/wp-json\/wp\/v2\/media?parent=317"}],"curies":[{"name":"wp","href":"https:\/\/api.w.org\/{rel}","templated":true}]}}

<p><strong>I : Comment le contrôle social s&rsquo;exerce-t-il aujourd&rsquo;hui ?</strong></p>
<p><em><u>Notions :</u></em> Contrôle social formel/ informel, stigmatisation</p>
<p><em><u>Indications complémentaires : </u></em>On s&rsquo;interrogera sur l&rsquo;évolution des formes du contrôle social dans les sociétés modernes et sur leurs effets. On montrera qu&rsquo;au fur et à mesure que les relations sociales deviennent plus impersonnelles, le contrôle social par des instances spécialisées tend à prédominer sur le contrôle informel exercé par les groupes primaires. On pourra s&rsquo;interroger également sur les effets produits par le recours à des formes de contrôle social prenant appui sur les ressources des nouvelles technologies.</p>
<p>&nbsp;</p>
<p><strong>II : Quels sont les processus qui conduisent à la déviance ?</strong></p>
<p><em><u>Notions :</u> </em>Déviance, anomie</p>
<p><em><u>Indications complémentaires :</u></em> On définira la déviance comme une transgression des normes et on montrera qu&rsquo;elle peut revêtir des formes variées selon les sociétés et, en leur sein, selon les groupes sociaux. On analysera la déviance comme le produit d&rsquo;une suite d&rsquo;interactions sociales qui aboutissent à « étiqueter » certains comportements comme déviants et, en tant que tels, à les sanctionner. On montrera que les comportements déviants peuvent aussi s&rsquo;expliquer par des situations d&rsquo;anomie.</p>
<p>&nbsp;</p>
<p><strong>III : Comment mesurer le niveau de la délinquance ?</strong></p>
<p><em><u>Notions :</u> </em>Chiffre noir de la délinquance, enquête de victimation</p>
<p><em><u>Indications complémentaires :</u></em> On précisera que la délinquance n&rsquo;est qu&rsquo;une forme particulière de déviance : celle qui fait l&rsquo;objet d&rsquo;une sanction pénale. On s&rsquo;intéressera aux modes de construction des statistiques produites par la police et la justice. On confrontera ces données avec celles que révèlent les enquêtes de victimation.</p>
<p>&nbsp;</p>

<p>I : Comment le contrôle social s&rsquo;exerce-t-il aujourd&rsquo;hui ? Notions : Contrôle social formel/ informel, stigmatisation Indications complémentaires : On s&rsquo;interrogera sur l&rsquo;évolution des formes du contrôle social dans les sociétés modernes et sur leurs effets. On montrera qu&rsquo;au fur et à mesure que les relations sociales deviennent plus impersonnelles, le contrôle social par des instances spécialisées tend [&hellip;]</p>
