{"id":323,"date":"2017-09-11T21:59:09","date_gmt":"2017-09-11T19:59:09","guid":{"rendered":"http:\/\/ses-lfz.ch\/sesnet\/?page_id=323"},"modified":"2017-09-11T22:23:56","modified_gmt":"2017-09-11T20:23:56","slug":"ce-que-dit-le-programme","status":"publish","type":"page","link":"http:\/\/ses-lfz.ch\/sesnet\/premiere-es\/chapitre-11-entreprise-institution-organisation\/ce-que-dit-le-programme\/","title":{"rendered":"Ce que dit le programme"},"content":{"rendered":"<p><strong>Comment les rapports sociaux s&rsquo;organisent-ils au sein de l&rsquo;entreprise ?<\/strong><\/p>\n<p>&nbsp;<\/p>\n<p><em><u>Notions\u00a0:<\/u><\/em> Hi\u00e9rarchie, coop\u00e9ration, conflit<\/p>\n<p><em><u>Indications compl\u00e9mentaires\u00a0: <\/u><\/em>On montrera comment l&rsquo;entreprise constitue un mode de coordination des actions par la hi\u00e9rarchie. On mettra aussi en \u00e9vidence comment coop\u00e9ration et conflits s&rsquo;entrem\u00ealent dans la production de l&rsquo;action collective. On mobilisera pour cela les apports de la science \u00e9conomique (\u00e9conomie de la firme) et de la sociologie (mobilisation et logiques d&rsquo;acteurs).<\/p>\n","protected":false},"excerpt":{"rendered":"<p>Comment les rapports sociaux s&rsquo;organisent-ils au sein de l&rsquo;entreprise ? &nbsp; Notions\u00a0: Hi\u00e9rarchie, coop\u00e9ration, conflit Indications compl\u00e9mentaires\u00a0: On montrera comment l&rsquo;entreprise constitue un mode de coordination des actions par la hi\u00e9rarchie. On mettra aussi en \u00e9vidence comment coop\u00e9ration et conflits s&rsquo;entrem\u00ealent dans la production de l&rsquo;action collective. On mobilisera pour cela les apports de la [&hellip;]<\/p>\n","protected":false},"author":1,"featured_media":0,"parent":117,"menu_order":0,"comment_status":"closed","ping_status":"closed","template":"","meta":{"footnotes":""},"_links":{"self":[{"href":"http:\/\/ses-lfz.ch\/sesnet\/wp-json\/wp\/v2\/pages\/323"}],"collection":[{"href":"http:\/\/ses-lfz.ch\/sesnet\/wp-json\/wp\/v2\/pages"}],"about":[{"href":"http:\/\/ses-lfz.ch\/sesnet\/wp-json\/wp\/v2\/types\/page"}],"author":[{"embeddable":true,"href":"http:\/\/ses-lfz.ch\/sesnet\/wp-json\/wp\/v2\/users\/1"}],"replies":[{"embeddable":true,"href":"http:\/\/ses-lfz.ch\/sesnet\/wp-json\/wp\/v2\/comments?post=323"}],"version-history":[{"count":2,"href":"http:\/\/ses-lfz.ch\/sesnet\/wp-json\/wp\/v2\/pages\/323\/revisions"}],"predecessor-version":[{"id":338,"href":"http:\/\/ses-lfz.ch\/sesnet\/wp-json\/wp\/v2\/pages\/323\/revisions\/338"}],"up":[{"embeddable":true,"href":"http:\/\/ses-lfz.ch\/sesnet\/wp-json\/wp\/v2\/pages\/117"}],"wp:attachment":[{"href":"http:\/\/ses-lfz.ch\/sesnet\/wp-json\/wp\/v2\/media?parent=323"}],"curies":[{"name":"wp","href":"https:\/\/api.w.org\/{rel}","templated":true}]}}

<p><strong>Comment les rapports sociaux s&rsquo;organisent-ils au sein de l&rsquo;entreprise ?</strong></p>
<p>&nbsp;</p>
<p><em><u>Notions :</u></em> Hiérarchie, coopération, conflit</p>
<p><em><u>Indications complémentaires : </u></em>On montrera comment l&rsquo;entreprise constitue un mode de coordination des actions par la hiérarchie. On mettra aussi en évidence comment coopération et conflits s&rsquo;entremêlent dans la production de l&rsquo;action collective. On mobilisera pour cela les apports de la science économique (économie de la firme) et de la sociologie (mobilisation et logiques d&rsquo;acteurs).</p>

<p>Comment les rapports sociaux s&rsquo;organisent-ils au sein de l&rsquo;entreprise ? &nbsp; Notions : Hiérarchie, coopération, conflit Indications complémentaires : On montrera comment l&rsquo;entreprise constitue un mode de coordination des actions par la hiérarchie. On mettra aussi en évidence comment coopération et conflits s&rsquo;entremêlent dans la production de l&rsquo;action collective. On mobilisera pour cela les apports de la [&hellip;]</p>
