{"id":326,"date":"2017-09-11T22:00:39","date_gmt":"2017-09-11T20:00:39","guid":{"rendered":"http:\/\/ses-lfz.ch\/sesnet\/?page_id=326"},"modified":"2018-02-18T23:16:18","modified_gmt":"2018-02-18T22:16:18","slug":"ce-que-dit-le-programme","status":"publish","type":"page","link":"http:\/\/ses-lfz.ch\/sesnet\/premiere-es\/chapitre-12-action-publique-et-regulation-sociale\/ce-que-dit-le-programme\/","title":{"rendered":"Ce que dit le programme"},"content":{"rendered":"<p><strong>Action publique et r\u00e9gulation<\/strong><\/p>\n<p><strong>I Comment l&rsquo;\u00c9tat providence contribue-t-il \u00e0 la coh\u00e9sion sociale ?<\/strong><\/p>\n<p><em><u>Notions\u00a0: <\/u><\/em><u> <\/u><\/p>\n<p>Solidarit\u00e9, d\u00e9saffiliation, disqualification sociale<em><br \/>\n<\/em><\/p>\n<p><em><u>Indications compl\u00e9mentaires\u00a0:<\/u><\/em><\/p>\n<p>On montrera comment l&rsquo;\u00c9tat social contribue, \u00e0 travers la d\u00e9finition de droits sociaux et la mobilisation d&rsquo;instruments divers, \u00e0 favoriser la coh\u00e9sion sociale en luttant contre la pauvret\u00e9, l&rsquo;exclusion et les<br \/>\ndiscriminations.<\/p>\n<p><strong>II Comment un ph\u00e9nom\u00e8ne social devient-il un probl\u00e8me public ?<\/strong><\/p>\n<p><em><u>Notions\u00a0:<\/u><br \/>\n<\/em><\/p>\n<p>Agenda politique, action publique<\/p>\n<p><em><u>Indications compl\u00e9mentaires\u00a0:<\/u><\/em><\/p>\n<p>On pr\u00e9sentera une premi\u00e8re approche de la construction des politiques publiques par l&rsquo;interaction de divers acteurs (lutte contre l&rsquo;\u00e9chec scolaire, l&rsquo;illettrisme, le tabagisme, la d\u00e9linquance routi\u00e8re, etc.). On montrera comment la d\u00e9finition des probl\u00e8mes publics et leur inscription \u00e0 l&rsquo;agenda politique sont un enjeu de conflit et un objet de coop\u00e9ration.<\/p>\n","protected":false},"excerpt":{"rendered":"<p>Action publique et r\u00e9gulation I Comment l&rsquo;\u00c9tat providence contribue-t-il \u00e0 la coh\u00e9sion sociale ? Notions\u00a0: Solidarit\u00e9, d\u00e9saffiliation, disqualification sociale Indications compl\u00e9mentaires\u00a0: On montrera comment l&rsquo;\u00c9tat social contribue, \u00e0 travers la d\u00e9finition de droits sociaux et la mobilisation d&rsquo;instruments divers, \u00e0 favoriser la coh\u00e9sion sociale en luttant contre la pauvret\u00e9, l&rsquo;exclusion et les discriminations. II Comment [&hellip;]<\/p>\n","protected":false},"author":1,"featured_media":0,"parent":119,"menu_order":0,"comment_status":"closed","ping_status":"closed","template":"","meta":{"footnotes":""},"_links":{"self":[{"href":"http:\/\/ses-lfz.ch\/sesnet\/wp-json\/wp\/v2\/pages\/326"}],"collection":[{"href":"http:\/\/ses-lfz.ch\/sesnet\/wp-json\/wp\/v2\/pages"}],"about":[{"href":"http:\/\/ses-lfz.ch\/sesnet\/wp-json\/wp\/v2\/types\/page"}],"author":[{"embeddable":true,"href":"http:\/\/ses-lfz.ch\/sesnet\/wp-json\/wp\/v2\/users\/1"}],"replies":[{"embeddable":true,"href":"http:\/\/ses-lfz.ch\/sesnet\/wp-json\/wp\/v2\/comments?post=326"}],"version-history":[{"count":5,"href":"http:\/\/ses-lfz.ch\/sesnet\/wp-json\/wp\/v2\/pages\/326\/revisions"}],"predecessor-version":[{"id":976,"href":"http:\/\/ses-lfz.ch\/sesnet\/wp-json\/wp\/v2\/pages\/326\/revisions\/976"}],"up":[{"embeddable":true,"href":"http:\/\/ses-lfz.ch\/sesnet\/wp-json\/wp\/v2\/pages\/119"}],"wp:attachment":[{"href":"http:\/\/ses-lfz.ch\/sesnet\/wp-json\/wp\/v2\/media?parent=326"}],"curies":[{"name":"wp","href":"https:\/\/api.w.org\/{rel}","templated":true}]}}

<p><strong>Action publique et régulation</strong></p>
<p><strong>I Comment l&rsquo;État providence contribue-t-il à la cohésion sociale ?</strong></p>
<p><em><u>Notions : </u></em><u> </u></p>
<p>Solidarité, désaffiliation, disqualification sociale<em><br />
</em></p>
<p><em><u>Indications complémentaires :</u></em></p>
<p>On montrera comment l&rsquo;État social contribue, à travers la définition de droits sociaux et la mobilisation d&rsquo;instruments divers, à favoriser la cohésion sociale en luttant contre la pauvreté, l&rsquo;exclusion et les<br />
discriminations.</p>
<p><strong>II Comment un phénomène social devient-il un problème public ?</strong></p>
<p><em><u>Notions :</u><br />
</em></p>
<p>Agenda politique, action publique</p>
<p><em><u>Indications complémentaires :</u></em></p>
<p>On présentera une première approche de la construction des politiques publiques par l&rsquo;interaction de divers acteurs (lutte contre l&rsquo;échec scolaire, l&rsquo;illettrisme, le tabagisme, la délinquance routière, etc.). On montrera comment la définition des problèmes publics et leur inscription à l&rsquo;agenda politique sont un enjeu de conflit et un objet de coopération.</p>

<p>Action publique et régulation I Comment l&rsquo;État providence contribue-t-il à la cohésion sociale ? Notions : Solidarité, désaffiliation, disqualification sociale Indications complémentaires : On montrera comment l&rsquo;État social contribue, à travers la définition de droits sociaux et la mobilisation d&rsquo;instruments divers, à favoriser la cohésion sociale en luttant contre la pauvreté, l&rsquo;exclusion et les discriminations. II Comment [&hellip;]</p>
