{"id":33,"date":"2017-07-18T16:58:21","date_gmt":"2017-07-18T14:58:21","guid":{"rendered":"http:\/\/ses-lfz.ch\/sesnet\/?page_id=33"},"modified":"2017-10-29T16:42:51","modified_gmt":"2017-10-29T15:42:51","slug":"actualites","status":"publish","type":"page","link":"http:\/\/ses-lfz.ch\/sesnet\/actualites\/","title":{"rendered":"Accueil"},"content":{"rendered":"<p>Bienvenue sur le site des Sciences \u00c9conomiques et Sociales et de l\u2019\u00c9ducation Morale et Civique du Lyc\u00e9e Fran\u00e7ais Marie Curie de Zurich<\/p>\n<p>Ce site est \u00e0 destination :<\/p>\n<ul>\n<li>des \u00e9l\u00e8ves suivant les enseignements d\u2019exploration de SES en classe de seconde<\/li>\n<li>des \u00e9l\u00e8ves de ES du cycle terminal (premi\u00e8re et terminale) ainsi que et pour tous les \u00e9l\u00e8ves du lyc\u00e9e<\/li>\n<li>des \u00e9l\u00e8ves de TES suivant la sp\u00e9cialit\u00e9 Sciences Sociales et politiques en Terminale<\/li>\n<li>de tous les \u00e9l\u00e8ves du lyc\u00e9e (seconde, premi\u00e8re, terminale) pour l\u2019EMC.<\/li>\n<\/ul>\n<p>On peut y trouver :<\/p>\n<ul>\n<li>un acc\u00e8s \u00e0 l\u2019espace num\u00e9rique de travail des \u00e9l\u00e8ves (moodle)<\/li>\n<li>le cours (via moodle)<\/li>\n<li>les programmes pour chaque niveau inclus dans les diff\u00e9rents chapitres abord\u00e9s en cours<\/li>\n<li>des documents, des liens permettant de suivre l\u2019actualit\u00e9 en sciences \u00e9conomiques, sociologie et sciences politiques.<\/li>\n<\/ul>\n<p>L\u2019objectif est de permettre aux \u00e9l\u00e8ves d\u2019avoir acc\u00e8s \u00e0 tout moment \u00e0 leur cours,de le prolonger \u00e0 l\u2019aide de documents, d\u2019articles de presse et d\u2019extraits vid\u00e9o divers.<\/p>\n<p>Ce site est anim\u00e9 par J\u00e9r\u00f4me Andrier, professeur de SES du lyc\u00e9e fran\u00e7ais Marie curie de Zurich.<\/p>\n<p><img decoding=\"async\" loading=\"lazy\" class=\"wp-image-605 alignleft\" src=\"http:\/\/ses-lfz.ch\/sesnet\/wp-content\/uploads\/2017\/10\/cropped-new-logo-lfz-300x154.jpg\" alt=\"\" width=\"267\" height=\"137\" srcset=\"http:\/\/ses-lfz.ch\/sesnet\/wp-content\/uploads\/2017\/10\/cropped-new-logo-lfz-300x154.jpg 300w, http:\/\/ses-lfz.ch\/sesnet\/wp-content\/uploads\/2017\/10\/cropped-new-logo-lfz-768x395.jpg 768w, http:\/\/ses-lfz.ch\/sesnet\/wp-content\/uploads\/2017\/10\/cropped-new-logo-lfz-1024x527.jpg 1024w, http:\/\/ses-lfz.ch\/sesnet\/wp-content\/uploads\/2017\/10\/cropped-new-logo-lfz.jpg 1226w\" sizes=\"(max-width: 267px) 100vw, 267px\" \/> <img decoding=\"async\" loading=\"lazy\" class=\"wp-image-603 alignleft\" src=\"http:\/\/ses-lfz.ch\/sesnet\/wp-content\/uploads\/2017\/10\/logo-aefe-300x154.jpg\" alt=\"\" width=\"267\" height=\"137\" srcset=\"http:\/\/ses-lfz.ch\/sesnet\/wp-content\/uploads\/2017\/10\/logo-aefe-300x154.jpg 300w, http:\/\/ses-lfz.ch\/sesnet\/wp-content\/uploads\/2017\/10\/logo-aefe-768x395.jpg 768w, http:\/\/ses-lfz.ch\/sesnet\/wp-content\/uploads\/2017\/10\/logo-aefe-1024x527.jpg 1024w, http:\/\/ses-lfz.ch\/sesnet\/wp-content\/uploads\/2017\/10\/logo-aefe.jpg 1226w\" sizes=\"(max-width: 267px) 100vw, 267px\" \/><\/p>\n<p>&nbsp;<\/p>\n<p>&nbsp;<\/p>\n<p>&nbsp;<\/p>\n<p>&nbsp;<\/p>\n<p>&nbsp;<\/p>\n<p>Lyc\u00e9e Fran\u00e7ais Marie Curie de Zurich<\/p>\n<p>\u00c9tablissement homologu\u00e9 par le minist\u00e8re fran\u00e7ais de l\u2019\u00c9ducation nationale<\/p>\n<p>Zukunftstrasse 1\u00a0 |\u00a0 8600 D\u00fcbendorf\u00a0 |\u00a0 T\u00e9l.\u00a0: +41 (0) 43 355 20 80\u00a0 |\u00a0\u00a0 www.lfz.ch<\/p>\n<p>&nbsp;<\/p>\n","protected":false},"excerpt":{"rendered":"<p>Bienvenue sur le site des Sciences \u00c9conomiques et Sociales et de l\u2019\u00c9ducation Morale et Civique du Lyc\u00e9e Fran\u00e7ais Marie Curie de Zurich Ce site est \u00e0 destination : des \u00e9l\u00e8ves suivant les enseignements d\u2019exploration de SES en classe de seconde des \u00e9l\u00e8ves de ES du cycle terminal (premi\u00e8re et terminale) ainsi que et pour tous [&hellip;]<\/p>\n","protected":false},"author":1,"featured_media":0,"parent":0,"menu_order":0,"comment_status":"closed","ping_status":"closed","template":"","meta":{"footnotes":""},"_links":{"self":[{"href":"http:\/\/ses-lfz.ch\/sesnet\/wp-json\/wp\/v2\/pages\/33"}],"collection":[{"href":"http:\/\/ses-lfz.ch\/sesnet\/wp-json\/wp\/v2\/pages"}],"about":[{"href":"http:\/\/ses-lfz.ch\/sesnet\/wp-json\/wp\/v2\/types\/page"}],"author":[{"embeddable":true,"href":"http:\/\/ses-lfz.ch\/sesnet\/wp-json\/wp\/v2\/users\/1"}],"replies":[{"embeddable":true,"href":"http:\/\/ses-lfz.ch\/sesnet\/wp-json\/wp\/v2\/comments?post=33"}],"version-history":[{"count":14,"href":"http:\/\/ses-lfz.ch\/sesnet\/wp-json\/wp\/v2\/pages\/33\/revisions"}],"predecessor-version":[{"id":1389,"href":"http:\/\/ses-lfz.ch\/sesnet\/wp-json\/wp\/v2\/pages\/33\/revisions\/1389"}],"wp:attachment":[{"href":"http:\/\/ses-lfz.ch\/sesnet\/wp-json\/wp\/v2\/media?parent=33"}],"curies":[{"name":"wp","href":"https:\/\/api.w.org\/{rel}","templated":true}]}}