{"id":348,"date":"2017-09-13T22:45:31","date_gmt":"2017-09-13T20:45:31","guid":{"rendered":"http:\/\/ses-lfz.ch\/sesnet\/?page_id=348"},"modified":"2018-11-04T15:50:42","modified_gmt":"2018-11-04T14:50:42","slug":"ressources-videos","status":"publish","type":"page","link":"http:\/\/ses-lfz.ch\/sesnet\/seconde-1-ses\/chapitre-1-comment-les-revenus-et-les-prix-influencent-ils-les-choix-des-consommateurs\/ressources-videos\/","title":{"rendered":"Ressources vid\u00e9os"},"content":{"rendered":"<p>Vid\u00e9o 1 : L&rsquo;origine des revenus des m\u00e9nages<\/p>\n<p><iframe loading=\"lazy\" src=\"https:\/\/www.youtube.com\/embed\/RVWllil5PBo\" width=\"560\" height=\"315\" frameborder=\"0\" allowfullscreen=\"allowfullscreen\"><\/iframe><\/p>\n<p>Vid\u00e9o 2 : D&rsquo;o\u00f9 provient le revenu disponible brut des m\u00e9nages ?<\/p>\n<p><iframe loading=\"lazy\" src=\"https:\/\/www.youtube.com\/embed\/SklE074th0U\" width=\"560\" height=\"315\" frameborder=\"0\" allowfullscreen=\"allowfullscreen\"><\/iframe><\/p>\n<p>Vid\u00e9o 3 : Quels sont les d\u00e9terminants \u00e9conomiques de la consommation finale des m\u00e9nages ?<\/p>\n<p><iframe loading=\"lazy\" src=\"https:\/\/www.youtube.com\/embed\/-jt_OKyHysQ\" width=\"560\" height=\"315\" frameborder=\"0\" allowfullscreen=\"allowfullscreen\"><\/iframe><\/p>\n<p>Vid\u00e9o 4 :\u00a0 Que devient l&rsquo;\u00e9pargne des m\u00e9nages<\/p>\n<p><iframe loading=\"lazy\" src=\"https:\/\/www.youtube.com\/embed\/XZbDLWtpJUE\" width=\"560\" height=\"315\" frameborder=\"0\" allowfullscreen=\"allowfullscreen\"><\/iframe><br \/>\nVid\u00e9o 5 : 3 minutes pour comprendre le pouvoir d&rsquo;achat<\/p>\n<p><iframe loading=\"lazy\" src=\"https:\/\/www.youtube.com\/embed\/vFh4R8amoeQ\" width=\"560\" height=\"315\" frameborder=\"0\" allowfullscreen=\"allowfullscreen\"><\/iframe><\/p>\n<p>&nbsp;<\/p>\n","protected":false},"excerpt":{"rendered":"<p>Vid\u00e9o 1 : L&rsquo;origine des revenus des m\u00e9nages Vid\u00e9o 2 : D&rsquo;o\u00f9 provient le revenu disponible brut des m\u00e9nages ? Vid\u00e9o 3 : Quels sont les d\u00e9terminants \u00e9conomiques de la consommation finale des m\u00e9nages ? Vid\u00e9o 4 :\u00a0 Que devient l&rsquo;\u00e9pargne des m\u00e9nages Vid\u00e9o 5 : 3 minutes pour comprendre le pouvoir d&rsquo;achat &nbsp;<\/p>\n","protected":false},"author":1,"featured_media":0,"parent":349,"menu_order":0,"comment_status":"closed","ping_status":"closed","template":"","meta":{"footnotes":""},"_links":{"self":[{"href":"http:\/\/ses-lfz.ch\/sesnet\/wp-json\/wp\/v2\/pages\/348"}],"collection":[{"href":"http:\/\/ses-lfz.ch\/sesnet\/wp-json\/wp\/v2\/pages"}],"about":[{"href":"http:\/\/ses-lfz.ch\/sesnet\/wp-json\/wp\/v2\/types\/page"}],"author":[{"embeddable":true,"href":"http:\/\/ses-lfz.ch\/sesnet\/wp-json\/wp\/v2\/users\/1"}],"replies":[{"embeddable":true,"href":"http:\/\/ses-lfz.ch\/sesnet\/wp-json\/wp\/v2\/comments?post=348"}],"version-history":[{"count":13,"href":"http:\/\/ses-lfz.ch\/sesnet\/wp-json\/wp\/v2\/pages\/348\/revisions"}],"predecessor-version":[{"id":1282,"href":"http:\/\/ses-lfz.ch\/sesnet\/wp-json\/wp\/v2\/pages\/348\/revisions\/1282"}],"up":[{"embeddable":true,"href":"http:\/\/ses-lfz.ch\/sesnet\/wp-json\/wp\/v2\/pages\/349"}],"wp:attachment":[{"href":"http:\/\/ses-lfz.ch\/sesnet\/wp-json\/wp\/v2\/media?parent=348"}],"curies":[{"name":"wp","href":"https:\/\/api.w.org\/{rel}","templated":true}]}}