{"id":375,"date":"2017-09-17T15:11:18","date_gmt":"2017-09-17T13:11:18","guid":{"rendered":"http:\/\/ses-lfz.ch\/sesnet\/?page_id=375"},"modified":"2018-03-03T17:40:32","modified_gmt":"2018-03-03T16:40:32","slug":"ressources-videos","status":"publish","type":"page","link":"http:\/\/ses-lfz.ch\/sesnet\/seconde-2-ses\/chapitre-3-organisations-politiques-et-fonctionnement-de-la-democratie\/ressources-videos\/","title":{"rendered":"Ressources vid\u00e9os"},"content":{"rendered":"<p>Vid\u00e9o 1 : France 2 &#8211; 20 H : De jeunes militants du PCF<\/p>\n<p><iframe loading=\"lazy\" width=\"656\" height=\"369\" src=\"https:\/\/www.youtube.com\/embed\/21oMhWwLYt8?feature=oembed\" frameborder=\"0\" allow=\"autoplay; encrypted-media\" allowfullscreen><\/iframe><\/p>\n<p>Vid\u00e9o 2 : Comment les partis politiques contribuent-ils au fonctionnement d\u00e9mocratique ?<\/p>\n<p><iframe loading=\"lazy\" src=\"https:\/\/www.youtube.com\/embed\/GIN4BR1sZio\" width=\"560\" height=\"315\" frameborder=\"0\" allowfullscreen=\"allowfullscreen\"><\/iframe><\/p>\n<p>Vid\u00e9o 3 : La contribution des organisations politiques au fonctionnement d\u00e9mocratique<\/p>\n<p><iframe loading=\"lazy\" src=\"https:\/\/www.youtube.com\/embed\/-_EE4--6tUk\" width=\"560\" height=\"315\" frameborder=\"0\" allowfullscreen=\"allowfullscreen\"><\/iframe><\/p>\n","protected":false},"excerpt":{"rendered":"<p>Vid\u00e9o 1 : France 2 &#8211; 20 H : De jeunes militants du PCF Vid\u00e9o 2 : Comment les partis politiques contribuent-ils au fonctionnement d\u00e9mocratique ? Vid\u00e9o 3 : La contribution des organisations politiques au fonctionnement d\u00e9mocratique<\/p>\n","protected":false},"author":1,"featured_media":0,"parent":140,"menu_order":0,"comment_status":"closed","ping_status":"closed","template":"","meta":{"footnotes":""},"_links":{"self":[{"href":"http:\/\/ses-lfz.ch\/sesnet\/wp-json\/wp\/v2\/pages\/375"}],"collection":[{"href":"http:\/\/ses-lfz.ch\/sesnet\/wp-json\/wp\/v2\/pages"}],"about":[{"href":"http:\/\/ses-lfz.ch\/sesnet\/wp-json\/wp\/v2\/types\/page"}],"author":[{"embeddable":true,"href":"http:\/\/ses-lfz.ch\/sesnet\/wp-json\/wp\/v2\/users\/1"}],"replies":[{"embeddable":true,"href":"http:\/\/ses-lfz.ch\/sesnet\/wp-json\/wp\/v2\/comments?post=375"}],"version-history":[{"count":6,"href":"http:\/\/ses-lfz.ch\/sesnet\/wp-json\/wp\/v2\/pages\/375\/revisions"}],"predecessor-version":[{"id":1017,"href":"http:\/\/ses-lfz.ch\/sesnet\/wp-json\/wp\/v2\/pages\/375\/revisions\/1017"}],"up":[{"embeddable":true,"href":"http:\/\/ses-lfz.ch\/sesnet\/wp-json\/wp\/v2\/pages\/140"}],"wp:attachment":[{"href":"http:\/\/ses-lfz.ch\/sesnet\/wp-json\/wp\/v2\/media?parent=375"}],"curies":[{"name":"wp","href":"https:\/\/api.w.org\/{rel}","templated":true}]}}

Ressources vidéos

<p>Vidéo 1 : France 2 &#8211; 20 H : De jeunes militants du PCF</p>
<p><iframe loading="lazy" width="656" height="369" src="https://www.youtube.com/embed/21oMhWwLYt8?feature=oembed" frameborder="0" allow="autoplay; encrypted-media" allowfullscreen></iframe></p>
<p>Vidéo 2 : Comment les partis politiques contribuent-ils au fonctionnement démocratique ?</p>
<p><iframe loading="lazy" src="https://www.youtube.com/embed/GIN4BR1sZio" width="560" height="315" frameborder="0" allowfullscreen="allowfullscreen"></iframe></p>
<p>Vidéo 3 : La contribution des organisations politiques au fonctionnement démocratique</p>
<p><iframe loading="lazy" src="https://www.youtube.com/embed/-_EE4--6tUk" width="560" height="315" frameborder="0" allowfullscreen="allowfullscreen"></iframe></p>

<p>Vidéo 1 : France 2 &#8211; 20 H : De jeunes militants du PCF Vidéo 2 : Comment les partis politiques contribuent-ils au fonctionnement démocratique ? Vidéo 3 : La contribution des organisations politiques au fonctionnement démocratique</p>
