{"id":400,"date":"2017-09-17T22:36:48","date_gmt":"2017-09-17T20:36:48","guid":{"rendered":"http:\/\/ses-lfz.ch\/sesnet\/?page_id=400"},"modified":"2017-11-05T12:59:57","modified_gmt":"2017-11-05T11:59:57","slug":"ressources-par-theme","status":"publish","type":"page","link":"http:\/\/ses-lfz.ch\/sesnet\/emc\/emc-terminale\/ressources-par-theme\/","title":{"rendered":"Ressources par th\u00e8me"},"content":{"rendered":"<p><strong>Th\u00e8me 1 : La notion de la\u00efcit\u00e9<\/strong><\/p>\n<p>1 : <a href=\"http:\/\/www.vie-publique.fr\/decouverte-institutions\/citoyen\/enjeux\/citoyennete-democratie\/quelle-laicite-aujourd-hui.html\">Quelle la\u00efcit\u00e9 aujourd&rsquo;hui<\/a><\/p>\n<p>2 : <a href=\"http:\/\/fresques.ina.fr\/jalons\/fiche-media\/InaEdu06607\/l-histoire-de-la-laicite-en-france.html\">L&rsquo;histoire de la la\u00efcit\u00e9 en France<\/a><\/p>\n<p>3 : <a href=\"http:\/\/fresques.ina.fr\/jalons\/fiche-media\/InaEdu01861\/la-laicite-principe-constitutionnel-republicain.html\">La la\u00efcit\u00e9, principe constitutionnel r\u00e9publicain<\/a><\/p>\n<p>La la\u00efcit\u00e9 est un fondement de la R\u00e9publique en France : <a href=\"http:\/\/www.iesr.ephe.sorbonne.fr\/laicite\/textes-legislatifs\/lois-laicite-1905\">Lois et la\u00efcit\u00e9 depuis 1905<\/a><\/p>\n<p>4 : La la\u00efcit\u00e9 \u00e0 l\u2019\u00e9cole :<\/p>\n<p><a href=\"http:\/\/fresques.ina.fr\/jalons\/fiche-media\/InaEdu01136\/l-affaire-du-foulard-islamique-en-1989.html\">L&rsquo;affaire du foulard islamique<\/a><\/p>\n<p><a href=\"http:\/\/ses-lfz.ch\/sesnet\/wp-content\/uploads\/2017\/09\/rapport_stasi_111203.pdf\">Le rapport Stasi<\/a><\/p>\n<p><a href=\"http:\/\/fresques.ina.fr\/jalons\/fiche-media\/InaEdu01865\/l-application-de-la-loi-sur-la-laicite-dans-les-etablissements-scolaires.html\">L&rsquo;application de la loi sur la la\u00efcit\u00e9 dans les \u00e9tablissements scolaires<\/a><\/p>\n<p><a href=\"http:\/\/fresques.ina.fr\/jalons\/fiche-media\/InaEdu06605\/la-charte-de-la-laicite-a-l-ecole.html\">La charte de la la\u00efcit\u00e9 \u00e0 l&rsquo;\u00e9cole<\/a><\/p>\n<p>Le texte : <a href=\"http:\/\/www.education.gouv.fr\/cid73666\/charte-de-la-laicite-a-l-ecole.html\">La charte de la la\u00efcit\u00e9 \u00e0 l&rsquo;\u00e9cole<\/a><\/p>\n<p>5 : La mise en place du principe de la\u00efcit\u00e9 :<\/p>\n<p><a href=\"http:\/\/fresques.ina.fr\/jalons\/fiche-media\/InaEdu06608\/le-debat-sur-le-port-du-voile-a-l-universite.html\">Le d\u00e9bat sur le port du voile \u00e0 l&rsquo;\u00e9cole<\/a><\/p>\n<p><a href=\"http:\/\/fresques.ina.fr\/jalons\/fiche-media\/InaEdu06604\/l-application-de-l-interdiction-du-voile-integral-a-venissieux.html\">L&rsquo;application de l&rsquo;interdiction du voile int\u00e9gral \u00e0 V\u00e9nissieux<\/a><\/p>\n<p><a href=\"http:\/\/fresques.ina.fr\/jalons\/fiche-media\/InaEdu06603\/les-signes-religieux-et-la-laicite-portraits-de-croyants.html\">Les signes religieux et la la\u00efcit\u00e9 : portraits de croyants<\/a><\/p>\n<p><a href=\"http:\/\/fresques.ina.fr\/jalons\/fiche-media\/InaEdu06603\/les-signes-religieux-et-la-laicite-portraits-de-croyants.html\">La\u00efcit\u00e9 et services publics : les adaptations<\/a><\/p>\n<p>6 : Un statut \u00e0 part<\/p>\n<p><a href=\"http:\/\/fresques.ina.fr\/jalons\/fiche-media\/InaEdu03084\/l-alsace-et-la-moselle-des-exceptions-a-la-laicite.html\">L&rsquo;Alsace et la Moselle, des exceptions \u00e0 la la\u00efcit\u00e9<\/a><\/p>\n<p><strong>Th\u00e8me 2 : Exercice des libert\u00e9s et risques d&#8217;emprises sectaires<br \/>\n<\/strong><\/p>\n<p><a href=\"http:\/\/ses-lfz.ch\/sesnet\/wp-content\/uploads\/2017\/11\/plaquette_presentation_miviludes_2015.pdf\">Pr\u00e9sentation de la Miviludes<\/a><\/p>\n<p>Le site de la Mission interminist\u00e9rielle de vigilance et de lutte contre les d\u00e9rives sectaires : <a href=\"http:\/\/www.derives-sectes.gouv.fr\/\">la Miviludes<\/a><\/p>\n<p>&nbsp;<\/p>\n","protected":false},"excerpt":{"rendered":"<p>Th\u00e8me 1 : La notion de la\u00efcit\u00e9 1 : Quelle la\u00efcit\u00e9 aujourd&rsquo;hui 2 : L&rsquo;histoire de la la\u00efcit\u00e9 en France 3 : La la\u00efcit\u00e9, principe constitutionnel r\u00e9publicain La la\u00efcit\u00e9 est un fondement de la R\u00e9publique en France : Lois et la\u00efcit\u00e9 depuis 1905 4 : La la\u00efcit\u00e9 \u00e0 l\u2019\u00e9cole : L&rsquo;affaire du foulard islamique Le [&hellip;]<\/p>\n","protected":false},"author":1,"featured_media":0,"parent":13,"menu_order":0,"comment_status":"closed","ping_status":"closed","template":"","meta":{"footnotes":""},"_links":{"self":[{"href":"http:\/\/ses-lfz.ch\/sesnet\/wp-json\/wp\/v2\/pages\/400"}],"collection":[{"href":"http:\/\/ses-lfz.ch\/sesnet\/wp-json\/wp\/v2\/pages"}],"about":[{"href":"http:\/\/ses-lfz.ch\/sesnet\/wp-json\/wp\/v2\/types\/page"}],"author":[{"embeddable":true,"href":"http:\/\/ses-lfz.ch\/sesnet\/wp-json\/wp\/v2\/users\/1"}],"replies":[{"embeddable":true,"href":"http:\/\/ses-lfz.ch\/sesnet\/wp-json\/wp\/v2\/comments?post=400"}],"version-history":[{"count":18,"href":"http:\/\/ses-lfz.ch\/sesnet\/wp-json\/wp\/v2\/pages\/400\/revisions"}],"predecessor-version":[{"id":626,"href":"http:\/\/ses-lfz.ch\/sesnet\/wp-json\/wp\/v2\/pages\/400\/revisions\/626"}],"up":[{"embeddable":true,"href":"http:\/\/ses-lfz.ch\/sesnet\/wp-json\/wp\/v2\/pages\/13"}],"wp:attachment":[{"href":"http:\/\/ses-lfz.ch\/sesnet\/wp-json\/wp\/v2\/media?parent=400"}],"curies":[{"name":"wp","href":"https:\/\/api.w.org\/{rel}","templated":true}]}}

Ressources par thème

<p><strong>Thème 1 : La notion de laïcité</strong></p>
<p>1 : <a href="http://www.vie-publique.fr/decouverte-institutions/citoyen/enjeux/citoyennete-democratie/quelle-laicite-aujourd-hui.html">Quelle laïcité aujourd&rsquo;hui</a></p>
<p>2 : <a href="http://fresques.ina.fr/jalons/fiche-media/InaEdu06607/l-histoire-de-la-laicite-en-france.html">L&rsquo;histoire de la laïcité en France</a></p>
<p>3 : <a href="http://fresques.ina.fr/jalons/fiche-media/InaEdu01861/la-laicite-principe-constitutionnel-republicain.html">La laïcité, principe constitutionnel républicain</a></p>
<p>La laïcité est un fondement de la République en France : <a href="http://www.iesr.ephe.sorbonne.fr/laicite/textes-legislatifs/lois-laicite-1905">Lois et laïcité depuis 1905</a></p>
<p>4 : La laïcité à l’école :</p>
<p><a href="http://fresques.ina.fr/jalons/fiche-media/InaEdu01136/l-affaire-du-foulard-islamique-en-1989.html">L&rsquo;affaire du foulard islamique</a></p>
<p><a href="http://ses-lfz.ch/sesnet/wp-content/uploads/2017/09/rapport_stasi_111203.pdf">Le rapport Stasi</a></p>
<p><a href="http://fresques.ina.fr/jalons/fiche-media/InaEdu01865/l-application-de-la-loi-sur-la-laicite-dans-les-etablissements-scolaires.html">L&rsquo;application de la loi sur la laïcité dans les établissements scolaires</a></p>
<p><a href="http://fresques.ina.fr/jalons/fiche-media/InaEdu06605/la-charte-de-la-laicite-a-l-ecole.html">La charte de la laïcité à l&rsquo;école</a></p>
<p>Le texte : <a href="http://www.education.gouv.fr/cid73666/charte-de-la-laicite-a-l-ecole.html">La charte de la laïcité à l&rsquo;école</a></p>
<p>5 : La mise en place du principe de laïcité :</p>
<p><a href="http://fresques.ina.fr/jalons/fiche-media/InaEdu06608/le-debat-sur-le-port-du-voile-a-l-universite.html">Le débat sur le port du voile à l&rsquo;école</a></p>
<p><a href="http://fresques.ina.fr/jalons/fiche-media/InaEdu06604/l-application-de-l-interdiction-du-voile-integral-a-venissieux.html">L&rsquo;application de l&rsquo;interdiction du voile intégral à Vénissieux</a></p>
<p><a href="http://fresques.ina.fr/jalons/fiche-media/InaEdu06603/les-signes-religieux-et-la-laicite-portraits-de-croyants.html">Les signes religieux et la laïcité : portraits de croyants</a></p>
<p><a href="http://fresques.ina.fr/jalons/fiche-media/InaEdu06603/les-signes-religieux-et-la-laicite-portraits-de-croyants.html">Laïcité et services publics : les adaptations</a></p>
<p>6 : Un statut à part</p>
<p><a href="http://fresques.ina.fr/jalons/fiche-media/InaEdu03084/l-alsace-et-la-moselle-des-exceptions-a-la-laicite.html">L&rsquo;Alsace et la Moselle, des exceptions à la laïcité</a></p>
<p><strong>Thème 2 : Exercice des libertés et risques d&#8217;emprises sectaires<br />
</strong></p>
<p><a href="http://ses-lfz.ch/sesnet/wp-content/uploads/2017/11/plaquette_presentation_miviludes_2015.pdf">Présentation de la Miviludes</a></p>
<p>Le site de la Mission interministérielle de vigilance et de lutte contre les dérives sectaires : <a href="http://www.derives-sectes.gouv.fr/">la Miviludes</a></p>
<p>&nbsp;</p>

<p>Thème 1 : La notion de laïcité 1 : Quelle laïcité aujourd&rsquo;hui 2 : L&rsquo;histoire de la laïcité en France 3 : La laïcité, principe constitutionnel républicain La laïcité est un fondement de la République en France : Lois et laïcité depuis 1905 4 : La laïcité à l’école : L&rsquo;affaire du foulard islamique Le [&hellip;]</p>
