{"id":416,"date":"2017-09-19T10:33:25","date_gmt":"2017-09-19T08:33:25","guid":{"rendered":"http:\/\/ses-lfz.ch\/sesnet\/?page_id=416"},"modified":"2018-10-17T16:01:14","modified_gmt":"2018-10-17T14:01:14","slug":"ressources-par-theme","status":"publish","type":"page","link":"http:\/\/ses-lfz.ch\/sesnet\/emc\/emc-seconde\/ressources-par-theme\/","title":{"rendered":"Ressources par th\u00e8me"},"content":{"rendered":"<p><a href=\"http:\/\/ses-lfz.ch\/sesnet\/emc\/emc-seconde\/ressources-par-theme\/theme-1-letat-de-droit-et-les-libertes-individuelles-et-collectives\/\">Th\u00e8me 1 : L\u2019\u00c9tat de droit et les libert\u00e9s individuelles et collectives<\/a><\/p>\n<p><a href=\"http:\/\/ses-lfz.ch\/sesnet\/theme-2-le-fonctionnement-de-la-justice\/\">Th\u00e8me 2 : Le fonctionnement de la justice<\/a><\/p>\n<p><a href=\"http:\/\/ses-lfz.ch\/sesnet\/non-au-harcelement\/\">Th\u00e8me 3 : Non au harc\u00e8lement<\/a><\/p>\n<p><a href=\"http:\/\/cache.media.eduscol.education.fr\/file\/EMC\/71\/8\/ress_emc_dopage_loi_464718.pdf\">Th\u00e8me 4 : Le dopage : le rapport \u00e0 la loi<\/a><\/p>\n<p><a href=\"http:\/\/ses-lfz.ch\/sesnet\/emc\/emc-seconde\/ressources-par-theme\/theme-5-la-lutte-contre-les-inegalites\/\">Th\u00e8me 5 : la lutte contre les in\u00e9galit\u00e9s<\/a><\/p>\n<p>&nbsp;<\/p>\n","protected":false},"excerpt":{"rendered":"<p>Th\u00e8me 1 : L\u2019\u00c9tat de droit et les libert\u00e9s individuelles et collectives Th\u00e8me 2 : Le fonctionnement de la justice Th\u00e8me 3 : Non au harc\u00e8lement Th\u00e8me 4 : Le dopage : le rapport \u00e0 la loi Th\u00e8me 5 : la lutte contre les in\u00e9galit\u00e9s &nbsp;<\/p>\n","protected":false},"author":1,"featured_media":0,"parent":15,"menu_order":0,"comment_status":"closed","ping_status":"closed","template":"","meta":{"footnotes":""},"_links":{"self":[{"href":"http:\/\/ses-lfz.ch\/sesnet\/wp-json\/wp\/v2\/pages\/416"}],"collection":[{"href":"http:\/\/ses-lfz.ch\/sesnet\/wp-json\/wp\/v2\/pages"}],"about":[{"href":"http:\/\/ses-lfz.ch\/sesnet\/wp-json\/wp\/v2\/types\/page"}],"author":[{"embeddable":true,"href":"http:\/\/ses-lfz.ch\/sesnet\/wp-json\/wp\/v2\/users\/1"}],"replies":[{"embeddable":true,"href":"http:\/\/ses-lfz.ch\/sesnet\/wp-json\/wp\/v2\/comments?post=416"}],"version-history":[{"count":9,"href":"http:\/\/ses-lfz.ch\/sesnet\/wp-json\/wp\/v2\/pages\/416\/revisions"}],"predecessor-version":[{"id":1271,"href":"http:\/\/ses-lfz.ch\/sesnet\/wp-json\/wp\/v2\/pages\/416\/revisions\/1271"}],"up":[{"embeddable":true,"href":"http:\/\/ses-lfz.ch\/sesnet\/wp-json\/wp\/v2\/pages\/15"}],"wp:attachment":[{"href":"http:\/\/ses-lfz.ch\/sesnet\/wp-json\/wp\/v2\/media?parent=416"}],"curies":[{"name":"wp","href":"https:\/\/api.w.org\/{rel}","templated":true}]}}

Ressources par thème

<p><a href="http://ses-lfz.ch/sesnet/emc/emc-seconde/ressources-par-theme/theme-1-letat-de-droit-et-les-libertes-individuelles-et-collectives/">Thème 1 : L’État de droit et les libertés individuelles et collectives</a></p>
<p><a href="http://ses-lfz.ch/sesnet/theme-2-le-fonctionnement-de-la-justice/">Thème 2 : Le fonctionnement de la justice</a></p>
<p><a href="http://ses-lfz.ch/sesnet/non-au-harcelement/">Thème 3 : Non au harcèlement</a></p>
<p><a href="http://cache.media.eduscol.education.fr/file/EMC/71/8/ress_emc_dopage_loi_464718.pdf">Thème 4 : Le dopage : le rapport à la loi</a></p>
<p><a href="http://ses-lfz.ch/sesnet/emc/emc-seconde/ressources-par-theme/theme-5-la-lutte-contre-les-inegalites/">Thème 5 : la lutte contre les inégalités</a></p>
<p>&nbsp;</p>

<p>Thème 1 : L’État de droit et les libertés individuelles et collectives Thème 2 : Le fonctionnement de la justice Thème 3 : Non au harcèlement Thème 4 : Le dopage : le rapport à la loi Thème 5 : la lutte contre les inégalités &nbsp;</p>
