{"id":528,"date":"2017-10-06T06:59:53","date_gmt":"2017-10-06T04:59:53","guid":{"rendered":"http:\/\/ses-lfz.ch\/sesnet\/?page_id=528"},"modified":"2017-10-20T08:54:27","modified_gmt":"2017-10-20T06:54:27","slug":"lidee-de-citoyennete-europeenne","status":"publish","type":"page","link":"http:\/\/ses-lfz.ch\/sesnet\/emc\/emc-premiere\/ressources-par-themes\/lidee-de-citoyennete-europeenne\/","title":{"rendered":"L&rsquo;id\u00e9e de citoyennet\u00e9 europ\u00e9enne"},"content":{"rendered":"<p><strong>Contexte historique :<\/strong><\/p>\n<div>\n<p>Depuis le trait\u00e9 de Maastricht sign\u00e9 en 1992, tous les citoyens des \u00c9tats de l&rsquo;Union europ\u00e9enne (UE) disposent \u00e9galement de la citoyennet\u00e9 europ\u00e9enne. Cette citoyennet\u00e9 europ\u00e9enne ne remplace pas leur citoyennet\u00e9 nationale mais s&rsquo;y superpose.<\/p>\n<p>Elle octroie diff\u00e9rents droits aux citoyens des \u00c9tats de l&rsquo;UE. Ceux-ci ont en premier lieu le droit de circuler et de s&rsquo;installer librement sur le territoire de n&rsquo;importe quel pays membre de l&rsquo;Union.<\/p>\n<p>La citoyennet\u00e9 europ\u00e9enne leur conf\u00e8re en outre des droits civiques et politiques. Les citoyens europ\u00e9ens ont ainsi le droit de vote et d&rsquo;\u00e9ligibilit\u00e9 aux \u00e9lections du Parlement europ\u00e9en. Ils peuvent y participer quel que soit l&rsquo;\u00c9tat de l&rsquo;UE dans lequel ils r\u00e9sident et dans les m\u00eames conditions que les nationaux. \u00c9lu tous les cinq ans au suffrage universel, le Parlement europ\u00e9en est la seule institution \u00e9lue directement par les citoyens europ\u00e9ens. Il est compos\u00e9 de 766 d\u00e9put\u00e9s issus de tous les pays membres. Il partage le pouvoir l\u00e9gislatif avec le Conseil de l&rsquo;Union europ\u00e9enne\u00a0: il vote les directives et r\u00e8glements propos\u00e9s par la Commission qui s&rsquo;imposent ensuite aux \u00c9tats membres. Conjointement avec le Conseil, il examine et vote par ailleurs le budget de l&rsquo;Union. Il a enfin un pouvoir de contr\u00f4le sur la Commission europ\u00e9enne et peut recevoir des p\u00e9titions de citoyens europ\u00e9ens.<\/p>\n<p>Depuis le trait\u00e9 de Maastricht, tous les citoyens de l&rsquo;UE ont \u00e9galement le droit de vote et d&rsquo;\u00e9ligibilit\u00e9 aux \u00e9lections municipales dans l&rsquo;\u00c9tat o\u00f9 ils r\u00e9sident. Ils l&rsquo;exercent dans les m\u00eames conditions que les ressortissants de cet \u00c9tat. Par exemple, en France, le citoyen europ\u00e9en doit \u00eatre \u00e2g\u00e9 d&rsquo;au moins 18 ans, \u00eatre inscrit sur les listes \u00e9lectorales et jouir de ses droits civils et politiques.<\/p>\n<p>En revanche, les \u00e9trangers originaires d&rsquo;\u00c9tats non membres de l&rsquo;UE ne disposent pas de la citoyennet\u00e9 europ\u00e9enne et des droits politiques et civiques qui en d\u00e9coulent. Ils rel\u00e8vent en fait toujours de la l\u00e9gislation propre \u00e0 chaque \u00c9tat. L&rsquo;Irlande est le seul pays de l&rsquo;Union \u00e0 ne poser aucune condition au droit de vote des \u00e9trangers aux \u00e9lections municipales. Quatorze \u00c9tats, tels que la Su\u00e8de, le Danemark, les Pays-Bas, la Belgique, la Hongrie ou la R\u00e9publique tch\u00e8que, octroient ce droit sous condition d&rsquo;une dur\u00e9e de r\u00e9sidence sur leur territoire, g\u00e9n\u00e9ralement comprise entre deux et cinq ans. D&rsquo;autres \u00c9tats de l&rsquo;UE accordent le droit de vote aux \u00e9lections municipales \u00e0 certains ressortissants, originaires de pays avec lesquels ils poss\u00e8dent d&rsquo;\u00e9troits liens historiques. Le Royaume-Uni le donne ainsi aux citoyens du Commonwealth qui r\u00e9sident sur son sol, de m\u00eame que l&rsquo;Espagne et le Portugal aux citoyens issus de certains pays d&rsquo;Am\u00e9rique latine.<\/p>\n<p>Douze autres pays, dont l&rsquo;Allemagne, la France, l&rsquo;Italie et l&rsquo;Autriche, ne reconnaissent aucune possibilit\u00e9 de vote pour les citoyens \u00e9trangers non communautaires. Le d\u00e9bat sur cette question ne cesse d&rsquo;agiter la vie politique fran\u00e7aise depuis plus de trois d\u00e9cennies. En 1981, le candidat \u00e0 l&rsquo;\u00e9lection pr\u00e9sidentielle Fran\u00e7ois Mitterrand avait ainsi fait la promesse d&rsquo;accorder le droit de vote des \u00e9trangers aux \u00e9lections municipales, promesse rest\u00e9e lettre morte. Puis, en 2000, l&rsquo;Assembl\u00e9e nationale, \u00e0 majorit\u00e9 de gauche, avait adopt\u00e9 une proposition de loi constitutionnelle qui octroyait ce droit. Cette proposition de loi n&rsquo;a \u00e9t\u00e9 adopt\u00e9e qu&rsquo;en d\u00e9cembre 2011 par le S\u00e9nat, apr\u00e8s le basculement de celui-ci \u00e0 gauche. Pour \u00eatre promulgu\u00e9e, elle doit cependant \u00eatre adopt\u00e9e par la majorit\u00e9 des trois cinqui\u00e8mes des d\u00e9put\u00e9s et des s\u00e9nateurs r\u00e9unis en Congr\u00e8s ou un r\u00e9f\u00e9rendum. Or, la droite y demeure fortement oppos\u00e9e. Figurant \u00e9galement parmi les 60 propositions de Fran\u00e7ois Hollande pour l&rsquo;\u00e9lection pr\u00e9sidentielle de 2012, le droit de vote des \u00e9trangers aux \u00e9lections municipales n&rsquo;a pas encore \u00e9t\u00e9 instaur\u00e9.<\/p>\n<p><a href=\"http:\/\/www.vie-publique.fr\/decouverte-institutions\/union-europeenne\/ue-citoyennete\/citoyennete-europeenne\/\">1 : Qu&rsquo;est-ce que la citoyennet\u00e9 de l&rsquo;Union europ\u00e9enne ?<\/a><\/p>\n<\/div>\n<p class=\"synthese titreActu\"><a href=\"http:\/\/Qu'est-ce que la citoyennet\u00e9 de l'Union europ\u00e9enne ?\">2 : Qu&rsquo;est-ce que la citoyennet\u00e9 de l&rsquo;Union europ\u00e9enne ?<\/a><\/p>\n<p><a href=\"http:\/\/www.ladocumentationfrancaise.fr\/dossiers\/d000070-50eme-anniversaire-du-traite-de-rome\/la-citoyennete-europeenne\">La citoyennet\u00e9 europ\u00e9enne<\/a><\/p>\n<p><a href=\"http:\/\/ses-lfz.ch\/sesnet\/wp-content\/uploads\/2017\/10\/50_Citoyennete_europeenne.pdf\">Les aspects juridiques de la citoyennet\u00e9 europ\u00e9enne<\/a><\/p>\n<p>&nbsp;<\/p>\n<p><iframe loading=\"lazy\" src=\"https:\/\/fresques.ina.fr\/jalons\/export\/player\/InaEdu05138\/620x465\" width=\"620\" height=\"515\" frameborder=\"0\" marginwidth=\"0\" marginheight=\"0\" scrolling=\"no\" allowfullscreen=\"allowfullscreen\"><\/iframe><\/p>\n<p>&nbsp;<\/p>\n<p>&nbsp;<\/p>\n<p>&nbsp;<\/p>\n<p><iframe loading=\"lazy\" src=\"\/\/www.dailymotion.com\/embed\/video\/x1vri4c\" width=\"480\" height=\"270\" frameborder=\"0\" allowfullscreen=\"allowfullscreen\"><\/iframe><\/p>\n<p><a href=\"https:\/\/lejournal.cnrs.fr\/dossiers\/la-longue-construction-de-leurope\">Dossier CNRS : la longue construction de l&rsquo;Europe<\/a><\/p>\n","protected":false},"excerpt":{"rendered":"<p>Contexte historique : Depuis le trait\u00e9 de Maastricht sign\u00e9 en 1992, tous les citoyens des \u00c9tats de l&rsquo;Union europ\u00e9enne (UE) disposent \u00e9galement de la citoyennet\u00e9 europ\u00e9enne. Cette citoyennet\u00e9 europ\u00e9enne ne remplace pas leur citoyennet\u00e9 nationale mais s&rsquo;y superpose. Elle octroie diff\u00e9rents droits aux citoyens des \u00c9tats de l&rsquo;UE. Ceux-ci ont en premier lieu le droit [&hellip;]<\/p>\n","protected":false},"author":1,"featured_media":0,"parent":519,"menu_order":0,"comment_status":"closed","ping_status":"closed","template":"","meta":{"footnotes":""},"_links":{"self":[{"href":"http:\/\/ses-lfz.ch\/sesnet\/wp-json\/wp\/v2\/pages\/528"}],"collection":[{"href":"http:\/\/ses-lfz.ch\/sesnet\/wp-json\/wp\/v2\/pages"}],"about":[{"href":"http:\/\/ses-lfz.ch\/sesnet\/wp-json\/wp\/v2\/types\/page"}],"author":[{"embeddable":true,"href":"http:\/\/ses-lfz.ch\/sesnet\/wp-json\/wp\/v2\/users\/1"}],"replies":[{"embeddable":true,"href":"http:\/\/ses-lfz.ch\/sesnet\/wp-json\/wp\/v2\/comments?post=528"}],"version-history":[{"count":9,"href":"http:\/\/ses-lfz.ch\/sesnet\/wp-json\/wp\/v2\/pages\/528\/revisions"}],"predecessor-version":[{"id":601,"href":"http:\/\/ses-lfz.ch\/sesnet\/wp-json\/wp\/v2\/pages\/528\/revisions\/601"}],"up":[{"embeddable":true,"href":"http:\/\/ses-lfz.ch\/sesnet\/wp-json\/wp\/v2\/pages\/519"}],"wp:attachment":[{"href":"http:\/\/ses-lfz.ch\/sesnet\/wp-json\/wp\/v2\/media?parent=528"}],"curies":[{"name":"wp","href":"https:\/\/api.w.org\/{rel}","templated":true}]}}

L&rsquo;idée de citoyenneté européenne

<p><strong>Contexte historique :</strong></p>
<div>
<p>Depuis le traité de Maastricht signé en 1992, tous les citoyens des États de l&rsquo;Union européenne (UE) disposent également de la citoyenneté européenne. Cette citoyenneté européenne ne remplace pas leur citoyenneté nationale mais s&rsquo;y superpose.</p>
<p>Elle octroie différents droits aux citoyens des États de l&rsquo;UE. Ceux-ci ont en premier lieu le droit de circuler et de s&rsquo;installer librement sur le territoire de n&rsquo;importe quel pays membre de l&rsquo;Union.</p>
<p>La citoyenneté européenne leur confère en outre des droits civiques et politiques. Les citoyens européens ont ainsi le droit de vote et d&rsquo;éligibilité aux élections du Parlement européen. Ils peuvent y participer quel que soit l&rsquo;État de l&rsquo;UE dans lequel ils résident et dans les mêmes conditions que les nationaux. Élu tous les cinq ans au suffrage universel, le Parlement européen est la seule institution élue directement par les citoyens européens. Il est composé de 766 députés issus de tous les pays membres. Il partage le pouvoir législatif avec le Conseil de l&rsquo;Union européenne : il vote les directives et règlements proposés par la Commission qui s&rsquo;imposent ensuite aux États membres. Conjointement avec le Conseil, il examine et vote par ailleurs le budget de l&rsquo;Union. Il a enfin un pouvoir de contrôle sur la Commission européenne et peut recevoir des pétitions de citoyens européens.</p>
<p>Depuis le traité de Maastricht, tous les citoyens de l&rsquo;UE ont également le droit de vote et d&rsquo;éligibilité aux élections municipales dans l&rsquo;État où ils résident. Ils l&rsquo;exercent dans les mêmes conditions que les ressortissants de cet État. Par exemple, en France, le citoyen européen doit être âgé d&rsquo;au moins 18 ans, être inscrit sur les listes électorales et jouir de ses droits civils et politiques.</p>
<p>En revanche, les étrangers originaires d&rsquo;États non membres de l&rsquo;UE ne disposent pas de la citoyenneté européenne et des droits politiques et civiques qui en découlent. Ils relèvent en fait toujours de la législation propre à chaque État. L&rsquo;Irlande est le seul pays de l&rsquo;Union à ne poser aucune condition au droit de vote des étrangers aux élections municipales. Quatorze États, tels que la Suède, le Danemark, les Pays-Bas, la Belgique, la Hongrie ou la République tchèque, octroient ce droit sous condition d&rsquo;une durée de résidence sur leur territoire, généralement comprise entre deux et cinq ans. D&rsquo;autres États de l&rsquo;UE accordent le droit de vote aux élections municipales à certains ressortissants, originaires de pays avec lesquels ils possèdent d&rsquo;étroits liens historiques. Le Royaume-Uni le donne ainsi aux citoyens du Commonwealth qui résident sur son sol, de même que l&rsquo;Espagne et le Portugal aux citoyens issus de certains pays d&rsquo;Amérique latine.</p>
<p>Douze autres pays, dont l&rsquo;Allemagne, la France, l&rsquo;Italie et l&rsquo;Autriche, ne reconnaissent aucune possibilité de vote pour les citoyens étrangers non communautaires. Le débat sur cette question ne cesse d&rsquo;agiter la vie politique française depuis plus de trois décennies. En 1981, le candidat à l&rsquo;élection présidentielle François Mitterrand avait ainsi fait la promesse d&rsquo;accorder le droit de vote des étrangers aux élections municipales, promesse restée lettre morte. Puis, en 2000, l&rsquo;Assemblée nationale, à majorité de gauche, avait adopté une proposition de loi constitutionnelle qui octroyait ce droit. Cette proposition de loi n&rsquo;a été adoptée qu&rsquo;en décembre 2011 par le Sénat, après le basculement de celui-ci à gauche. Pour être promulguée, elle doit cependant être adoptée par la majorité des trois cinquièmes des députés et des sénateurs réunis en Congrès ou un référendum. Or, la droite y demeure fortement opposée. Figurant également parmi les 60 propositions de François Hollande pour l&rsquo;élection présidentielle de 2012, le droit de vote des étrangers aux élections municipales n&rsquo;a pas encore été instauré.</p>
<p><a href="http://www.vie-publique.fr/decouverte-institutions/union-europeenne/ue-citoyennete/citoyennete-europeenne/">1 : Qu&rsquo;est-ce que la citoyenneté de l&rsquo;Union européenne ?</a></p>
</div>
<p class="synthese titreActu"><a href="http://Qu'est-ce que la citoyenneté de l'Union européenne ?">2 : Qu&rsquo;est-ce que la citoyenneté de l&rsquo;Union européenne ?</a></p>
<p><a href="http://www.ladocumentationfrancaise.fr/dossiers/d000070-50eme-anniversaire-du-traite-de-rome/la-citoyennete-europeenne">La citoyenneté européenne</a></p>
<p><a href="http://ses-lfz.ch/sesnet/wp-content/uploads/2017/10/50_Citoyennete_europeenne.pdf">Les aspects juridiques de la citoyenneté européenne</a></p>
<p>&nbsp;</p>
<p><iframe loading="lazy" src="https://fresques.ina.fr/jalons/export/player/InaEdu05138/620x465" width="620" height="515" frameborder="0" marginwidth="0" marginheight="0" scrolling="no" allowfullscreen="allowfullscreen"></iframe></p>
<p>&nbsp;</p>
<p>&nbsp;</p>
<p>&nbsp;</p>
<p><iframe loading="lazy" src="//www.dailymotion.com/embed/video/x1vri4c" width="480" height="270" frameborder="0" allowfullscreen="allowfullscreen"></iframe></p>
<p><a href="https://lejournal.cnrs.fr/dossiers/la-longue-construction-de-leurope">Dossier CNRS : la longue construction de l&rsquo;Europe</a></p>

<p>Contexte historique : Depuis le traité de Maastricht signé en 1992, tous les citoyens des États de l&rsquo;Union européenne (UE) disposent également de la citoyenneté européenne. Cette citoyenneté européenne ne remplace pas leur citoyenneté nationale mais s&rsquo;y superpose. Elle octroie différents droits aux citoyens des États de l&rsquo;UE. Ceux-ci ont en premier lieu le droit [&hellip;]</p>
