{"id":531,"date":"2017-10-06T07:31:08","date_gmt":"2017-10-06T05:31:08","guid":{"rendered":"http:\/\/ses-lfz.ch\/sesnet\/?page_id=531"},"modified":"2017-10-08T22:40:23","modified_gmt":"2017-10-08T20:40:23","slug":"comment-le-big-data-faconne-nos-vies","status":"publish","type":"page","link":"http:\/\/ses-lfz.ch\/sesnet\/emc\/emc-premiere\/ressources-par-themes\/ressources-par-theme\/comment-le-big-data-faconne-nos-vies\/","title":{"rendered":"Comment le Big Data fa\u00e7onne nos vies"},"content":{"rendered":"<div class=\"rts-module-timeline-title\">\n<div class=\"inner-module\">\n<div class=\"rts-module-title\">\n<h3><\/h3>\n<p><strong>Nos donn\u00e9es personnelles, cibles de toutes les convoitises\u00a0<\/strong><\/p>\n<p><a href=\"http:\/\/www.rts.ch\/info\/sciences-tech\/8965313-nos-donnees-personnelles-cibles-de-toutes-les-convoitises.html#timeline-anchor-LUNDI+2+OCTOBRE\">Sources : rts.ch<\/a><\/p>\n<\/div>\n<\/div>\n<\/div>\n<div class=\"rts-module-timeline-intro\">\n<div class=\"inner-module\">\n<div class=\"rts-module-richtext\">\n<p>&#8211; En utilisant notre smartphone, en \u00e9coutant de la musique, en marchant ou encore en conduisant, nous cr\u00e9ons quotidiennement une \u00e9norme masse de donn\u00e9es: le Big Data.<\/p>\n<p>&#8211; La valeur \u00e9conomique de ces donn\u00e9es est immense et nous fournissons nos informations, sans m\u00eame nous en rendre en compte, \u00e0 des entreprises capables de les faire fructifier.<\/p>\n<p>&#8211; Quels sont les gestes qui nous am\u00e8nent \u00e0 livrer des donn\u00e9es personnelles? Comment sont prot\u00e9g\u00e9es ces derni\u00e8res en Suisse? Comment \u00e9viter d&rsquo;\u00eatre g\u00e9olocalis\u00e9 en permanence? Quel est l&rsquo;impact de la publicit\u00e9 cibl\u00e9e sur Facebook ou Google? Entre avantages et inconv\u00e9nients, le 19h30 fait le point sur les enjeux du Big Data.<\/p>\n<h3><strong>1 : Ces gestes qui nous am\u00e8nent \u00e0 livrer chaque jour nos donn\u00e9es<\/strong><\/h3>\n<p>Applications, cartes de fid\u00e9lit\u00e9, transports ou encore objets \u00e9lectrom\u00e9nagers, notre activit\u00e9 quotidienne est enregistr\u00e9e sans m\u00eame que l&rsquo;on s&rsquo;en rende compte, et sans vraiment pouvoir y \u00e9chapper. Ces gestes du quotidien, anodin, sont aujourd&rsquo;hui scrut\u00e9s par des algorithmes et des soci\u00e9t\u00e9s dont on ignore m\u00eame l&rsquo;existence.<\/p>\n<p><iframe loading=\"lazy\" src=\"\/\/tp.srgssr.ch\/p\/rts\/embed?urn=urn:rts:video:8967212&amp;start=\" name=\"Big data: la fin de la vie priv\u00e9e par les donn\u00e9es personnelles\" width=\"624\" height=\"351\" frameborder=\"0\" allowfullscreen=\"allowfullscreen\"><\/iframe><\/p>\n<h4>Big Data: les explications de Gaspard K\u00fchn<\/h4>\n<p><iframe loading=\"lazy\" src=\"\/\/tp.srgssr.ch\/p\/rts\/embed?urn=urn:rts:video:8967214&amp;start=\" name=\"Big Data: les explications de Gaspard K\u00fchn\" width=\"624\" height=\"351\" frameborder=\"0\" allowfullscreen=\"allowfullscreen\"><\/iframe><\/p>\n<h4><\/h4>\n<h4>2 : I<span class=\"time\">nterview du directeur de l\u2019OFCOM <\/span><\/h4>\n<h4>\u00ab\u00a0Le big data est une chance pour l\u2019\u00e9conomie et pour toute la soci\u00e9t\u00e9\u00a0\u00bb<\/h4>\n<div class=\"rts-module-richtext\">\n<p>Tout au long de l&rsquo;<a href=\"http:\/\/www.rts.ch\/la-1ere\/programmes\/on-en-parle\/6813759-enquete-ouverte-donnez-moi-mes-donnees-.html\">enqu\u00eate participative<\/a> sur les donn\u00e9es men\u00e9e par l&rsquo;\u00e9mission \u00ab\u00a0On en parle\u00a0\u00bb sur RTS La Premi\u00e8re, la grande majorit\u00e9 des sp\u00e9cialistes interrog\u00e9s se sont montr\u00e9s inquiets par la situation suisse. Le directeur de l&rsquo;Office f\u00e9d\u00e9ral de la communication (OFCOM) Philipp Metzger ne partage pas cet avis. \u00ab\u00a0Je ne pense pas que l\u2019on soit en retard. Je pense que la Suisse est bien positionn\u00e9e pour profiter de cette num\u00e9risation \u00e0 l\u2019avenir\u00a0\u00bb, a-t-il d\u00e9clar\u00e9 au micro de la RTS le mois dernier.<\/p>\n<p>Le big data constitue-t-il un avantage, notamment pour l\u2019\u00e9conomie, ou un danger pour la sph\u00e8re priv\u00e9e? \u00ab\u00a0Il est une chance, pas seulement pour l\u2019\u00e9conomie, mais aussi pour toute la soci\u00e9t\u00e9\u00a0\u00bb, r\u00e9pond le directeur de l&rsquo;OFCOM.<\/p>\n<p><iframe loading=\"lazy\" src=\"\/\/tp.srgssr.ch\/p\/rts\/embed?urn=urn:rts:video:8911997&amp;start=\" name=\"Interview de Philipp Metzger, directeur de l\" width=\"624\" height=\"351\" frameborder=\"0\" allowfullscreen=\"allowfullscreen\"><\/iframe><\/p>\n<\/div>\n<h4><\/h4>\n<h4>3 : Le myst\u00e8re du stockage<\/h4>\n<div class=\"clearing\">\u00a0O\u00f9 sont stock\u00e9es les donn\u00e9es? Par qui? Et surtout quelles sont les garanties de s\u00e9curit\u00e9? Reportage dans les entrailles de ces bunkers de ces entreprises de haute s\u00e9curit\u00e9 qui g\u00e8rent le stockage des donn\u00e9es.<\/div>\n<div class=\"rts-module-richtext\">\n<p><iframe loading=\"lazy\" src=\"\/\/tp.srgssr.ch\/p\/rts\/embed?urn=urn:rts:video:8971311&amp;start=\" name=\"Big data: plong\u00e9e dans les coffres-forts num\u00e9riques\" width=\"624\" height=\"351\" frameborder=\"0\" allowfullscreen=\"allowfullscreen\"><\/iframe><\/p>\n<\/div>\n<h4><span class=\"time\">4 : Facebook sait tout&#8230;e<\/span>t vend tout<\/h4>\n<div class=\"clearing\">\n<p>Le g\u00e9ant Facebook sait tout de nous et peut vendre des profils type aux annonceurs. Et les donn\u00e9es personnelles valent de l&rsquo;or.<\/p>\n<p><iframe loading=\"lazy\" src=\"\/\/tp.srgssr.ch\/p\/rts\/embed?urn=urn:rts:video:8974199&amp;start=\" name=\"Big data: nos donn\u00e9es personnelles sur internet valent de l\" width=\"624\" height=\"351\" frameborder=\"0\" allowfullscreen=\"allowfullscreen\"><\/iframe><\/p>\n<h4><\/h4>\n<h4>5 : Quelques bons r\u00e9flexes pour prot\u00e9ger ses donn\u00e9es<\/h4>\n<div class=\"rts-module-richtext\">\n<p>Moteurs de recherche, navigateurs, r\u00e9seaux sociaux, applications&#8230; Ces outils du quotidien sont de v\u00e9ritables aspirateurs \u00e0 donn\u00e9es personnelles mais quelques pr\u00e9cautions simples peuvent limiter les fuites.<\/p>\n<p><iframe loading=\"lazy\" src=\"\/\/tp.srgssr.ch\/p\/rts\/embed?urn=urn:rts:video:8974291&amp;start=\" name=\"Prot\u00e9ger ses donn\u00e9es sur Internet: les conseils de Nicolas Ross\u00e9\" width=\"624\" height=\"351\" frameborder=\"0\" allowfullscreen=\"allowfullscreen\"><\/iframe><\/p>\n<\/div>\n<\/div>\n<h4>\u00a0<span class=\"time\">L&rsquo;interview de Solange Ghernaouti (Unil)<\/span><\/h4>\n<h4>\u00ab\u00a0Cette technologie r\u00e9pond aux besoins d&rsquo;une \u00e9conomie ultra-lib\u00e9rale\u00a0\u00bb<\/h4>\n<div class=\"clearing\">\u00a0La protection est illusoire, constate Solange Ghernaouti, professeure \u00e0 l&rsquo;Uni de Lausanne dans le 19h30. \u00ab\u00a0On n&rsquo;a plus qu&rsquo;\u00e0 leur faire confiance, mais on a aucun moyen de contr\u00f4ler cette confiance\u00a0\u00bb, regrette-t-elle.<\/div>\n<div class=\"rts-module-richtext\">\n<p>Selon cette experte en s\u00e9curit\u00e9 informatique, des hommes comme Larry Page, Tim Cook ou encore Mark Zuckerberg sont habit\u00e9s par le r\u00eave de dominer et de faire de l&rsquo;argent. Ce qui me g\u00eane peut-\u00eatre le plus dans leur approche est qu&rsquo;ils proposent cette \u00e9volution technologique comme \u00e9tant quelque chose de naturel et donc de pas questionnable. Or, cette technologie est con\u00e7ue dans un espace-temps \u00e9conomique et culturel particulier et r\u00e9pond \u00e0 des besoins particuliers d&rsquo;une \u00e9conomie ultra-lib\u00e9rale\u00a0\u00bb, explique-t-elle.<br \/>\n<iframe loading=\"lazy\" src=\"\/\/tp.srgssr.ch\/p\/rts\/embed?urn=urn:rts:video:8976731&amp;start=\" name=\"Google \/ Reconnaissance vocale: le point avec Prof. Solange Ghernaouti, Dpt syst. d\" width=\"624\" height=\"351\" frameborder=\"0\" allowfullscreen=\"allowfullscreen\"><\/iframe><\/p>\n<\/div>\n<h4><\/h4>\n<h4>6 : Le d\u00e9fi de la reconnaissance vocale<\/h4>\n<div class=\"rts-module-richtext\">\n<p>La firme am\u00e9ricaine Google entend bien implanter son intelligence artificielle dans tous les objets de notre quotidien. Pour cela, elle d\u00e9veloppe notamment la reconnaissance vocale. Et cela se passe en partie en Suisse, \u00e0 Zurich.<\/p>\n<\/div>\n<\/div>\n<\/div>\n<\/div>\n<p><iframe loading=\"lazy\" src=\"\/\/tp.srgssr.ch\/p\/rts\/embed?urn=urn:rts:video:8976719&amp;start=\" name=\"Google d\u00e9veloppe \u00e0 Zurich l\" width=\"624\" height=\"351\" frameborder=\"0\" allowfullscreen=\"allowfullscreen\"><\/iframe><\/p>\n<p>&nbsp;<\/p>\n<h4>7 : Quelle loi sur la protection des donn\u00e9es?<\/h4>\n<div class=\"clearing\"> Datant de 1992, la loi sur la protection des donn\u00e9es est d\u00e9pass\u00e9e par l&rsquo;\u00e9volution technologique. En Suisse et en Europe les lois sont en r\u00e9visions, mais le cadre-l\u00e9gal reste tr\u00e8s g\u00e9n\u00e9ral.<\/div>\n<p><iframe loading=\"lazy\" src=\"\/\/tp.srgssr.ch\/p\/rts\/embed?urn=urn:rts:video:8979462&amp;start=\" name=\"La protection des donn\u00e9es personnelles en Suisse\" width=\"624\" height=\"351\" frameborder=\"0\" allowfullscreen=\"allowfullscreen\"><\/iframe><\/p>\n<p>&nbsp;<\/p>\n<div><\/div>\n<p><iframe src='\/\/tp.srgssr.ch\/p\/rts\/embed?urn=urn:rts:video:8979468&#038;start=' allowfullscreen width='624' height='351' frameborder='0' name='Protection des donn\u00e9es: l'analyse de Lo\u00efs Siggen Lopez, depuis Berne'><\/iframe><\/p>\n","protected":false},"excerpt":{"rendered":"<p>Nos donn\u00e9es personnelles, cibles de toutes les convoitises\u00a0 Sources : rts.ch &#8211; En utilisant notre smartphone, en \u00e9coutant de la musique, en marchant ou encore en conduisant, nous cr\u00e9ons quotidiennement une \u00e9norme masse de donn\u00e9es: le Big Data. &#8211; La valeur \u00e9conomique de ces donn\u00e9es est immense et nous fournissons nos informations, sans m\u00eame nous [&hellip;]<\/p>\n","protected":false},"author":1,"featured_media":0,"parent":407,"menu_order":0,"comment_status":"closed","ping_status":"closed","template":"","meta":{"footnotes":""},"_links":{"self":[{"href":"http:\/\/ses-lfz.ch\/sesnet\/wp-json\/wp\/v2\/pages\/531"}],"collection":[{"href":"http:\/\/ses-lfz.ch\/sesnet\/wp-json\/wp\/v2\/pages"}],"about":[{"href":"http:\/\/ses-lfz.ch\/sesnet\/wp-json\/wp\/v2\/types\/page"}],"author":[{"embeddable":true,"href":"http:\/\/ses-lfz.ch\/sesnet\/wp-json\/wp\/v2\/users\/1"}],"replies":[{"embeddable":true,"href":"http:\/\/ses-lfz.ch\/sesnet\/wp-json\/wp\/v2\/comments?post=531"}],"version-history":[{"count":14,"href":"http:\/\/ses-lfz.ch\/sesnet\/wp-json\/wp\/v2\/pages\/531\/revisions"}],"predecessor-version":[{"id":565,"href":"http:\/\/ses-lfz.ch\/sesnet\/wp-json\/wp\/v2\/pages\/531\/revisions\/565"}],"up":[{"embeddable":true,"href":"http:\/\/ses-lfz.ch\/sesnet\/wp-json\/wp\/v2\/pages\/407"}],"wp:attachment":[{"href":"http:\/\/ses-lfz.ch\/sesnet\/wp-json\/wp\/v2\/media?parent=531"}],"curies":[{"name":"wp","href":"https:\/\/api.w.org\/{rel}","templated":true}]}}