{"id":59,"date":"2017-07-18T19:10:15","date_gmt":"2017-07-18T17:10:15","guid":{"rendered":"http:\/\/ses-lfz.ch\/sesnet\/?page_id=59"},"modified":"2018-06-07T12:16:31","modified_gmt":"2018-06-07T10:16:31","slug":"chapitre-2-linstabilite-de-la-croissance","status":"publish","type":"page","link":"http:\/\/ses-lfz.ch\/sesnet\/terminale-es\/chapitre-2-linstabilite-de-la-croissance\/","title":{"rendered":"Chapitre 2 : L\u2019instabilit\u00e9 de la croissance"},"content":{"rendered":"<h2><strong>I : Ce que dit le programme<\/strong><\/h2>\n<p><strong>Th\u00e8mes et questionnements<\/strong><\/p>\n<p>Comment expliquer\u00a0l&rsquo;instabilit\u00e9 de la\u00a0croissance ?<\/p>\n<p><strong>Notions :<\/strong><\/p>\n<p>Fluctuations\u00a0\u00e9conomiques, crise\u00a0\u00e9conomique,\u00a0d\u00e9sinflation, d\u00e9pression,\u00a0d\u00e9flation.<\/p>\n<p><strong>Indications compl\u00e9mentaires :<\/strong><\/p>\n<p>L&rsquo;observation des fluctuations \u00e9conomiques permettra de mettre\u00a0l&rsquo;accent sur la variabilit\u00e9 de la croissance et sur l&rsquo;existence de\u00a0p\u00e9riodes de crise. On pr\u00e9sentera les id\u00e9es directrices des\u00a0principaux sch\u00e9mas explicatifs des fluctuations (chocs d&rsquo;offre et de\u00a0demande, cycle du cr\u00e9dit), en insistant notamment sur les liens\u00a0avec la demande globale. On analysera les m\u00e9canismes cumulatifs\u00a0susceptibles d&rsquo;engendrer d\u00e9flation et d\u00e9pression \u00e9conomique et\u00a0leurs cons\u00e9quences sur le ch\u00f4mage de masse.<\/p>\n<p><strong>Acquis de premi\u00e8re\u00a0:<\/strong><\/p>\n<p>inflation, ch\u00f4mage, demande globale.<\/p>\n<h2><a href=\"http:\/\/ses-lfz.ch\/sesnet\/terminale-es\/chapitre-2-linstabilite-de-la-croissance\/ii-ressources-videos\/\"><strong>II\u00a0: Ressources vid\u00e9os<\/strong><\/a><\/h2>\n","protected":false},"excerpt":{"rendered":"<p>I : Ce que dit le programme Th\u00e8mes et questionnements Comment expliquer\u00a0l&rsquo;instabilit\u00e9 de la\u00a0croissance ? Notions : Fluctuations\u00a0\u00e9conomiques, crise\u00a0\u00e9conomique,\u00a0d\u00e9sinflation, d\u00e9pression,\u00a0d\u00e9flation. Indications compl\u00e9mentaires : L&rsquo;observation des fluctuations \u00e9conomiques permettra de mettre\u00a0l&rsquo;accent sur la variabilit\u00e9 de la croissance et sur l&rsquo;existence de\u00a0p\u00e9riodes de crise. On pr\u00e9sentera les id\u00e9es directrices des\u00a0principaux sch\u00e9mas explicatifs des fluctuations (chocs d&rsquo;offre et [&hellip;]<\/p>\n","protected":false},"author":1,"featured_media":0,"parent":8,"menu_order":0,"comment_status":"closed","ping_status":"closed","template":"","meta":{"footnotes":""},"_links":{"self":[{"href":"http:\/\/ses-lfz.ch\/sesnet\/wp-json\/wp\/v2\/pages\/59"}],"collection":[{"href":"http:\/\/ses-lfz.ch\/sesnet\/wp-json\/wp\/v2\/pages"}],"about":[{"href":"http:\/\/ses-lfz.ch\/sesnet\/wp-json\/wp\/v2\/types\/page"}],"author":[{"embeddable":true,"href":"http:\/\/ses-lfz.ch\/sesnet\/wp-json\/wp\/v2\/users\/1"}],"replies":[{"embeddable":true,"href":"http:\/\/ses-lfz.ch\/sesnet\/wp-json\/wp\/v2\/comments?post=59"}],"version-history":[{"count":9,"href":"http:\/\/ses-lfz.ch\/sesnet\/wp-json\/wp\/v2\/pages\/59\/revisions"}],"predecessor-version":[{"id":1217,"href":"http:\/\/ses-lfz.ch\/sesnet\/wp-json\/wp\/v2\/pages\/59\/revisions\/1217"}],"up":[{"embeddable":true,"href":"http:\/\/ses-lfz.ch\/sesnet\/wp-json\/wp\/v2\/pages\/8"}],"wp:attachment":[{"href":"http:\/\/ses-lfz.ch\/sesnet\/wp-json\/wp\/v2\/media?parent=59"}],"curies":[{"name":"wp","href":"https:\/\/api.w.org\/{rel}","templated":true}]}}

Chapitre 2 : L’instabilité de la croissance

<h2><strong>I : Ce que dit le programme</strong></h2>
<p><strong>Thèmes et questionnements</strong></p>
<p>Comment expliquer l&rsquo;instabilité de la croissance ?</p>
<p><strong>Notions :</strong></p>
<p>Fluctuations économiques, crise économique, désinflation, dépression, déflation.</p>
<p><strong>Indications complémentaires :</strong></p>
<p>L&rsquo;observation des fluctuations économiques permettra de mettre l&rsquo;accent sur la variabilité de la croissance et sur l&rsquo;existence de périodes de crise. On présentera les idées directrices des principaux schémas explicatifs des fluctuations (chocs d&rsquo;offre et de demande, cycle du crédit), en insistant notamment sur les liens avec la demande globale. On analysera les mécanismes cumulatifs susceptibles d&rsquo;engendrer déflation et dépression économique et leurs conséquences sur le chômage de masse.</p>
<p><strong>Acquis de première :</strong></p>
<p>inflation, chômage, demande globale.</p>
<h2><a href="http://ses-lfz.ch/sesnet/terminale-es/chapitre-2-linstabilite-de-la-croissance/ii-ressources-videos/"><strong>II : Ressources vidéos</strong></a></h2>

<p>I : Ce que dit le programme Thèmes et questionnements Comment expliquer l&rsquo;instabilité de la croissance ? Notions : Fluctuations économiques, crise économique, désinflation, dépression, déflation. Indications complémentaires : L&rsquo;observation des fluctuations économiques permettra de mettre l&rsquo;accent sur la variabilité de la croissance et sur l&rsquo;existence de périodes de crise. On présentera les idées directrices des principaux schémas explicatifs des fluctuations (chocs d&rsquo;offre et [&hellip;]</p>
