{"id":61,"date":"2017-07-18T19:10:51","date_gmt":"2017-07-18T17:10:51","guid":{"rendered":"http:\/\/ses-lfz.ch\/sesnet\/?page_id=61"},"modified":"2018-01-08T23:36:58","modified_gmt":"2018-01-08T22:36:58","slug":"chapitre-3-les-fondements-du-commerce-international-et-de-linternationalisation-de-la-production","status":"publish","type":"page","link":"http:\/\/ses-lfz.ch\/sesnet\/terminale-es\/chapitre-3-les-fondements-du-commerce-international-et-de-linternationalisation-de-la-production\/","title":{"rendered":"Chapitre 3 : Les fondements du commerce international et de l\u2019internationalisation de la production"},"content":{"rendered":"<h2><\/h2>\n<h2><\/h2>\n<h2><strong>I : Ce que dit le programme<\/strong><\/h2>\n<p><strong><span style=\"color: #000080;\">Th\u00e8mes et questionnements<\/span><\/strong><\/p>\n<p><span style=\"color: #000080;\">Quels sont les fondements du commerce international et de l&rsquo;internationalisation de la production\u00a0?<\/span><\/p>\n<p><strong><span style=\"color: #000080;\">Notions :<\/span><\/strong><\/p>\n<p><span style=\"color: #000080;\">Avantage comparatif, <\/span><span style=\"color: #000080;\">dotation factorielle, libre-\u00e9change et protectionnisme, commerce intra-firme, comp\u00e9titivit\u00e9 prix et hors prix, d\u00e9localisation, externalisation, firmes multinationales, sp\u00e9cialisation.<\/span><\/p>\n<p><strong><span style=\"color: #000080;\">Indications compl\u00e9mentaires : <\/span><\/strong><\/p>\n<p><span style=\"color: #000080;\">En partant d&rsquo;une pr\u00e9sentation stylis\u00e9e des \u00e9volutions du commerce mondial et en faisant r\u00e9f\u00e9rence \u00e0 la notion d&rsquo;avantage comparatif, on s&rsquo;interrogera sur les d\u00e9terminants des \u00e9changes internationaux de biens et services et de la sp\u00e9cialisation.<br \/>\nOn analysera les avantages et les inconv\u00e9nients des \u00e9changes internationaux pour les producteurs comme pour les consommateurs. On pr\u00e9sentera \u00e0 cette occasion les fondements des politiques protectionnistes et on en montrera les risques. On s&rsquo;interrogera sur les effets d&rsquo;une variation des taux de change sur l&rsquo;\u00e9conomie des pays concern\u00e9s.<br \/>\nEn s&rsquo;appuyant sur des donn\u00e9es concernant le commerce intra-firme et sur des exemples d&rsquo;entreprises multinationales, on abordera la mondialisation de la production. On analysera les choix de localisation des entreprises et leurs strat\u00e9gies d&rsquo;internationalisation. On \u00e9tudiera \u00e0 cette occasion les principaux d\u00e9terminants de la division internationale du travail, en insistant sur le r\u00f4le des co\u00fbts et la recherche d&rsquo;une comp\u00e9titivit\u00e9 hors prix.<\/span><\/p>\n<p><span style=\"color: #000080;\"><br \/>\n<b>Acquis de premi\u00e8re\u00a0: <\/b>gains \u00e0 l&rsquo;\u00e9change.<\/span><\/p>\n<h2><\/h2>\n<p>&nbsp;<\/p>\n<h2><strong>II\u00a0: Ressources vid\u00e9os<\/strong><\/h2>\n<p><a href=\"http:\/\/ses-lfz.ch\/sesnet\/terminale-es\/chapitre-3-les-fondements-du-commerce-international-et-de-linternationalisation-de-la-production\/ressources-videos\/\">Ressources vid\u00e9os<\/a><\/p>\n","protected":false},"excerpt":{"rendered":"<p>I : Ce que dit le programme Th\u00e8mes et questionnements Quels sont les fondements du commerce international et de l&rsquo;internationalisation de la production\u00a0? Notions : Avantage comparatif, dotation factorielle, libre-\u00e9change et protectionnisme, commerce intra-firme, comp\u00e9titivit\u00e9 prix et hors prix, d\u00e9localisation, externalisation, firmes multinationales, sp\u00e9cialisation. Indications compl\u00e9mentaires : En partant d&rsquo;une pr\u00e9sentation stylis\u00e9e des \u00e9volutions du [&hellip;]<\/p>\n","protected":false},"author":1,"featured_media":0,"parent":8,"menu_order":0,"comment_status":"closed","ping_status":"closed","template":"","meta":{"footnotes":""},"_links":{"self":[{"href":"http:\/\/ses-lfz.ch\/sesnet\/wp-json\/wp\/v2\/pages\/61"}],"collection":[{"href":"http:\/\/ses-lfz.ch\/sesnet\/wp-json\/wp\/v2\/pages"}],"about":[{"href":"http:\/\/ses-lfz.ch\/sesnet\/wp-json\/wp\/v2\/types\/page"}],"author":[{"embeddable":true,"href":"http:\/\/ses-lfz.ch\/sesnet\/wp-json\/wp\/v2\/users\/1"}],"replies":[{"embeddable":true,"href":"http:\/\/ses-lfz.ch\/sesnet\/wp-json\/wp\/v2\/comments?post=61"}],"version-history":[{"count":11,"href":"http:\/\/ses-lfz.ch\/sesnet\/wp-json\/wp\/v2\/pages\/61\/revisions"}],"predecessor-version":[{"id":790,"href":"http:\/\/ses-lfz.ch\/sesnet\/wp-json\/wp\/v2\/pages\/61\/revisions\/790"}],"up":[{"embeddable":true,"href":"http:\/\/ses-lfz.ch\/sesnet\/wp-json\/wp\/v2\/pages\/8"}],"wp:attachment":[{"href":"http:\/\/ses-lfz.ch\/sesnet\/wp-json\/wp\/v2\/media?parent=61"}],"curies":[{"name":"wp","href":"https:\/\/api.w.org\/{rel}","templated":true}]}}

<h2></h2>
<h2></h2>
<h2><strong>I : Ce que dit le programme</strong></h2>
<p><strong><span style="color: #000080;">Thèmes et questionnements</span></strong></p>
<p><span style="color: #000080;">Quels sont les fondements du commerce international et de l&rsquo;internationalisation de la production ?</span></p>
<p><strong><span style="color: #000080;">Notions :</span></strong></p>
<p><span style="color: #000080;">Avantage comparatif, </span><span style="color: #000080;">dotation factorielle, libre-échange et protectionnisme, commerce intra-firme, compétitivité prix et hors prix, délocalisation, externalisation, firmes multinationales, spécialisation.</span></p>
<p><strong><span style="color: #000080;">Indications complémentaires : </span></strong></p>
<p><span style="color: #000080;">En partant d&rsquo;une présentation stylisée des évolutions du commerce mondial et en faisant référence à la notion d&rsquo;avantage comparatif, on s&rsquo;interrogera sur les déterminants des échanges internationaux de biens et services et de la spécialisation.<br />
On analysera les avantages et les inconvénients des échanges internationaux pour les producteurs comme pour les consommateurs. On présentera à cette occasion les fondements des politiques protectionnistes et on en montrera les risques. On s&rsquo;interrogera sur les effets d&rsquo;une variation des taux de change sur l&rsquo;économie des pays concernés.<br />
En s&rsquo;appuyant sur des données concernant le commerce intra-firme et sur des exemples d&rsquo;entreprises multinationales, on abordera la mondialisation de la production. On analysera les choix de localisation des entreprises et leurs stratégies d&rsquo;internationalisation. On étudiera à cette occasion les principaux déterminants de la division internationale du travail, en insistant sur le rôle des coûts et la recherche d&rsquo;une compétitivité hors prix.</span></p>
<p><span style="color: #000080;"><br />
<b>Acquis de première : </b>gains à l&rsquo;échange.</span></p>
<h2></h2>
<p>&nbsp;</p>
<h2><strong>II : Ressources vidéos</strong></h2>
<p><a href="http://ses-lfz.ch/sesnet/terminale-es/chapitre-3-les-fondements-du-commerce-international-et-de-linternationalisation-de-la-production/ressources-videos/">Ressources vidéos</a></p>

<p>I : Ce que dit le programme Thèmes et questionnements Quels sont les fondements du commerce international et de l&rsquo;internationalisation de la production ? Notions : Avantage comparatif, dotation factorielle, libre-échange et protectionnisme, commerce intra-firme, compétitivité prix et hors prix, délocalisation, externalisation, firmes multinationales, spécialisation. Indications complémentaires : En partant d&rsquo;une présentation stylisée des évolutions du [&hellip;]</p>
