{"id":672,"date":"2017-11-09T22:09:45","date_gmt":"2017-11-09T21:09:45","guid":{"rendered":"http:\/\/ses-lfz.ch\/sesnet\/?page_id=672"},"modified":"2018-11-12T10:38:11","modified_gmt":"2018-11-12T09:38:11","slug":"ressources-videos","status":"publish","type":"page","link":"http:\/\/ses-lfz.ch\/sesnet\/seconde-1-ses\/chapitre-2-la-consommation-un-marqueur-social\/ressources-videos\/","title":{"rendered":"Ressources vid\u00e9os"},"content":{"rendered":"<p><strong>Vid\u00e9o 1 : Les choix de consommation sont socialement diff\u00e9renci\u00e9s<\/strong><\/p>\n<p><iframe loading=\"lazy\" src=\"https:\/\/www.youtube.com\/embed\/mLzr1vNIulQ\" width=\"560\" height=\"315\" frameborder=\"0\" allowfullscreen=\"allowfullscreen\"><\/iframe><\/p>\n<p><strong>Vid\u00e9o 2 : Consommation ostentatoire, effet d&rsquo;imitation et effet de distinction<\/strong><\/p>\n<p><iframe loading=\"lazy\" src=\"https:\/\/www.youtube.com\/embed\/amcukY6CAj4\" width=\"560\" height=\"315\" frameborder=\"0\" allowfullscreen=\"allowfullscreen\"><\/iframe><\/p>\n<p>Questions :<\/p>\n<p>1. Qu\u2019est-ce que la consommation ostentatoire ?<br \/>\n2. Citez deux exemples de consommation ostentatoire.<br \/>\n3. Qu\u2019est-ce que l\u2019effet de distinction ?<br \/>\n4. Qu\u2019est-ce que l\u2019effet d\u2019imitation ?<br \/>\n5. Citez deux exemples d\u2019effet de distinction et deux autres exemples d\u2019effet d\u2019imitation.<\/p>\n<p>&nbsp;<\/p>\n<p><strong>Vid\u00e9o 3 : L&rsquo;influence de la mode et de la publicit\u00e9 dans les choix de consommation<\/strong><\/p>\n<p><iframe loading=\"lazy\" src=\"https:\/\/www.youtube.com\/embed\/OogDXcb6S9c\" width=\"560\" height=\"315\" frameborder=\"0\" allowfullscreen=\"allowfullscreen\"><\/iframe><\/p>\n<p><strong>Vid\u00e9o 4 : D\u00e9terminants sociaux de la consommation<\/strong><\/p>\n<p><iframe loading=\"lazy\" src=\"https:\/\/www.youtube.com\/embed\/6lKjAGGUQmI\" width=\"560\" height=\"315\" frameborder=\"0\" allowfullscreen=\"allowfullscreen\"><\/iframe><\/p>\n<p>Vid\u00e9o 5 : <a href=\"https:\/\/vimeopro.com\/user36345481\/ses-2de-2017-ateliers\/video\/213196858\">Pratiques alimentaires et ob\u00e9sit\u00e9, des marqueurs sociaux ?<\/a><\/p>\n<p>Vid\u00e9o 6 : <a href=\"https:\/\/vimeopro.com\/user36345481\/ses-2de-2017\/video\/213199229\">\u00ab L\u2019effet Veblen, d\u2019hier \u00e0 aujourd\u2019hui \u00bb, Arte Thema, 29 juin 2010.<\/a><\/p>\n<p><iframe loading=\"lazy\" width=\"560\" height=\"315\" src=\"\/\/embedftv-a.akamaihd.net\/f45767403f0d1fc5d5d6ca28d61b2bb7\" frameborder=\"0\" scrolling=\"no\" allowfullscreen><\/iframe><\/p>\n","protected":false},"excerpt":{"rendered":"<p>Vid\u00e9o 1 : Les choix de consommation sont socialement diff\u00e9renci\u00e9s Vid\u00e9o 2 : Consommation ostentatoire, effet d&rsquo;imitation et effet de distinction Questions : 1. Qu\u2019est-ce que la consommation ostentatoire ? 2. Citez deux exemples de consommation ostentatoire. 3. Qu\u2019est-ce que l\u2019effet de distinction ? 4. Qu\u2019est-ce que l\u2019effet d\u2019imitation ? 5. Citez deux exemples d\u2019effet [&hellip;]<\/p>\n","protected":false},"author":1,"featured_media":0,"parent":666,"menu_order":0,"comment_status":"closed","ping_status":"closed","template":"","meta":{"footnotes":""},"_links":{"self":[{"href":"http:\/\/ses-lfz.ch\/sesnet\/wp-json\/wp\/v2\/pages\/672"}],"collection":[{"href":"http:\/\/ses-lfz.ch\/sesnet\/wp-json\/wp\/v2\/pages"}],"about":[{"href":"http:\/\/ses-lfz.ch\/sesnet\/wp-json\/wp\/v2\/types\/page"}],"author":[{"embeddable":true,"href":"http:\/\/ses-lfz.ch\/sesnet\/wp-json\/wp\/v2\/users\/1"}],"replies":[{"embeddable":true,"href":"http:\/\/ses-lfz.ch\/sesnet\/wp-json\/wp\/v2\/comments?post=672"}],"version-history":[{"count":19,"href":"http:\/\/ses-lfz.ch\/sesnet\/wp-json\/wp\/v2\/pages\/672\/revisions"}],"predecessor-version":[{"id":1292,"href":"http:\/\/ses-lfz.ch\/sesnet\/wp-json\/wp\/v2\/pages\/672\/revisions\/1292"}],"up":[{"embeddable":true,"href":"http:\/\/ses-lfz.ch\/sesnet\/wp-json\/wp\/v2\/pages\/666"}],"wp:attachment":[{"href":"http:\/\/ses-lfz.ch\/sesnet\/wp-json\/wp\/v2\/media?parent=672"}],"curies":[{"name":"wp","href":"https:\/\/api.w.org\/{rel}","templated":true}]}}

Ressources vidéos

<p><strong>Vidéo 1 : Les choix de consommation sont socialement différenciés</strong></p>
<p><iframe loading="lazy" src="https://www.youtube.com/embed/mLzr1vNIulQ" width="560" height="315" frameborder="0" allowfullscreen="allowfullscreen"></iframe></p>
<p><strong>Vidéo 2 : Consommation ostentatoire, effet d&rsquo;imitation et effet de distinction</strong></p>
<p><iframe loading="lazy" src="https://www.youtube.com/embed/amcukY6CAj4" width="560" height="315" frameborder="0" allowfullscreen="allowfullscreen"></iframe></p>
<p>Questions :</p>
<p>1. Qu’est-ce que la consommation ostentatoire ?<br />
2. Citez deux exemples de consommation ostentatoire.<br />
3. Qu’est-ce que l’effet de distinction ?<br />
4. Qu’est-ce que l’effet d’imitation ?<br />
5. Citez deux exemples d’effet de distinction et deux autres exemples d’effet d’imitation.</p>
<p>&nbsp;</p>
<p><strong>Vidéo 3 : L&rsquo;influence de la mode et de la publicité dans les choix de consommation</strong></p>
<p><iframe loading="lazy" src="https://www.youtube.com/embed/OogDXcb6S9c" width="560" height="315" frameborder="0" allowfullscreen="allowfullscreen"></iframe></p>
<p><strong>Vidéo 4 : Déterminants sociaux de la consommation</strong></p>
<p><iframe loading="lazy" src="https://www.youtube.com/embed/6lKjAGGUQmI" width="560" height="315" frameborder="0" allowfullscreen="allowfullscreen"></iframe></p>
<p>Vidéo 5 : <a href="https://vimeopro.com/user36345481/ses-2de-2017-ateliers/video/213196858">Pratiques alimentaires et obésité, des marqueurs sociaux ?</a></p>
<p>Vidéo 6 : <a href="https://vimeopro.com/user36345481/ses-2de-2017/video/213199229">« L’effet Veblen, d’hier à aujourd’hui », Arte Thema, 29 juin 2010.</a></p>
<p><iframe loading="lazy" width="560" height="315" src="//embedftv-a.akamaihd.net/f45767403f0d1fc5d5d6ca28d61b2bb7" frameborder="0" scrolling="no" allowfullscreen></iframe></p>

<p>Vidéo 1 : Les choix de consommation sont socialement différenciés Vidéo 2 : Consommation ostentatoire, effet d&rsquo;imitation et effet de distinction Questions : 1. Qu’est-ce que la consommation ostentatoire ? 2. Citez deux exemples de consommation ostentatoire. 3. Qu’est-ce que l’effet de distinction ? 4. Qu’est-ce que l’effet d’imitation ? 5. Citez deux exemples d’effet [&hellip;]</p>
