{"id":706,"date":"2017-11-22T07:27:43","date_gmt":"2017-11-22T06:27:43","guid":{"rendered":"http:\/\/ses-lfz.ch\/sesnet\/?page_id=706"},"modified":"2018-06-06T08:15:47","modified_gmt":"2018-06-06T06:15:47","slug":"ressources-videos","status":"publish","type":"page","link":"http:\/\/ses-lfz.ch\/sesnet\/terminale-es\/chapitre-3-les-fondements-du-commerce-international-et-de-linternationalisation-de-la-production\/ressources-videos\/","title":{"rendered":"Ressources vid\u00e9os"},"content":{"rendered":"<p>Vid\u00e9o 1 : Wallmart : Le g\u00e9ant de la distribution<\/p>\n<p><iframe loading=\"lazy\" src=\"https:\/\/www.youtube.com\/embed\/F2TQmv_fqFQ\" width=\"560\" height=\"315\" frameborder=\"0\" allowfullscreen=\"allowfullscreen\"><\/iframe><\/p>\n<p>Documentaire ancien mais qui annonce la situation \u00e9conomique et sociale aux \u00c9tats-Unis et le contexte qui a permis \u00e0 D. Trump de rendre audible son \u00ab\u00a0discours\u00a0\u00bb.<\/p>\n<p>Vid\u00e9o 2 : Le march\u00e9 des changes<br \/>\n<iframe loading=\"lazy\" frameborder=\"0\" width=\"560\" height=\"315\" src=\"\/\/www.dailymotion.com\/embed\/video\/x2xk3yj\" allowfullscreen allow=\"autoplay\"><\/iframe><\/p>\n<p>Vid\u00e9o 3 : Libre \u00e9change ou protectionnisme ?<br \/>\n<iframe loading=\"lazy\" width=\"560\" height=\"315\" src=\"https:\/\/www.youtube.com\/embed\/7x1KYj-Ufu4\" frameborder=\"0\" allow=\"autoplay; encrypted-media\" allowfullscreen><\/iframe><\/p>\n<p>Vid\u00e9o 4 : L&rsquo;augmentation des \u00e9changes internationaux<br \/>\n<iframe loading=\"lazy\" width=\"560\" height=\"315\" src=\"https:\/\/www.youtube.com\/embed\/PiGkdg0d5ak\" frameborder=\"0\" allow=\"autoplay; encrypted-media\" allowfullscreen><\/iframe><\/p>\n<p>Vid\u00e9o 5 : Dessine-moi l&rsquo;\u00e9co : La valeur d&rsquo;une monnaie peut-elle impacter l&rsquo;\u00e9conomie d&rsquo;un pays ?<br \/>\n<iframe loading=\"lazy\" width=\"560\" height=\"315\" src=\"https:\/\/www.youtube.com\/embed\/k8InNv3RfCA\" frameborder=\"0\" allow=\"autoplay; encrypted-media\" allowfullscreen><\/iframe><\/p>\n<p>Vid\u00e9o 6 : Dessine-moi l&rsquo;\u00e9co : Qu&rsquo;est-ce que l&rsquo;avantage comparatif ?<br \/>\n<iframe loading=\"lazy\" width=\"560\" height=\"315\" src=\"https:\/\/www.youtube.com\/embed\/ip9d1UJ4RYg\" frameborder=\"0\" allow=\"autoplay; encrypted-media\" allowfullscreen><\/iframe><\/p>\n<p>Vid\u00e9o 7 : Dessine-moi l&rsquo;\u00e9co : La comp\u00e9titivit\u00e9, c&rsquo;est quoi ? Et comment l&rsquo;am\u00e9liorer ?<br \/>\n<iframe loading=\"lazy\" width=\"560\" height=\"315\" src=\"https:\/\/www.youtube.com\/embed\/uHDpRAXiiq0\" frameborder=\"0\" allow=\"autoplay; encrypted-media\" allowfullscreen><\/iframe><\/p>\n<p>&nbsp;<\/p>\n<p>&nbsp;<\/p>\n<p>&nbsp;<\/p>\n","protected":false},"excerpt":{"rendered":"<p>Vid\u00e9o 1 : Wallmart : Le g\u00e9ant de la distribution Documentaire ancien mais qui annonce la situation \u00e9conomique et sociale aux \u00c9tats-Unis et le contexte qui a permis \u00e0 D. Trump de rendre audible son \u00ab\u00a0discours\u00a0\u00bb. Vid\u00e9o 2 : Le march\u00e9 des changes Vid\u00e9o 3 : Libre \u00e9change ou protectionnisme ? Vid\u00e9o 4 : L&rsquo;augmentation [&hellip;]<\/p>\n","protected":false},"author":1,"featured_media":0,"parent":61,"menu_order":0,"comment_status":"closed","ping_status":"closed","template":"","meta":{"footnotes":""},"_links":{"self":[{"href":"http:\/\/ses-lfz.ch\/sesnet\/wp-json\/wp\/v2\/pages\/706"}],"collection":[{"href":"http:\/\/ses-lfz.ch\/sesnet\/wp-json\/wp\/v2\/pages"}],"about":[{"href":"http:\/\/ses-lfz.ch\/sesnet\/wp-json\/wp\/v2\/types\/page"}],"author":[{"embeddable":true,"href":"http:\/\/ses-lfz.ch\/sesnet\/wp-json\/wp\/v2\/users\/1"}],"replies":[{"embeddable":true,"href":"http:\/\/ses-lfz.ch\/sesnet\/wp-json\/wp\/v2\/comments?post=706"}],"version-history":[{"count":10,"href":"http:\/\/ses-lfz.ch\/sesnet\/wp-json\/wp\/v2\/pages\/706\/revisions"}],"predecessor-version":[{"id":1198,"href":"http:\/\/ses-lfz.ch\/sesnet\/wp-json\/wp\/v2\/pages\/706\/revisions\/1198"}],"up":[{"embeddable":true,"href":"http:\/\/ses-lfz.ch\/sesnet\/wp-json\/wp\/v2\/pages\/61"}],"wp:attachment":[{"href":"http:\/\/ses-lfz.ch\/sesnet\/wp-json\/wp\/v2\/media?parent=706"}],"curies":[{"name":"wp","href":"https:\/\/api.w.org\/{rel}","templated":true}]}}

Ressources vidéos

<p>Vidéo 1 : Wallmart : Le géant de la distribution</p>
<p><iframe loading="lazy" src="https://www.youtube.com/embed/F2TQmv_fqFQ" width="560" height="315" frameborder="0" allowfullscreen="allowfullscreen"></iframe></p>
<p>Documentaire ancien mais qui annonce la situation économique et sociale aux États-Unis et le contexte qui a permis à D. Trump de rendre audible son « discours ».</p>
<p>Vidéo 2 : Le marché des changes<br />
<iframe loading="lazy" frameborder="0" width="560" height="315" src="//www.dailymotion.com/embed/video/x2xk3yj" allowfullscreen allow="autoplay"></iframe></p>
<p>Vidéo 3 : Libre échange ou protectionnisme ?<br />
<iframe loading="lazy" width="560" height="315" src="https://www.youtube.com/embed/7x1KYj-Ufu4" frameborder="0" allow="autoplay; encrypted-media" allowfullscreen></iframe></p>
<p>Vidéo 4 : L&rsquo;augmentation des échanges internationaux<br />
<iframe loading="lazy" width="560" height="315" src="https://www.youtube.com/embed/PiGkdg0d5ak" frameborder="0" allow="autoplay; encrypted-media" allowfullscreen></iframe></p>
<p>Vidéo 5 : Dessine-moi l&rsquo;éco : La valeur d&rsquo;une monnaie peut-elle impacter l&rsquo;économie d&rsquo;un pays ?<br />
<iframe loading="lazy" width="560" height="315" src="https://www.youtube.com/embed/k8InNv3RfCA" frameborder="0" allow="autoplay; encrypted-media" allowfullscreen></iframe></p>
<p>Vidéo 6 : Dessine-moi l&rsquo;éco : Qu&rsquo;est-ce que l&rsquo;avantage comparatif ?<br />
<iframe loading="lazy" width="560" height="315" src="https://www.youtube.com/embed/ip9d1UJ4RYg" frameborder="0" allow="autoplay; encrypted-media" allowfullscreen></iframe></p>
<p>Vidéo 7 : Dessine-moi l&rsquo;éco : La compétitivité, c&rsquo;est quoi ? Et comment l&rsquo;améliorer ?<br />
<iframe loading="lazy" width="560" height="315" src="https://www.youtube.com/embed/uHDpRAXiiq0" frameborder="0" allow="autoplay; encrypted-media" allowfullscreen></iframe></p>
<p>&nbsp;</p>
<p>&nbsp;</p>
<p>&nbsp;</p>

<p>Vidéo 1 : Wallmart : Le géant de la distribution Documentaire ancien mais qui annonce la situation économique et sociale aux États-Unis et le contexte qui a permis à D. Trump de rendre audible son « discours ». Vidéo 2 : Le marché des changes Vidéo 3 : Libre échange ou protectionnisme ? Vidéo 4 : L&rsquo;augmentation [&hellip;]</p>
