{"id":71,"date":"2017-07-18T19:18:36","date_gmt":"2017-07-18T17:18:36","guid":{"rendered":"http:\/\/ses-lfz.ch\/sesnet\/?page_id=71"},"modified":"2018-04-02T11:47:37","modified_gmt":"2018-04-02T09:47:37","slug":"chapitre-8-les-liens-sociaux-dans-les-societes-individualistes","status":"publish","type":"page","link":"http:\/\/ses-lfz.ch\/sesnet\/terminale-es\/chapitre-8-les-liens-sociaux-dans-les-societes-individualistes\/","title":{"rendered":"Chapitre 8 : Les liens sociaux dans les soci\u00e9t\u00e9s individualistes"},"content":{"rendered":"<h2><strong>I : Ce que dit le programme<\/strong><\/h2>\n<p><strong>Th\u00e8mes et questionnements<\/strong><\/p>\n<p>Quels liens sociaux dans des soci\u00e9t\u00e9s o\u00f9 s&rsquo;affirme le primat de l&rsquo;individu ?<\/p>\n<p><strong>Notions :<\/strong><\/p>\n<p>Solidarit\u00e9 m\u00e9canique \/ organique, coh\u00e9sion sociale.<\/p>\n<p><strong>Indications compl\u00e9mentaires : <\/strong><\/p>\n<p>Apr\u00e8s avoir pr\u00e9sent\u00e9 l&rsquo;\u00e9volution des formes de solidarit\u00e9 selon Durkheim, on montrera que les liens nouveaux li\u00e9s \u00e0 la compl\u00e9mentarit\u00e9 des fonctions sociales n&rsquo;ont pas fait pour autant dispara\u00eetre ceux qui reposent sur le partage de croyances et de valeurs communes. On traitera plus particuli\u00e8rement de<br \/>\nl&rsquo;\u00e9volution du r\u00f4le des instances d&rsquo;int\u00e9gration (famille, \u00e9cole, travail) dans les soci\u00e9t\u00e9s contemporaines et on se demandera si cette \u00e9volution ne remet pas en cause l&rsquo;int\u00e9gration sociale.<\/p>\n<p><strong>Acquis de premi\u00e8re\u00a0:<\/strong><\/p>\n<p>socialisation, sociabilit\u00e9, anomie, d\u00e9saffiliation, disqualification, r\u00e9seaux sociaux.<\/p>\n<h2><strong>II\u00a0: Ressources vid\u00e9os<\/strong><\/h2>\n<p>&nbsp;<br \/>\n<iframe loading=\"lazy\" frameborder=\"0\" width=\"560\" height=\"315\" src=\"\/\/www.dailymotion.com\/embed\/video\/x2xk4d8\" allowfullscreen allow=\"autoplay\"><\/iframe><br \/>\n&nbsp;<br \/>\n<iframe loading=\"lazy\" frameborder=\"0\" width=\"560\" height=\"315\" src=\"\/\/www.dailymotion.com\/embed\/video\/x2xk4da\" allowfullscreen allow=\"autoplay\"><\/iframe><iframe loading=\"lazy\" width=\"560\" height=\"315\" src=\"https:\/\/www.youtube.com\/embed\/Rwt_yCZKfIY\" frameborder=\"0\" allow=\"autoplay; encrypted-media\" allowfullscreen><\/iframe><\/p>\n<p>Comment l&rsquo;Etat-providence contribue-t-il \u00e0 la coh\u00e9sion sociale ?<br \/>\nles notions de disqualification sociale et de d\u00e9saffiliation.<br \/>\n<iframe loading=\"lazy\" width=\"560\" height=\"315\" src=\"https:\/\/www.youtube.com\/embed\/wrsgCauVCHc\" frameborder=\"0\" allow=\"autoplay; encrypted-media\" allowfullscreen><\/iframe><\/p>\n","protected":false},"excerpt":{"rendered":"<p>I : Ce que dit le programme Th\u00e8mes et questionnements Quels liens sociaux dans des soci\u00e9t\u00e9s o\u00f9 s&rsquo;affirme le primat de l&rsquo;individu ? Notions : Solidarit\u00e9 m\u00e9canique \/ organique, coh\u00e9sion sociale. Indications compl\u00e9mentaires : Apr\u00e8s avoir pr\u00e9sent\u00e9 l&rsquo;\u00e9volution des formes de solidarit\u00e9 selon Durkheim, on montrera que les liens nouveaux li\u00e9s \u00e0 la compl\u00e9mentarit\u00e9 des [&hellip;]<\/p>\n","protected":false},"author":1,"featured_media":0,"parent":8,"menu_order":0,"comment_status":"closed","ping_status":"closed","template":"","meta":{"footnotes":""},"_links":{"self":[{"href":"http:\/\/ses-lfz.ch\/sesnet\/wp-json\/wp\/v2\/pages\/71"}],"collection":[{"href":"http:\/\/ses-lfz.ch\/sesnet\/wp-json\/wp\/v2\/pages"}],"about":[{"href":"http:\/\/ses-lfz.ch\/sesnet\/wp-json\/wp\/v2\/types\/page"}],"author":[{"embeddable":true,"href":"http:\/\/ses-lfz.ch\/sesnet\/wp-json\/wp\/v2\/users\/1"}],"replies":[{"embeddable":true,"href":"http:\/\/ses-lfz.ch\/sesnet\/wp-json\/wp\/v2\/comments?post=71"}],"version-history":[{"count":10,"href":"http:\/\/ses-lfz.ch\/sesnet\/wp-json\/wp\/v2\/pages\/71\/revisions"}],"predecessor-version":[{"id":1083,"href":"http:\/\/ses-lfz.ch\/sesnet\/wp-json\/wp\/v2\/pages\/71\/revisions\/1083"}],"up":[{"embeddable":true,"href":"http:\/\/ses-lfz.ch\/sesnet\/wp-json\/wp\/v2\/pages\/8"}],"wp:attachment":[{"href":"http:\/\/ses-lfz.ch\/sesnet\/wp-json\/wp\/v2\/media?parent=71"}],"curies":[{"name":"wp","href":"https:\/\/api.w.org\/{rel}","templated":true}]}}

Chapitre 8 : Les liens sociaux dans les sociétés individualistes

<h2><strong>I : Ce que dit le programme</strong></h2>
<p><strong>Thèmes et questionnements</strong></p>
<p>Quels liens sociaux dans des sociétés où s&rsquo;affirme le primat de l&rsquo;individu ?</p>
<p><strong>Notions :</strong></p>
<p>Solidarité mécanique / organique, cohésion sociale.</p>
<p><strong>Indications complémentaires : </strong></p>
<p>Après avoir présenté l&rsquo;évolution des formes de solidarité selon Durkheim, on montrera que les liens nouveaux liés à la complémentarité des fonctions sociales n&rsquo;ont pas fait pour autant disparaître ceux qui reposent sur le partage de croyances et de valeurs communes. On traitera plus particulièrement de<br />
l&rsquo;évolution du rôle des instances d&rsquo;intégration (famille, école, travail) dans les sociétés contemporaines et on se demandera si cette évolution ne remet pas en cause l&rsquo;intégration sociale.</p>
<p><strong>Acquis de première :</strong></p>
<p>socialisation, sociabilité, anomie, désaffiliation, disqualification, réseaux sociaux.</p>
<h2><strong>II : Ressources vidéos</strong></h2>
<p>&nbsp;<br />
<iframe loading="lazy" frameborder="0" width="560" height="315" src="//www.dailymotion.com/embed/video/x2xk4d8" allowfullscreen allow="autoplay"></iframe><br />
&nbsp;<br />
<iframe loading="lazy" frameborder="0" width="560" height="315" src="//www.dailymotion.com/embed/video/x2xk4da" allowfullscreen allow="autoplay"></iframe><iframe loading="lazy" width="560" height="315" src="https://www.youtube.com/embed/Rwt_yCZKfIY" frameborder="0" allow="autoplay; encrypted-media" allowfullscreen></iframe></p>
<p>Comment l&rsquo;Etat-providence contribue-t-il à la cohésion sociale ?<br />
les notions de disqualification sociale et de désaffiliation.<br />
<iframe loading="lazy" width="560" height="315" src="https://www.youtube.com/embed/wrsgCauVCHc" frameborder="0" allow="autoplay; encrypted-media" allowfullscreen></iframe></p>

<p>I : Ce que dit le programme Thèmes et questionnements Quels liens sociaux dans des sociétés où s&rsquo;affirme le primat de l&rsquo;individu ? Notions : Solidarité mécanique / organique, cohésion sociale. Indications complémentaires : Après avoir présenté l&rsquo;évolution des formes de solidarité selon Durkheim, on montrera que les liens nouveaux liés à la complémentarité des [&hellip;]</p>
