{"id":723,"date":"2017-12-12T10:55:29","date_gmt":"2017-12-12T09:55:29","guid":{"rendered":"http:\/\/ses-lfz.ch\/sesnet\/?page_id=723"},"modified":"2018-02-18T22:59:55","modified_gmt":"2018-02-18T21:59:55","slug":"ce-que-dit-le-programme","status":"publish","type":"page","link":"http:\/\/ses-lfz.ch\/sesnet\/terminale-es\/chapitre-4-la-place-de-lunion-europeenne-dans-leconomie-globale\/ce-que-dit-le-programme\/","title":{"rendered":"Ce que dit le programme"},"content":{"rendered":"<p><strong>Th\u00e8mes et questionnements<\/strong><\/p>\n<p>Quelle est la place de l&rsquo;Union europ\u00e9enne dans l&rsquo;\u00e9conomie globale ?<\/p>\n<p><strong>Notions<\/strong><\/p>\n<p>Euro, union \u00e9conomique et mon\u00e9taire.<\/p>\n<p><strong>Indications compl\u00e9mentaires<\/strong><\/p>\n<p>Sans entrer dans le d\u00e9tail des \u00e9volutions historiques, on rappellera qu&rsquo;en se dotant d&rsquo;un grand march\u00e9 int\u00e9rieur et d&rsquo;une monnaie unique, les pays europ\u00e9ens m\u00e8nent une exp\u00e9rience originale d&rsquo;int\u00e9gration plus \u00e9troite de leurs \u00e9conomies. On montrera que l&rsquo;union mon\u00e9taire rev\u00eat une importance particuli\u00e8re<br \/>\ndans le contexte mon\u00e9taire et financier international, et qu&rsquo;elle renforce les interd\u00e9pendances entre les politiques macro\u00e9conomiques des \u00c9tats membres. On s&rsquo;interrogera sur les difficult\u00e9s de la coordination des politiques \u00e9conomiques dans l&rsquo;Union europ\u00e9enne.<\/p>\n<p><strong>Acquis de premi\u00e8re :<\/strong><\/p>\n<p>banque centrale, politique budg\u00e9taire, politique mon\u00e9taire, politique conjoncturelle.<\/p>\n","protected":false},"excerpt":{"rendered":"<p>Th\u00e8mes et questionnements Quelle est la place de l&rsquo;Union europ\u00e9enne dans l&rsquo;\u00e9conomie globale ? Notions Euro, union \u00e9conomique et mon\u00e9taire. Indications compl\u00e9mentaires Sans entrer dans le d\u00e9tail des \u00e9volutions historiques, on rappellera qu&rsquo;en se dotant d&rsquo;un grand march\u00e9 int\u00e9rieur et d&rsquo;une monnaie unique, les pays europ\u00e9ens m\u00e8nent une exp\u00e9rience originale d&rsquo;int\u00e9gration plus \u00e9troite de leurs [&hellip;]<\/p>\n","protected":false},"author":1,"featured_media":0,"parent":63,"menu_order":0,"comment_status":"closed","ping_status":"closed","template":"","meta":{"footnotes":""},"_links":{"self":[{"href":"http:\/\/ses-lfz.ch\/sesnet\/wp-json\/wp\/v2\/pages\/723"}],"collection":[{"href":"http:\/\/ses-lfz.ch\/sesnet\/wp-json\/wp\/v2\/pages"}],"about":[{"href":"http:\/\/ses-lfz.ch\/sesnet\/wp-json\/wp\/v2\/types\/page"}],"author":[{"embeddable":true,"href":"http:\/\/ses-lfz.ch\/sesnet\/wp-json\/wp\/v2\/users\/1"}],"replies":[{"embeddable":true,"href":"http:\/\/ses-lfz.ch\/sesnet\/wp-json\/wp\/v2\/comments?post=723"}],"version-history":[{"count":5,"href":"http:\/\/ses-lfz.ch\/sesnet\/wp-json\/wp\/v2\/pages\/723\/revisions"}],"predecessor-version":[{"id":971,"href":"http:\/\/ses-lfz.ch\/sesnet\/wp-json\/wp\/v2\/pages\/723\/revisions\/971"}],"up":[{"embeddable":true,"href":"http:\/\/ses-lfz.ch\/sesnet\/wp-json\/wp\/v2\/pages\/63"}],"wp:attachment":[{"href":"http:\/\/ses-lfz.ch\/sesnet\/wp-json\/wp\/v2\/media?parent=723"}],"curies":[{"name":"wp","href":"https:\/\/api.w.org\/{rel}","templated":true}]}}

<p><strong>Thèmes et questionnements</strong></p>
<p>Quelle est la place de l&rsquo;Union européenne dans l&rsquo;économie globale ?</p>
<p><strong>Notions</strong></p>
<p>Euro, union économique et monétaire.</p>
<p><strong>Indications complémentaires</strong></p>
<p>Sans entrer dans le détail des évolutions historiques, on rappellera qu&rsquo;en se dotant d&rsquo;un grand marché intérieur et d&rsquo;une monnaie unique, les pays européens mènent une expérience originale d&rsquo;intégration plus étroite de leurs économies. On montrera que l&rsquo;union monétaire revêt une importance particulière<br />
dans le contexte monétaire et financier international, et qu&rsquo;elle renforce les interdépendances entre les politiques macroéconomiques des États membres. On s&rsquo;interrogera sur les difficultés de la coordination des politiques économiques dans l&rsquo;Union européenne.</p>
<p><strong>Acquis de première :</strong></p>
<p>banque centrale, politique budgétaire, politique monétaire, politique conjoncturelle.</p>

<p>Thèmes et questionnements Quelle est la place de l&rsquo;Union européenne dans l&rsquo;économie globale ? Notions Euro, union économique et monétaire. Indications complémentaires Sans entrer dans le détail des évolutions historiques, on rappellera qu&rsquo;en se dotant d&rsquo;un grand marché intérieur et d&rsquo;une monnaie unique, les pays européens mènent une expérience originale d&rsquo;intégration plus étroite de leurs [&hellip;]</p>
