{"id":73,"date":"2017-07-18T19:19:49","date_gmt":"2017-07-18T17:19:49","guid":{"rendered":"http:\/\/ses-lfz.ch\/sesnet\/?page_id=73"},"modified":"2018-03-04T11:06:56","modified_gmt":"2018-03-04T10:06:56","slug":"chapitre-9-le-conflit-social-et-ses-consequences","status":"publish","type":"page","link":"http:\/\/ses-lfz.ch\/sesnet\/terminale-es\/chapitre-9-le-conflit-social-et-ses-consequences\/","title":{"rendered":"Chapitre 9 : Le conflit social et ses cons\u00e9quences"},"content":{"rendered":"<p><strong>Th\u00e8mes et questionnements :<\/strong><\/p>\n<p>La conflictualit\u00e9 sociale : pathologie, facteur de coh\u00e9sion ou moteur du changement social ?<\/p>\n<p><strong>Notions :<\/strong><\/p>\n<p>Conflits sociaux, mouvements sociaux, r\u00e9gulation des conflits, syndicat.<\/p>\n<p><strong>Indications compl\u00e9mentaires :<\/strong><\/p>\n<p>On montrera que les conflits peuvent \u00eatre appr\u00e9hend\u00e9s \u00e0 partir de grilles de lecture contrast\u00e9es : comme pathologie de l&rsquo;int\u00e9gration ou comme facteur de coh\u00e9sion ; comme moteur du changement social ou comme r\u00e9sistance au changement. On s&rsquo;int\u00e9ressera plus particuli\u00e8rement aux mutations des conflits du travail et des conflits soci\u00e9taux en mettant en \u00e9vidence la diversit\u00e9 des acteurs, des enjeux, des formes et des finalit\u00e9s de l&rsquo;action collective.<\/p>\n<p><strong>Acquis de premi\u00e8re :<\/strong><\/p>\n<p>Conflit.<\/p>\n<p>&nbsp;<\/p>\n<p><strong>II &#8211; RESSOURCES VIDEOS<\/strong><\/p>\n<p><iframe loading=\"lazy\" src=\"https:\/\/www.youtube.com\/embed\/VTecMav5xig\" width=\"560\" height=\"315\" frameborder=\"0\" allowfullscreen=\"allowfullscreen\"><\/iframe><\/p>\n<p><iframe loading=\"lazy\" src=\"https:\/\/www.youtube.com\/embed\/4869_V_lFSs\" width=\"560\" height=\"315\" frameborder=\"0\" allowfullscreen=\"allowfullscreen\"><\/iframe><\/p>\n<p><iframe loading=\"lazy\" src=\"\/\/www.dailymotion.com\/embed\/video\/x2xk43x\" width=\"480\" height=\"270\" frameborder=\"0\" allowfullscreen=\"allowfullscreen\"><\/iframe><\/p>\n<p><iframe loading=\"lazy\" src=\"\/\/embedftv-a.akamaihd.net\/9655aecd1697abb269fefcdf5a26e706\" width=\"560\" height=\"315\" frameborder=\"0\" scrolling=\"no\" allowfullscreen=\"allowfullscreen\"><\/iframe><\/p>\n<p><iframe loading=\"lazy\" src=\"\/\/embedftv-a.akamaihd.net\/8887570829f9c1446f5dcd00f2661cdb\" width=\"560\" height=\"315\" frameborder=\"0\" scrolling=\"no\" allowfullscreen=\"allowfullscreen\"><\/iframe><\/p>\n<p><iframe loading=\"lazy\" src=\"\/\/embedftv-a.akamaihd.net\/6205bf9eea95acbbb7c44538bcdf78b8\" width=\"560\" height=\"315\" frameborder=\"0\" scrolling=\"no\" allowfullscreen=\"allowfullscreen\"><\/iframe><\/p>\n<p><iframe loading=\"lazy\" src=\"\/\/embedftv-a.akamaihd.net\/245062b32a772d2d25a031b96e0737d0\" width=\"560\" height=\"315\" frameborder=\"0\" scrolling=\"no\" allowfullscreen=\"allowfullscreen\"><\/iframe><\/p>\n<p><iframe loading=\"lazy\" src=\"\/\/embedftv-a.akamaihd.net\/ff2b9ba2a53dfd572611471b1dac3c93\" width=\"560\" height=\"315\" frameborder=\"0\" scrolling=\"no\" allowfullscreen=\"allowfullscreen\"><\/iframe><\/p>\n<p><iframe loading=\"lazy\" src=\"\/\/embedftv-a.akamaihd.net\/22c866edd197caa27da2f59b26e0c7a9\" width=\"560\" height=\"315\" frameborder=\"0\" scrolling=\"no\" allowfullscreen=\"allowfullscreen\"><\/iframe><\/p>\n<p><iframe loading=\"lazy\" src=\"\/\/embedftv-a.akamaihd.net\/eb9c2725fc3b2e005b114d83c8dd8b9a\" width=\"560\" height=\"315\" frameborder=\"0\" scrolling=\"no\" allowfullscreen=\"allowfullscreen\"><\/iframe><\/p>\n<p><iframe loading=\"lazy\" src=\"\/\/embedftv-a.akamaihd.net\/14f690c6c7556e3334b99553c165b6a5\" width=\"560\" height=\"315\" frameborder=\"0\" scrolling=\"no\" allowfullscreen=\"allowfullscreen\"><\/iframe><\/p>\n","protected":false},"excerpt":{"rendered":"<p>Th\u00e8mes et questionnements : La conflictualit\u00e9 sociale : pathologie, facteur de coh\u00e9sion ou moteur du changement social ? Notions : Conflits sociaux, mouvements sociaux, r\u00e9gulation des conflits, syndicat. Indications compl\u00e9mentaires : On montrera que les conflits peuvent \u00eatre appr\u00e9hend\u00e9s \u00e0 partir de grilles de lecture contrast\u00e9es : comme pathologie de l&rsquo;int\u00e9gration ou comme facteur de [&hellip;]<\/p>\n","protected":false},"author":1,"featured_media":0,"parent":8,"menu_order":0,"comment_status":"closed","ping_status":"closed","template":"","meta":{"footnotes":""},"_links":{"self":[{"href":"http:\/\/ses-lfz.ch\/sesnet\/wp-json\/wp\/v2\/pages\/73"}],"collection":[{"href":"http:\/\/ses-lfz.ch\/sesnet\/wp-json\/wp\/v2\/pages"}],"about":[{"href":"http:\/\/ses-lfz.ch\/sesnet\/wp-json\/wp\/v2\/types\/page"}],"author":[{"embeddable":true,"href":"http:\/\/ses-lfz.ch\/sesnet\/wp-json\/wp\/v2\/users\/1"}],"replies":[{"embeddable":true,"href":"http:\/\/ses-lfz.ch\/sesnet\/wp-json\/wp\/v2\/comments?post=73"}],"version-history":[{"count":16,"href":"http:\/\/ses-lfz.ch\/sesnet\/wp-json\/wp\/v2\/pages\/73\/revisions"}],"predecessor-version":[{"id":1044,"href":"http:\/\/ses-lfz.ch\/sesnet\/wp-json\/wp\/v2\/pages\/73\/revisions\/1044"}],"up":[{"embeddable":true,"href":"http:\/\/ses-lfz.ch\/sesnet\/wp-json\/wp\/v2\/pages\/8"}],"wp:attachment":[{"href":"http:\/\/ses-lfz.ch\/sesnet\/wp-json\/wp\/v2\/media?parent=73"}],"curies":[{"name":"wp","href":"https:\/\/api.w.org\/{rel}","templated":true}]}}

Chapitre 9 : Le conflit social et ses conséquences

<p><strong>Thèmes et questionnements :</strong></p>
<p>La conflictualité sociale : pathologie, facteur de cohésion ou moteur du changement social ?</p>
<p><strong>Notions :</strong></p>
<p>Conflits sociaux, mouvements sociaux, régulation des conflits, syndicat.</p>
<p><strong>Indications complémentaires :</strong></p>
<p>On montrera que les conflits peuvent être appréhendés à partir de grilles de lecture contrastées : comme pathologie de l&rsquo;intégration ou comme facteur de cohésion ; comme moteur du changement social ou comme résistance au changement. On s&rsquo;intéressera plus particulièrement aux mutations des conflits du travail et des conflits sociétaux en mettant en évidence la diversité des acteurs, des enjeux, des formes et des finalités de l&rsquo;action collective.</p>
<p><strong>Acquis de première :</strong></p>
<p>Conflit.</p>
<p>&nbsp;</p>
<p><strong>II &#8211; RESSOURCES VIDEOS</strong></p>
<p><iframe loading="lazy" src="https://www.youtube.com/embed/VTecMav5xig" width="560" height="315" frameborder="0" allowfullscreen="allowfullscreen"></iframe></p>
<p><iframe loading="lazy" src="https://www.youtube.com/embed/4869_V_lFSs" width="560" height="315" frameborder="0" allowfullscreen="allowfullscreen"></iframe></p>
<p><iframe loading="lazy" src="//www.dailymotion.com/embed/video/x2xk43x" width="480" height="270" frameborder="0" allowfullscreen="allowfullscreen"></iframe></p>
<p><iframe loading="lazy" src="//embedftv-a.akamaihd.net/9655aecd1697abb269fefcdf5a26e706" width="560" height="315" frameborder="0" scrolling="no" allowfullscreen="allowfullscreen"></iframe></p>
<p><iframe loading="lazy" src="//embedftv-a.akamaihd.net/8887570829f9c1446f5dcd00f2661cdb" width="560" height="315" frameborder="0" scrolling="no" allowfullscreen="allowfullscreen"></iframe></p>
<p><iframe loading="lazy" src="//embedftv-a.akamaihd.net/6205bf9eea95acbbb7c44538bcdf78b8" width="560" height="315" frameborder="0" scrolling="no" allowfullscreen="allowfullscreen"></iframe></p>
<p><iframe loading="lazy" src="//embedftv-a.akamaihd.net/245062b32a772d2d25a031b96e0737d0" width="560" height="315" frameborder="0" scrolling="no" allowfullscreen="allowfullscreen"></iframe></p>
<p><iframe loading="lazy" src="//embedftv-a.akamaihd.net/ff2b9ba2a53dfd572611471b1dac3c93" width="560" height="315" frameborder="0" scrolling="no" allowfullscreen="allowfullscreen"></iframe></p>
<p><iframe loading="lazy" src="//embedftv-a.akamaihd.net/22c866edd197caa27da2f59b26e0c7a9" width="560" height="315" frameborder="0" scrolling="no" allowfullscreen="allowfullscreen"></iframe></p>
<p><iframe loading="lazy" src="//embedftv-a.akamaihd.net/eb9c2725fc3b2e005b114d83c8dd8b9a" width="560" height="315" frameborder="0" scrolling="no" allowfullscreen="allowfullscreen"></iframe></p>
<p><iframe loading="lazy" src="//embedftv-a.akamaihd.net/14f690c6c7556e3334b99553c165b6a5" width="560" height="315" frameborder="0" scrolling="no" allowfullscreen="allowfullscreen"></iframe></p>

<p>Thèmes et questionnements : La conflictualité sociale : pathologie, facteur de cohésion ou moteur du changement social ? Notions : Conflits sociaux, mouvements sociaux, régulation des conflits, syndicat. Indications complémentaires : On montrera que les conflits peuvent être appréhendés à partir de grilles de lecture contrastées : comme pathologie de l&rsquo;intégration ou comme facteur de [&hellip;]</p>
