{"id":75,"date":"2017-07-18T19:20:28","date_gmt":"2017-07-18T17:20:28","guid":{"rendered":"http:\/\/ses-lfz.ch\/sesnet\/?page_id=75"},"modified":"2018-06-06T23:16:13","modified_gmt":"2018-06-06T21:16:13","slug":"chapitre-10-pouvoir-public-et-justice-sociale","status":"publish","type":"page","link":"http:\/\/ses-lfz.ch\/sesnet\/terminale-es\/chapitre-10-pouvoir-public-et-justice-sociale\/","title":{"rendered":"Chapitre 10 : Pouvoir public et justice sociale"},"content":{"rendered":"<h3><strong>I : Ce que dit le programme<\/strong><\/h3>\n<p><strong>Th\u00e8mes et questionnements<\/strong><\/p>\n<p>Comment les pouvoirs publics peuvent-ils contribuer \u00e0 la justice sociale ?<\/p>\n<p><strong>Notions<\/strong><\/p>\n<p>\u00c9galit\u00e9, discrimination, assurance \/ assistance, services collectifs, fiscalit\u00e9, prestations et cotisations sociales, redistribution, protection sociale.<\/p>\n<p><strong>Indications compl\u00e9mentaires<\/strong><\/p>\n<p>On s&rsquo;interrogera sur les fondements des politiques de lutte contre les in\u00e9galit\u00e9s en les reliant \u00e0 la notion de justice sociale ; on rappellera \u00e0 ce propos que toute conception de la justice doit r\u00e9pondre \u00e0 la question : \u00ab L&rsquo;\u00e9galit\u00e9 de quoi ? \u00bb. On distinguera \u00e9galit\u00e9 des droits, \u00e9galit\u00e9 des situations et \u00e9galit\u00e9 des chances. On analysera les principaux moyens par lesquels les pouvoirs publics peuvent contribuer \u00e0 la justice sociale : fiscalit\u00e9, redistribution et protection sociale, services collectifs, mesures de lutte contre les discriminations. On montrera que l&rsquo;action des pouvoirs publics s&rsquo;exerce sous contrainte et qu&rsquo;elle fait l&rsquo;objet de d\u00e9bats quant \u00e0 son efficacit\u00e9 : risques de d\u00e9sincitation et d&rsquo;effets pervers.<\/p>\n<p><strong>Acquis de premi\u00e8re :<\/strong><\/p>\n<p>\u00c9tat-providence, pr\u00e9l\u00e8vements obligatoires, revenus de transfert.<\/p>\n<h3><strong>II : Ressources vid\u00e9os<\/strong><\/h3>\n<p><iframe loading=\"lazy\" src=\"\/\/www.dailymotion.com\/embed\/video\/x2xk4cp\" width=\"560\" height=\"315\" frameborder=\"0\" allowfullscreen=\"allowfullscreen\"><\/iframe><br \/>\n<iframe loading=\"lazy\" src=\"\/\/www.dailymotion.com\/embed\/video\/x2xk4id\" width=\"560\" height=\"315\" frameborder=\"0\" allowfullscreen=\"allowfullscreen\"><\/iframe><br \/>\n<iframe loading=\"lazy\" src=\"\/\/www.dailymotion.com\/embed\/video\/x2xk4if\" width=\"560\" height=\"315\" frameborder=\"0\" allowfullscreen=\"allowfullscreen\"><\/iframe><\/p>\n<p>Quelles conceptions de l&rsquo;\u00e9galit\u00e9 dans les soci\u00e9t\u00e9s d\u00e9mocratiques ?<br \/>\n<iframe loading=\"lazy\" width=\"560\" height=\"315\" src=\"https:\/\/www.youtube.com\/embed\/cyTnchkZWIE\" frameborder=\"0\" allow=\"autoplay; encrypted-media\" allowfullscreen><\/iframe><\/p>\n<p>Comment assurer la justice sociale ?<br \/>\n<iframe loading=\"lazy\" width=\"560\" height=\"315\" src=\"https:\/\/www.youtube.com\/embed\/_gEPo3PCiu8\" frameborder=\"0\" allow=\"autoplay; encrypted-media\" allowfullscreen><\/iframe><\/p>\n<p>Les moyens d&rsquo;action des pouvoirs publics pour contribuer \u00e0 la justice sociale<br \/>\n<iframe loading=\"lazy\" src=\"https:\/\/www.youtube.com\/embed\/qDUEZPfECqU\" width=\"560\" height=\"315\" frameborder=\"0\" allowfullscreen=\"allowfullscreen\"><\/iframe><\/p>\n<p>L&rsquo;action des pouvoirs publics en d\u00e9bat<br \/>\n<iframe loading=\"lazy\" src=\"https:\/\/www.youtube.com\/embed\/ZN8kN_LjEuM\" width=\"560\" height=\"315\" frameborder=\"0\" allowfullscreen=\"allowfullscreen\"><\/iframe><\/p>\n<p>Assistanat : un mythe qui ronge la solidarit\u00e9 &#8211; #DATAGUEULE 66<br \/>\n<iframe loading=\"lazy\" src=\"https:\/\/www.youtube.com\/embed\/rnu9e1ft5qw\" width=\"560\" height=\"315\" frameborder=\"0\" allowfullscreen=\"allowfullscreen\"><\/iframe><\/p>\n","protected":false},"excerpt":{"rendered":"<p>I : Ce que dit le programme Th\u00e8mes et questionnements Comment les pouvoirs publics peuvent-ils contribuer \u00e0 la justice sociale ? Notions \u00c9galit\u00e9, discrimination, assurance \/ assistance, services collectifs, fiscalit\u00e9, prestations et cotisations sociales, redistribution, protection sociale. Indications compl\u00e9mentaires On s&rsquo;interrogera sur les fondements des politiques de lutte contre les in\u00e9galit\u00e9s en les reliant \u00e0 [&hellip;]<\/p>\n","protected":false},"author":1,"featured_media":0,"parent":8,"menu_order":0,"comment_status":"closed","ping_status":"closed","template":"","meta":{"footnotes":""},"_links":{"self":[{"href":"http:\/\/ses-lfz.ch\/sesnet\/wp-json\/wp\/v2\/pages\/75"}],"collection":[{"href":"http:\/\/ses-lfz.ch\/sesnet\/wp-json\/wp\/v2\/pages"}],"about":[{"href":"http:\/\/ses-lfz.ch\/sesnet\/wp-json\/wp\/v2\/types\/page"}],"author":[{"embeddable":true,"href":"http:\/\/ses-lfz.ch\/sesnet\/wp-json\/wp\/v2\/users\/1"}],"replies":[{"embeddable":true,"href":"http:\/\/ses-lfz.ch\/sesnet\/wp-json\/wp\/v2\/comments?post=75"}],"version-history":[{"count":11,"href":"http:\/\/ses-lfz.ch\/sesnet\/wp-json\/wp\/v2\/pages\/75\/revisions"}],"predecessor-version":[{"id":1214,"href":"http:\/\/ses-lfz.ch\/sesnet\/wp-json\/wp\/v2\/pages\/75\/revisions\/1214"}],"up":[{"embeddable":true,"href":"http:\/\/ses-lfz.ch\/sesnet\/wp-json\/wp\/v2\/pages\/8"}],"wp:attachment":[{"href":"http:\/\/ses-lfz.ch\/sesnet\/wp-json\/wp\/v2\/media?parent=75"}],"curies":[{"name":"wp","href":"https:\/\/api.w.org\/{rel}","templated":true}]}}

<h3><strong>I : Ce que dit le programme</strong></h3>
<p><strong>Thèmes et questionnements</strong></p>
<p>Comment les pouvoirs publics peuvent-ils contribuer à la justice sociale ?</p>
<p><strong>Notions</strong></p>
<p>Égalité, discrimination, assurance / assistance, services collectifs, fiscalité, prestations et cotisations sociales, redistribution, protection sociale.</p>
<p><strong>Indications complémentaires</strong></p>
<p>On s&rsquo;interrogera sur les fondements des politiques de lutte contre les inégalités en les reliant à la notion de justice sociale ; on rappellera à ce propos que toute conception de la justice doit répondre à la question : « L&rsquo;égalité de quoi ? ». On distinguera égalité des droits, égalité des situations et égalité des chances. On analysera les principaux moyens par lesquels les pouvoirs publics peuvent contribuer à la justice sociale : fiscalité, redistribution et protection sociale, services collectifs, mesures de lutte contre les discriminations. On montrera que l&rsquo;action des pouvoirs publics s&rsquo;exerce sous contrainte et qu&rsquo;elle fait l&rsquo;objet de débats quant à son efficacité : risques de désincitation et d&rsquo;effets pervers.</p>
<p><strong>Acquis de première :</strong></p>
<p>État-providence, prélèvements obligatoires, revenus de transfert.</p>
<h3><strong>II : Ressources vidéos</strong></h3>
<p><iframe loading="lazy" src="//www.dailymotion.com/embed/video/x2xk4cp" width="560" height="315" frameborder="0" allowfullscreen="allowfullscreen"></iframe><br />
<iframe loading="lazy" src="//www.dailymotion.com/embed/video/x2xk4id" width="560" height="315" frameborder="0" allowfullscreen="allowfullscreen"></iframe><br />
<iframe loading="lazy" src="//www.dailymotion.com/embed/video/x2xk4if" width="560" height="315" frameborder="0" allowfullscreen="allowfullscreen"></iframe></p>
<p>Quelles conceptions de l&rsquo;égalité dans les sociétés démocratiques ?<br />
<iframe loading="lazy" width="560" height="315" src="https://www.youtube.com/embed/cyTnchkZWIE" frameborder="0" allow="autoplay; encrypted-media" allowfullscreen></iframe></p>
<p>Comment assurer la justice sociale ?<br />
<iframe loading="lazy" width="560" height="315" src="https://www.youtube.com/embed/_gEPo3PCiu8" frameborder="0" allow="autoplay; encrypted-media" allowfullscreen></iframe></p>
<p>Les moyens d&rsquo;action des pouvoirs publics pour contribuer à la justice sociale<br />
<iframe loading="lazy" src="https://www.youtube.com/embed/qDUEZPfECqU" width="560" height="315" frameborder="0" allowfullscreen="allowfullscreen"></iframe></p>
<p>L&rsquo;action des pouvoirs publics en débat<br />
<iframe loading="lazy" src="https://www.youtube.com/embed/ZN8kN_LjEuM" width="560" height="315" frameborder="0" allowfullscreen="allowfullscreen"></iframe></p>
<p>Assistanat : un mythe qui ronge la solidarité &#8211; #DATAGUEULE 66<br />
<iframe loading="lazy" src="https://www.youtube.com/embed/rnu9e1ft5qw" width="560" height="315" frameborder="0" allowfullscreen="allowfullscreen"></iframe></p>

<p>I : Ce que dit le programme Thèmes et questionnements Comment les pouvoirs publics peuvent-ils contribuer à la justice sociale ? Notions Égalité, discrimination, assurance / assistance, services collectifs, fiscalité, prestations et cotisations sociales, redistribution, protection sociale. Indications complémentaires On s&rsquo;interrogera sur les fondements des politiques de lutte contre les inégalités en les reliant à [&hellip;]</p>
