{"id":77,"date":"2017-07-18T19:21:00","date_gmt":"2017-07-18T17:21:00","guid":{"rendered":"http:\/\/ses-lfz.ch\/sesnet\/?page_id=77"},"modified":"2018-04-12T03:00:05","modified_gmt":"2018-04-12T01:00:05","slug":"chapitre-11-emploi-et-marche-du-travail","status":"publish","type":"page","link":"http:\/\/ses-lfz.ch\/sesnet\/terminale-es\/chapitre-11-emploi-et-marche-du-travail\/","title":{"rendered":"Chapitre 11 : Emploi et march\u00e9 du travail"},"content":{"rendered":"<h3><strong>I : Ce que dit le programme<\/strong><\/h3>\n<p><strong>Th\u00e8mes et questionnements<\/strong><\/p>\n<p>Comment s&rsquo;articulent march\u00e9 du travail et gestion de l&#8217;emploi ?<\/p>\n<p><strong>Notions<\/strong><\/p>\n<p>Taux de salaire r\u00e9el, salaire d&rsquo;efficience, salaire minimum, contrat de travail,<br \/>\nconventions collectives, partenaires sociaux, segmentation du march\u00e9 du travail.<\/p>\n<p><strong>Indications compl\u00e9mentaires<\/strong><\/p>\n<p>En se limitant \u00e0 une pr\u00e9sentation graphique simple et en insistant sur les d\u00e9terminants de l&rsquo;offre et de la demande, on expliquera l&rsquo;analyse n\u00e9o-classique du fonctionnement du march\u00e9 du travail. Pour rendre compte de la sp\u00e9cificit\u00e9 de la relation salariale, on montrera l&rsquo;int\u00e9r\u00eat de rel\u00e2cher les hypoth\u00e8ses du mod\u00e8le de base en introduisant principalement les hypoth\u00e8ses d&rsquo;h\u00e9t\u00e9rog\u00e9n\u00e9it\u00e9 du facteur travail et d&rsquo;asym\u00e9trie d&rsquo;information. \u00c0 partir de quelques exemples, on montrera que le taux de salaire<br \/>\nd\u00e9pend \u00e9galement du r\u00e9sultat de n\u00e9gociations salariales et de l&rsquo;intervention de l&rsquo;\u00c9tat.<\/p>\n<p><strong>Acquis de premi\u00e8re :<\/strong><\/p>\n<p>salaire, march\u00e9, productivit\u00e9, offre et demande, prix et quantit\u00e9 d&rsquo;\u00e9quilibre, asym\u00e9tries d&rsquo;information.<\/p>\n<h3><strong>II : Ressources vid\u00e9os<\/strong><\/h3>\n<p>Vid\u00e9o 1 : Les causes du ch\u00f4mage selon les \u00e9conomistes n\u00e9oclassiques<br \/>\n<iframe loading=\"lazy\" src=\"\/\/www.dailymotion.com\/embed\/video\/x2xk4il\" width=\"560\" height=\"315\" frameborder=\"0\" allowfullscreen=\"allowfullscreen\"><\/iframe><\/p>\n<p>Vid\u00e9o 2 : Critiques de l\u2019explication n\u00e9oclassique du ch\u00f4mage<br \/>\n<iframe loading=\"lazy\" src=\"\/\/www.dailymotion.com\/embed\/video\/x2xk4in\" width=\"560\" height=\"315\" frameborder=\"0\" allowfullscreen=\"allowfullscreen\"><\/iframe><\/p>\n<p>Vid\u00e9o 3 : Intervention de l\u2019Etat et institutionnalisation des relations salariales<br \/>\n<iframe loading=\"lazy\" src=\"\/\/www.dailymotion.com\/embed\/video\/x2xk4ip\" width=\"560\" height=\"315\" frameborder=\"0\" allowfullscreen=\"allowfullscreen\"><\/iframe><\/p>\n<p>vid\u00e9o 4 : Comment fonctionne le march\u00e9 du travail selon les n\u00e9oclassiques<br \/>\n<iframe loading=\"lazy\" src=\"https:\/\/www.youtube.com\/embed\/yDN-2En5xb8\" width=\"560\" height=\"315\" frameborder=\"0\" allowfullscreen=\"allowfullscreen\"><\/iframe><\/p>\n<p>Vid\u00e9o 5 : Le travail n&rsquo;est pas une marchandise comme les autres<br \/>\n<iframe loading=\"lazy\" src=\"https:\/\/www.youtube.com\/embed\/PLZ8c8xPKok\" width=\"560\" height=\"315\" frameborder=\"0\" allowfullscreen=\"allowfullscreen\"><\/iframe><\/p>\n<p>vid\u00e9o 6 : Le march\u00e9 du travail<br \/>\n<iframe loading=\"lazy\" src=\"https:\/\/www.youtube.com\/embed\/3q_h00oUsLU\" width=\"560\" height=\"315\" frameborder=\"0\" allowfullscreen=\"allowfullscreen\"><\/iframe><\/p>\n<p>vid\u00e9o 7 : Faut-il avoir peur de l\u2019ub\u00e9risation de l\u2019\u00e9conomie ? <iframe loading=\"lazy\" src=\"https:\/\/www.youtube.com\/embed\/PCiMX0y9BI4\" width=\"560\" height=\"315\" frameborder=\"0\" allowfullscreen=\"allowfullscreen\"><\/iframe><\/p>\n<p>vid\u00e9o 8 : D\u00e9bat : quelle protection sociale face \u00e0 l&rsquo;ub\u00e9risation ? <iframe loading=\"lazy\" src=\"https:\/\/www.youtube.com\/embed\/jdoGVg3qNus\" width=\"560\" height=\"315\" frameborder=\"0\" allowfullscreen=\"allowfullscreen\"><\/iframe><\/p>\n","protected":false},"excerpt":{"rendered":"<p>I : Ce que dit le programme Th\u00e8mes et questionnements Comment s&rsquo;articulent march\u00e9 du travail et gestion de l&#8217;emploi ? Notions Taux de salaire r\u00e9el, salaire d&rsquo;efficience, salaire minimum, contrat de travail, conventions collectives, partenaires sociaux, segmentation du march\u00e9 du travail. Indications compl\u00e9mentaires En se limitant \u00e0 une pr\u00e9sentation graphique simple et en insistant sur [&hellip;]<\/p>\n","protected":false},"author":1,"featured_media":0,"parent":8,"menu_order":0,"comment_status":"closed","ping_status":"closed","template":"","meta":{"footnotes":""},"_links":{"self":[{"href":"http:\/\/ses-lfz.ch\/sesnet\/wp-json\/wp\/v2\/pages\/77"}],"collection":[{"href":"http:\/\/ses-lfz.ch\/sesnet\/wp-json\/wp\/v2\/pages"}],"about":[{"href":"http:\/\/ses-lfz.ch\/sesnet\/wp-json\/wp\/v2\/types\/page"}],"author":[{"embeddable":true,"href":"http:\/\/ses-lfz.ch\/sesnet\/wp-json\/wp\/v2\/users\/1"}],"replies":[{"embeddable":true,"href":"http:\/\/ses-lfz.ch\/sesnet\/wp-json\/wp\/v2\/comments?post=77"}],"version-history":[{"count":13,"href":"http:\/\/ses-lfz.ch\/sesnet\/wp-json\/wp\/v2\/pages\/77\/revisions"}],"predecessor-version":[{"id":1097,"href":"http:\/\/ses-lfz.ch\/sesnet\/wp-json\/wp\/v2\/pages\/77\/revisions\/1097"}],"up":[{"embeddable":true,"href":"http:\/\/ses-lfz.ch\/sesnet\/wp-json\/wp\/v2\/pages\/8"}],"wp:attachment":[{"href":"http:\/\/ses-lfz.ch\/sesnet\/wp-json\/wp\/v2\/media?parent=77"}],"curies":[{"name":"wp","href":"https:\/\/api.w.org\/{rel}","templated":true}]}}

Chapitre 11 : Emploi et marché du travail

<h3><strong>I : Ce que dit le programme</strong></h3>
<p><strong>Thèmes et questionnements</strong></p>
<p>Comment s&rsquo;articulent marché du travail et gestion de l&#8217;emploi ?</p>
<p><strong>Notions</strong></p>
<p>Taux de salaire réel, salaire d&rsquo;efficience, salaire minimum, contrat de travail,<br />
conventions collectives, partenaires sociaux, segmentation du marché du travail.</p>
<p><strong>Indications complémentaires</strong></p>
<p>En se limitant à une présentation graphique simple et en insistant sur les déterminants de l&rsquo;offre et de la demande, on expliquera l&rsquo;analyse néo-classique du fonctionnement du marché du travail. Pour rendre compte de la spécificité de la relation salariale, on montrera l&rsquo;intérêt de relâcher les hypothèses du modèle de base en introduisant principalement les hypothèses d&rsquo;hétérogénéité du facteur travail et d&rsquo;asymétrie d&rsquo;information. À partir de quelques exemples, on montrera que le taux de salaire<br />
dépend également du résultat de négociations salariales et de l&rsquo;intervention de l&rsquo;État.</p>
<p><strong>Acquis de première :</strong></p>
<p>salaire, marché, productivité, offre et demande, prix et quantité d&rsquo;équilibre, asymétries d&rsquo;information.</p>
<h3><strong>II : Ressources vidéos</strong></h3>
<p>Vidéo 1 : Les causes du chômage selon les économistes néoclassiques<br />
<iframe loading="lazy" src="//www.dailymotion.com/embed/video/x2xk4il" width="560" height="315" frameborder="0" allowfullscreen="allowfullscreen"></iframe></p>
<p>Vidéo 2 : Critiques de l’explication néoclassique du chômage<br />
<iframe loading="lazy" src="//www.dailymotion.com/embed/video/x2xk4in" width="560" height="315" frameborder="0" allowfullscreen="allowfullscreen"></iframe></p>
<p>Vidéo 3 : Intervention de l’Etat et institutionnalisation des relations salariales<br />
<iframe loading="lazy" src="//www.dailymotion.com/embed/video/x2xk4ip" width="560" height="315" frameborder="0" allowfullscreen="allowfullscreen"></iframe></p>
<p>vidéo 4 : Comment fonctionne le marché du travail selon les néoclassiques<br />
<iframe loading="lazy" src="https://www.youtube.com/embed/yDN-2En5xb8" width="560" height="315" frameborder="0" allowfullscreen="allowfullscreen"></iframe></p>
<p>Vidéo 5 : Le travail n&rsquo;est pas une marchandise comme les autres<br />
<iframe loading="lazy" src="https://www.youtube.com/embed/PLZ8c8xPKok" width="560" height="315" frameborder="0" allowfullscreen="allowfullscreen"></iframe></p>
<p>vidéo 6 : Le marché du travail<br />
<iframe loading="lazy" src="https://www.youtube.com/embed/3q_h00oUsLU" width="560" height="315" frameborder="0" allowfullscreen="allowfullscreen"></iframe></p>
<p>vidéo 7 : Faut-il avoir peur de l’ubérisation de l’économie ? <iframe loading="lazy" src="https://www.youtube.com/embed/PCiMX0y9BI4" width="560" height="315" frameborder="0" allowfullscreen="allowfullscreen"></iframe></p>
<p>vidéo 8 : Débat : quelle protection sociale face à l&rsquo;ubérisation ? <iframe loading="lazy" src="https://www.youtube.com/embed/jdoGVg3qNus" width="560" height="315" frameborder="0" allowfullscreen="allowfullscreen"></iframe></p>

<p>I : Ce que dit le programme Thèmes et questionnements Comment s&rsquo;articulent marché du travail et gestion de l&#8217;emploi ? Notions Taux de salaire réel, salaire d&rsquo;efficience, salaire minimum, contrat de travail, conventions collectives, partenaires sociaux, segmentation du marché du travail. Indications complémentaires En se limitant à une présentation graphique simple et en insistant sur [&hellip;]</p>
