{"id":846,"date":"2018-01-20T12:24:30","date_gmt":"2018-01-20T11:24:30","guid":{"rendered":"http:\/\/ses-lfz.ch\/sesnet\/?page_id=846"},"modified":"2018-01-21T16:35:15","modified_gmt":"2018-01-21T15:35:15","slug":"ressources-videos","status":"publish","type":"page","link":"http:\/\/ses-lfz.ch\/sesnet\/premiere-es\/chapitre-3-marche-et-concurrence\/ressources-videos\/","title":{"rendered":"Ressources vid\u00e9os"},"content":{"rendered":"<p>Vid\u00e9o 1 :\u00a0 Qu&rsquo;est-ce qu&rsquo;un march\u00e9 ?<\/p>\n<p><iframe loading=\"lazy\" src=\"https:\/\/www.youtube.com\/embed\/rTID2Cp9ZYs\" width=\"560\" height=\"315\" frameborder=\"0\" allowfullscreen=\"allowfullscreen\"><\/iframe><\/p>\n<p>Vid\u00e9o 2 : Comment un march\u00e9 concurrentiel fonctionne-t-il ?<\/p>\n<p><iframe loading=\"lazy\" src=\"https:\/\/www.youtube.com\/embed\/4AD3Cen8HKs\" width=\"560\" height=\"315\" frameborder=\"0\" allowfullscreen=\"allowfullscreen\"><\/iframe><\/p>\n<p>Vid\u00e9o 3 : la concurrence (lire jusqu&rsquo;\u00e0 1&rsquo;10 minute)<\/p>\n<p><iframe loading=\"lazy\" src=\"https:\/\/www.youtube.com\/embed\/ZYkbXe_lmBo\" width=\"560\" height=\"315\" frameborder=\"0\" allowfullscreen=\"allowfullscreen\"><\/iframe><\/p>\n<p>&nbsp;<\/p>\n<p>Vid\u00e9o 4 : Le surplus du producteur et du consommateur<\/p>\n<p><iframe loading=\"lazy\" src=\"https:\/\/www.youtube.com\/embed\/NSzdlGBM5Ok\" width=\"560\" height=\"315\" frameborder=\"0\" allowfullscreen=\"allowfullscreen\"><\/iframe><\/p>\n","protected":false},"excerpt":{"rendered":"<p>Vid\u00e9o 1 :\u00a0 Qu&rsquo;est-ce qu&rsquo;un march\u00e9 ? Vid\u00e9o 2 : Comment un march\u00e9 concurrentiel fonctionne-t-il ? Vid\u00e9o 3 : la concurrence (lire jusqu&rsquo;\u00e0 1&rsquo;10 minute) &nbsp; Vid\u00e9o 4 : Le surplus du producteur et du consommateur<\/p>\n","protected":false},"author":1,"featured_media":0,"parent":101,"menu_order":0,"comment_status":"closed","ping_status":"closed","template":"","meta":{"footnotes":""},"_links":{"self":[{"href":"http:\/\/ses-lfz.ch\/sesnet\/wp-json\/wp\/v2\/pages\/846"}],"collection":[{"href":"http:\/\/ses-lfz.ch\/sesnet\/wp-json\/wp\/v2\/pages"}],"about":[{"href":"http:\/\/ses-lfz.ch\/sesnet\/wp-json\/wp\/v2\/types\/page"}],"author":[{"embeddable":true,"href":"http:\/\/ses-lfz.ch\/sesnet\/wp-json\/wp\/v2\/users\/1"}],"replies":[{"embeddable":true,"href":"http:\/\/ses-lfz.ch\/sesnet\/wp-json\/wp\/v2\/comments?post=846"}],"version-history":[{"count":8,"href":"http:\/\/ses-lfz.ch\/sesnet\/wp-json\/wp\/v2\/pages\/846\/revisions"}],"predecessor-version":[{"id":859,"href":"http:\/\/ses-lfz.ch\/sesnet\/wp-json\/wp\/v2\/pages\/846\/revisions\/859"}],"up":[{"embeddable":true,"href":"http:\/\/ses-lfz.ch\/sesnet\/wp-json\/wp\/v2\/pages\/101"}],"wp:attachment":[{"href":"http:\/\/ses-lfz.ch\/sesnet\/wp-json\/wp\/v2\/media?parent=846"}],"curies":[{"name":"wp","href":"https:\/\/api.w.org\/{rel}","templated":true}]}}

Ressources vidéos

<p>Vidéo 1 :  Qu&rsquo;est-ce qu&rsquo;un marché ?</p>
<p><iframe loading="lazy" src="https://www.youtube.com/embed/rTID2Cp9ZYs" width="560" height="315" frameborder="0" allowfullscreen="allowfullscreen"></iframe></p>
<p>Vidéo 2 : Comment un marché concurrentiel fonctionne-t-il ?</p>
<p><iframe loading="lazy" src="https://www.youtube.com/embed/4AD3Cen8HKs" width="560" height="315" frameborder="0" allowfullscreen="allowfullscreen"></iframe></p>
<p>Vidéo 3 : la concurrence (lire jusqu&rsquo;à 1&rsquo;10 minute)</p>
<p><iframe loading="lazy" src="https://www.youtube.com/embed/ZYkbXe_lmBo" width="560" height="315" frameborder="0" allowfullscreen="allowfullscreen"></iframe></p>
<p>&nbsp;</p>
<p>Vidéo 4 : Le surplus du producteur et du consommateur</p>
<p><iframe loading="lazy" src="https://www.youtube.com/embed/NSzdlGBM5Ok" width="560" height="315" frameborder="0" allowfullscreen="allowfullscreen"></iframe></p>

<p>Vidéo 1 :  Qu&rsquo;est-ce qu&rsquo;un marché ? Vidéo 2 : Comment un marché concurrentiel fonctionne-t-il ? Vidéo 3 : la concurrence (lire jusqu&rsquo;à 1&rsquo;10 minute) &nbsp; Vidéo 4 : Le surplus du producteur et du consommateur</p>
