{"id":992,"date":"2018-03-03T16:27:39","date_gmt":"2018-03-03T15:27:39","guid":{"rendered":"http:\/\/ses-lfz.ch\/sesnet\/?page_id=992"},"modified":"2018-03-03T16:31:22","modified_gmt":"2018-03-03T15:31:22","slug":"ce-que-dit-le-programme","status":"publish","type":"page","link":"http:\/\/ses-lfz.ch\/sesnet\/seconde-2-ses\/chapitre-3-organisations-politiques-et-fonctionnement-de-la-democratie\/ce-que-dit-le-programme\/","title":{"rendered":"Ce que dit le programme"},"content":{"rendered":"<p><strong>Th\u00e8mes et questionnements :<br \/>\n<\/strong><\/p>\n<p>Quelle est la contribution des organisations politiques au fonctionnement de la d\u00e9mocratie ?<\/p>\n<p><strong>Notions :<\/strong> Mobilisation \u00e9lectorale, soci\u00e9t\u00e9 civile organis\u00e9e, groupe d&rsquo;int\u00e9r\u00eat.<\/p>\n<p><strong>Indications compl\u00e9mentaires : <\/strong>On \u00e9tudiera la contribution des partis politiques \u00e0 la mobilisation des \u00e9lecteurs et \u00e0 la politisation de ces derniers. On \u00e9voquera, \u00e0 partir d&rsquo;exemples historiques ou compar\u00e9s, la contribution d&rsquo;autres organisations (syndicats, associations, groupes d&rsquo;int\u00e9r\u00eat) au fonctionnement des d\u00e9mocraties actuelles (coop\u00e9ration, contestation et influence).<strong><br \/>\n<\/strong><\/p>\n<p>&nbsp;<\/p>\n","protected":false},"excerpt":{"rendered":"<p>Th\u00e8mes et questionnements : Quelle est la contribution des organisations politiques au fonctionnement de la d\u00e9mocratie ? Notions : Mobilisation \u00e9lectorale, soci\u00e9t\u00e9 civile organis\u00e9e, groupe d&rsquo;int\u00e9r\u00eat. Indications compl\u00e9mentaires : On \u00e9tudiera la contribution des partis politiques \u00e0 la mobilisation des \u00e9lecteurs et \u00e0 la politisation de ces derniers. On \u00e9voquera, \u00e0 partir d&rsquo;exemples historiques ou [&hellip;]<\/p>\n","protected":false},"author":1,"featured_media":0,"parent":140,"menu_order":0,"comment_status":"closed","ping_status":"closed","template":"","meta":{"footnotes":""},"_links":{"self":[{"href":"http:\/\/ses-lfz.ch\/sesnet\/wp-json\/wp\/v2\/pages\/992"}],"collection":[{"href":"http:\/\/ses-lfz.ch\/sesnet\/wp-json\/wp\/v2\/pages"}],"about":[{"href":"http:\/\/ses-lfz.ch\/sesnet\/wp-json\/wp\/v2\/types\/page"}],"author":[{"embeddable":true,"href":"http:\/\/ses-lfz.ch\/sesnet\/wp-json\/wp\/v2\/users\/1"}],"replies":[{"embeddable":true,"href":"http:\/\/ses-lfz.ch\/sesnet\/wp-json\/wp\/v2\/comments?post=992"}],"version-history":[{"count":3,"href":"http:\/\/ses-lfz.ch\/sesnet\/wp-json\/wp\/v2\/pages\/992\/revisions"}],"predecessor-version":[{"id":996,"href":"http:\/\/ses-lfz.ch\/sesnet\/wp-json\/wp\/v2\/pages\/992\/revisions\/996"}],"up":[{"embeddable":true,"href":"http:\/\/ses-lfz.ch\/sesnet\/wp-json\/wp\/v2\/pages\/140"}],"wp:attachment":[{"href":"http:\/\/ses-lfz.ch\/sesnet\/wp-json\/wp\/v2\/media?parent=992"}],"curies":[{"name":"wp","href":"https:\/\/api.w.org\/{rel}","templated":true}]}}

<p><strong>Thèmes et questionnements :<br />
</strong></p>
<p>Quelle est la contribution des organisations politiques au fonctionnement de la démocratie ?</p>
<p><strong>Notions :</strong> Mobilisation électorale, société civile organisée, groupe d&rsquo;intérêt.</p>
<p><strong>Indications complémentaires : </strong>On étudiera la contribution des partis politiques à la mobilisation des électeurs et à la politisation de ces derniers. On évoquera, à partir d&rsquo;exemples historiques ou comparés, la contribution d&rsquo;autres organisations (syndicats, associations, groupes d&rsquo;intérêt) au fonctionnement des démocraties actuelles (coopération, contestation et influence).<strong><br />
</strong></p>
<p>&nbsp;</p>

<p>Thèmes et questionnements : Quelle est la contribution des organisations politiques au fonctionnement de la démocratie ? Notions : Mobilisation électorale, société civile organisée, groupe d&rsquo;intérêt. Indications complémentaires : On étudiera la contribution des partis politiques à la mobilisation des électeurs et à la politisation de ces derniers. On évoquera, à partir d&rsquo;exemples historiques ou [&hellip;]</p>
